{"id":1016,"date":"2021-11-07T21:32:07","date_gmt":"2021-11-07T20:32:07","guid":{"rendered":"https:\/\/www.guhalg.com\/wordpress\/?page_id=1016"},"modified":"2022-02-08T23:02:33","modified_gmt":"2022-02-08T22:02:33","slug":"wale-watching-und-tauchen","status":"publish","type":"page","link":"https:\/\/www.guhalg.com\/wordpress\/?page_id=1016","title":{"rendered":"Tauchen und Wale Watching"},"content":{"rendered":"\n<p>Heute sollte es endlich zum Tauchen gehen. Wir hatten uns f\u00fcr 10.00 Uhr ein Taxi bestellt, damit wir mit Tauchausr\u00fcstung zur Tauchbasis kommen. Die beiden gro\u00dfen Tauchtrolleys in das Taxi zu bekommen war eine kleine Herausforderung, aber letztendlich haben wir sie reinbekommen und auch uns noch dazu. Anschlie\u00dfend ging es bald eine halbe Stunde bis kurz vor dem Flughafen und Ile. aux Nattes zu einem kleinen Haus, wo wir vom Tauchguide schon erwartet wurden. Wir waren etwas verbl\u00fcfft, denn wir hatten eine \u201arichtige\u2018 Tauchbasis erwartet, waren jetzt aber in einem Privathaus. Das kl\u00e4rte sich aber sehr schnell, da wir nach der Hauptsaison da waren und aktuell absolut nichts los war und das eigentliche Tauchgeb\u00e4ude geschlossen war.<\/p>\n\n\n\n<p>Wir konnten uns dann im Wohnzimmer \/ Lebensraum des Hauses umziehen und sind anschlie\u00dfend wenige Meter weiter am Strand zum Boot gegangen, wo uns der Bootsf\u00fchrer schon erwartete. Es ging nur wenige Minuten in die Bucht hinaus und wir konnten nach schnellen Briefing \u00fcber die Unterwasserlandschaft sanft in die Wellen gleiten. Die Oberfl\u00e4chenpause verbrachten wir auf der Terrasse, wo uns die Frau vom Tauchguide erstmal einen hei\u00dfen Tee kochte und wir uns nett unterhalten konnten. Danach ging es zum zweiten Tauchgang raus, auch wieder nicht weit entfernt zu dem Riff mit \u00e4hnlicher Unterwasserwelt wie beim ersten Tauchgang. Auf ca. 14 &#8211; 20\u00a0m der sandige Meeresboden, einzelne kleine Riffe und Canyons dazwischen, wenige gro\u00dfe Fische, aber schon einiges an Fischschw\u00e4rmen. Allerdings war die Sicht doch ausgesprochen schlecht, was uns der Guide auch best\u00e4tigte.<\/p>\n\n\n\n<p>Wir waren f\u00fcrs Tauchen einfach zur falschen Zeit da. Auch die Piratenwracks in der Bucht auf der anderen Seite w\u00fcrden sich bei den jetzigen Verh\u00e4ltnissen nicht lohnen. Er empfahl uns auf alle F\u00e4lle die Wale Watching Touren zu buchen. F\u00fcr die Buckelwal-Beobachtung ist der Juli einer der besten Monate.<\/p>\n\n\n\n<p>Nach einer Dusche im privaten Bad brachte uns unser Taxi wieder zur Lodge zur\u00fcck und wir haben erstmal unsere Ausr\u00fcstung kurz mit S\u00fc\u00dfwasser abgesp\u00fclt und zum Trocknen auf unsere Terrasse ausgebreitet. Ja, Wale Watching stand auf alle F\u00e4lle noch auf unserem Plan und sollte sich auch innerhalb weniger Minuten erstmalig erf\u00fcllen. Beim Ausbreiten der Tauchausr\u00fcstung zum Trocknen haben wir doch vor unserer Terrasse mehrfach Wale beim Springen gesehen. Wir hatten zwar schon abends den Sonnenuntergang genossen und keine Wale gesehen, jetzt war es aber erst fr\u00fcher Nachmittag und um diese Uhrzeit waren die Wale im Kanal zwischen Madagaskar und Ile. Saint Marie unterwegs. Wie wir dann sp\u00e4ter erfahren haben, ziehen sie vormittags in die eine und nachmittags in die andere Richtung vorbei.<\/p>\n\n\n\n<p>Somit stand unser n\u00e4chster Plan fest. Wir sind gleich zur Rezeption gegangen und haben f\u00fcr den n\u00e4chsten Tag nach einem Boot zum Wale Watching gefragt. Die Lodge selber hat daf\u00fcr ein Boot und es war auch schon eine Tour f\u00fcr den n\u00e4chsten morgen geplant. Beginn p\u00fcnktlich um 8.30 Uhr.<\/p>\n\n\n\n<p>Am n\u00e4chsten Morgen nach dem Fr\u00fchst\u00fcck noch schnell die Unterwasserkamera eingepackt, das Teleobjektiv auf die Spiegelreflexkamera aufgesetzt und diese in einen Drypack Beutel spritzwassergesch\u00fctzt verpackt. Los ging unsere erste Ausfahrt zur Walbeobachtung. Das kleine Boot hatte Funkkontakt zur Lodge und da diese etwas erh\u00f6ht zum Meer liegt, konnten Sie uns sehr gut zu den Walen dirigieren.<\/p>\n\n\n\n<p>Es ist eine Seite der Geschichte, den Walen auf einem kleinen Boot hinterherzufahren und zu hoffen sie vielleicht doch mal aus der N\u00e4he zu sehen. Wenn es aber soweit ist und man die tats\u00e4chliche Gr\u00f6\u00dfe direkt neben sich sieht, dann ist dieses Boot extrem klein und man hofft, dass der Wal sich auch benimmt und einen in Ruhe l\u00e4sst.<\/p>\n\n\n\n<p>Die Regeln zur Walbeobachtung sind \u00fcbrigens sehr streng und werden wohl auch h\u00e4ufig von der K\u00fcstenwache kontrolliert. Es gibt Begrenzungen bez\u00fcglich der Anzahl an gleichzeitigen Booten bei einem Wal, es gibt Mindestabst\u00e4nde, die einzuhalten sind und eine maximale Beobachtungsdauer pro Wal und Boot. Das haben wir allerdings erst bei der R\u00fcckkehr erfahren, als wir nachfragten, warum denn dieser ohne jener Wal nicht von Booten begleitet wird. Ob jetzt auch alle so diese Regeln einhalten oder ein kleines Trinkgeld hier Ausnahmen schafft, keiner kann und will es beantworten.<\/p>\n\n\n\n<p>F\u00fcr uns war es aber sicherlich ein H\u00f6hepunkt der Tierbeobachtung. Bevor wir aber das eine oder andere Bild dieser sch\u00f6nen Tiere zeigen \u2013 man sollte auch den Blick vom Meer auf die Insel nicht vergessen. W\u00e4hrend man v\u00f6llig fasziniert nach den Walen Ausschau h\u00e4lt und dem n\u00e4chsten Auftauchen entgegenfiebert, \u00fcbersieht man die Sch\u00f6nheit der Landschaft, wie dieses kleine Resort am Strand oder auch ein Blick vom Meer auf unsere Unterkunft.<\/p>\n\n\n\n<div class=\"wp-block-columns is-layout-flex wp-container-core-columns-is-layout-9d6595d7 wp-block-columns-is-layout-flex\">\n<div class=\"wp-block-column is-layout-flow wp-block-column-is-layout-flow\">\n<div class=\"wp-block-image\"><figure class=\"aligncenter size-large\"><a href=\"https:\/\/www.guhalg.com\/wordpress\/wp-content\/uploads\/Reisen\/Madagaskar\/Walbeobachtung1\/Strand.jpg\"><img loading=\"lazy\" decoding=\"async\" width=\"1024\" height=\"575\" src=\"https:\/\/www.guhalg.com\/wordpress\/wp-content\/uploads\/Reisen\/Madagaskar\/Walbeobachtung1\/Strand-1024x575.jpg\" alt=\"Unser Strand vom Meer aus\" class=\"wp-image-504\" srcset=\"https:\/\/www.guhalg.com\/wordpress\/wp-content\/uploads\/Reisen\/Madagaskar\/Walbeobachtung1\/Strand-1024x575.jpg 1024w, https:\/\/www.guhalg.com\/wordpress\/wp-content\/uploads\/Reisen\/Madagaskar\/Walbeobachtung1\/Strand-300x169.jpg 300w, https:\/\/www.guhalg.com\/wordpress\/wp-content\/uploads\/Reisen\/Madagaskar\/Walbeobachtung1\/Strand-768x432.jpg 768w, https:\/\/www.guhalg.com\/wordpress\/wp-content\/uploads\/Reisen\/Madagaskar\/Walbeobachtung1\/Strand-1536x863.jpg 1536w, https:\/\/www.guhalg.com\/wordpress\/wp-content\/uploads\/Reisen\/Madagaskar\/Walbeobachtung1\/Strand.jpg 1920w\" sizes=\"auto, (max-width: 1024px) 100vw, 1024px\" \/><\/a><figcaption>Unser Strand vom Meer aus<\/figcaption><\/figure><\/div>\n<\/div>\n\n\n\n<div class=\"wp-block-column is-layout-flow wp-block-column-is-layout-flow\">\n<div class=\"wp-block-image\"><figure class=\"aligncenter size-large\"><a href=\"https:\/\/www.guhalg.com\/wordpress\/wp-content\/uploads\/Reisen\/Madagaskar\/Walbeobachtung1\/Masoandro Lodge.jpg\"><img loading=\"lazy\" decoding=\"async\" width=\"1024\" height=\"575\" src=\"https:\/\/www.guhalg.com\/wordpress\/wp-content\/uploads\/Reisen\/Madagaskar\/Walbeobachtung1\/Masoandro Lodge-1024x575.jpg\" alt=\"Masoandro Lodge vom Meer aus\" class=\"wp-image-502\" srcset=\"https:\/\/www.guhalg.com\/wordpress\/wp-content\/uploads\/Reisen\/Madagaskar\/Walbeobachtung1\/Masoandro%20Lodge-1024x575.jpg 1024w, https:\/\/www.guhalg.com\/wordpress\/wp-content\/uploads\/Reisen\/Madagaskar\/Walbeobachtung1\/Masoandro%20Lodge-300x169.jpg 300w, https:\/\/www.guhalg.com\/wordpress\/wp-content\/uploads\/Reisen\/Madagaskar\/Walbeobachtung1\/Masoandro%20Lodge-768x432.jpg 768w, https:\/\/www.guhalg.com\/wordpress\/wp-content\/uploads\/Reisen\/Madagaskar\/Walbeobachtung1\/Masoandro%20Lodge-1536x863.jpg 1536w, https:\/\/www.guhalg.com\/wordpress\/wp-content\/uploads\/Reisen\/Madagaskar\/Walbeobachtung1\/Masoandro%20Lodge.jpg 1920w\" sizes=\"auto, (max-width: 1024px) 100vw, 1024px\" \/><\/a><figcaption>Masoandro Lodge vom Meer aus<\/figcaption><\/figure><\/div>\n<\/div>\n<\/div>\n\n\n\n<p>Aber diese Sch\u00f6nheit verblasst eindeutig, wenn die Wale vor einem Auftauchen. Ganz besonders verankert sich im Ged\u00e4chtnis, wenn so ein Koloss nur wenige Meter vom Boot entfernt auftaucht. Man kommt sich irgendwie klein und verletzlich vor. Aber was uns vor eine gro\u00dfe Herausforderung stellte, ist die Geschwindigkeit, mit der ein Wal auf und gleich wieder abtaucht. Dieses in Verbindung mit dem Wellengang, der das kleine Boot doch geh\u00f6rig durch schaukelt, erschwert ein gelungenes Foto ungemein. Auch das Teleobjektiv war keine gute Wahl, da die Nachverfolgung der Wale damit fast unm\u00f6glich wurde. Zum Gl\u00fcck hatten wir ja auch die Unterwasserkamera dabei und so konnten wir das eine oder andere Foto aufnehmen. Meist dann aber nur noch die Fluke, wie sie im Wasser verschwindet.<\/p>\n\n\n\n<div class=\"wp-block-columns is-layout-flex wp-container-core-columns-is-layout-9d6595d7 wp-block-columns-is-layout-flex\">\n<div class=\"wp-block-column is-layout-flow wp-block-column-is-layout-flow\">\n<div class=\"wp-block-image\"><figure class=\"aligncenter size-large\"><a href=\"https:\/\/www.guhalg.com\/wordpress\/wp-content\/uploads\/Reisen\/Madagaskar\/Walbeobachtung1\/Ruecken.jpg\"><img loading=\"lazy\" decoding=\"async\" width=\"1024\" height=\"575\" src=\"https:\/\/www.guhalg.com\/wordpress\/wp-content\/uploads\/Reisen\/Madagaskar\/Walbeobachtung1\/Ruecken-1024x575.jpg\" alt=\"R\u00fccken eines Wales\" class=\"wp-image-503\" srcset=\"https:\/\/www.guhalg.com\/wordpress\/wp-content\/uploads\/Reisen\/Madagaskar\/Walbeobachtung1\/Ruecken-1024x575.jpg 1024w, https:\/\/www.guhalg.com\/wordpress\/wp-content\/uploads\/Reisen\/Madagaskar\/Walbeobachtung1\/Ruecken-300x169.jpg 300w, https:\/\/www.guhalg.com\/wordpress\/wp-content\/uploads\/Reisen\/Madagaskar\/Walbeobachtung1\/Ruecken-768x432.jpg 768w, https:\/\/www.guhalg.com\/wordpress\/wp-content\/uploads\/Reisen\/Madagaskar\/Walbeobachtung1\/Ruecken-1536x863.jpg 1536w, https:\/\/www.guhalg.com\/wordpress\/wp-content\/uploads\/Reisen\/Madagaskar\/Walbeobachtung1\/Ruecken.jpg 1920w\" sizes=\"auto, (max-width: 1024px) 100vw, 1024px\" \/><\/a><figcaption>R\u00fccken eines Wales<\/figcaption><\/figure><\/div>\n<\/div>\n\n\n\n<div class=\"wp-block-column is-layout-flow wp-block-column-is-layout-flow\">\n<div class=\"wp-block-image\"><figure class=\"aligncenter size-large\"><a href=\"https:\/\/www.guhalg.com\/wordpress\/wp-content\/uploads\/Reisen\/Madagaskar\/Walbeobachtung1\/Fluke.jpg\"><img loading=\"lazy\" decoding=\"async\" width=\"1024\" height=\"576\" src=\"https:\/\/www.guhalg.com\/wordpress\/wp-content\/uploads\/Reisen\/Madagaskar\/Walbeobachtung1\/Fluke-1024x576.jpg\" alt=\"Die Fluke eines Wales\" class=\"wp-image-500\" srcset=\"https:\/\/www.guhalg.com\/wordpress\/wp-content\/uploads\/Reisen\/Madagaskar\/Walbeobachtung1\/Fluke-1024x576.jpg 1024w, https:\/\/www.guhalg.com\/wordpress\/wp-content\/uploads\/Reisen\/Madagaskar\/Walbeobachtung1\/Fluke-300x169.jpg 300w, https:\/\/www.guhalg.com\/wordpress\/wp-content\/uploads\/Reisen\/Madagaskar\/Walbeobachtung1\/Fluke-768x432.jpg 768w, https:\/\/www.guhalg.com\/wordpress\/wp-content\/uploads\/Reisen\/Madagaskar\/Walbeobachtung1\/Fluke-1536x864.jpg 1536w, https:\/\/www.guhalg.com\/wordpress\/wp-content\/uploads\/Reisen\/Madagaskar\/Walbeobachtung1\/Fluke.jpg 1920w\" sizes=\"auto, (max-width: 1024px) 100vw, 1024px\" \/><\/a><figcaption>Die Fluke eines Wales<\/figcaption><\/figure><\/div>\n<\/div>\n<\/div>\n\n\n\n<p>Und hier ein kleines Video aus den einzelnen Bildern der Kamera berechnet. Ist aber nur knapp zwei Sekunden lang und l\u00e4uft daher in einer Schleife. Einfach ins Video klicken, um die Wiedergabe zu beenden. \ud83d\ude42<\/p>\n\n\n\n<figure class=\"wp-block-video aligncenter\"><video height=\"480\" style=\"aspect-ratio: 720 \/ 480;\" width=\"720\" controls loop src=\"https:\/\/www.guhalg.com\/wordpress\/wp-content\/uploads\/Reisen\/Madagaskar\/Walbeobachtung1\/Fluke.mp4\"><\/video><figcaption>Der Wal verschwindet<\/figcaption><\/figure>\n\n\n\n<p>Das war schon extrem beeindruckend und wir haben die Tour dann in den Folgetagen nochmal wiederholt. Genauso beeindruckend und faszinierend wie auf der ersten Tour.<\/p>\n\n\n\n<p>Die n\u00e4chste \u00dcberraschung gab es dann am Abend, aber das seht ihr auf der n\u00e4chsten Seite.<\/p>\n\n\n\n<div class=\"wp-block-columns is-layout-flex wp-container-core-columns-is-layout-9d6595d7 wp-block-columns-is-layout-flex\">\n<div class=\"wp-block-column is-layout-flow wp-block-column-is-layout-flow\">\n<div class=\"wp-block-buttons is-layout-flex wp-block-buttons-is-layout-flex\">\n<div class=\"wp-block-button\"><a class=\"wp-block-button__link\" href=\"https:\/\/www.guhalg.com\/wordpress\/?page_id=469\">Weiter \u00fcber die Insel<\/a><\/div>\n<\/div>\n<\/div>\n\n\n\n<div class=\"wp-block-column is-layout-flow wp-block-column-is-layout-flow\">\n<div class=\"wp-block-buttons is-horizontal is-content-justification-right is-layout-flex wp-container-core-buttons-is-layout-ae2fe186 wp-block-buttons-is-layout-flex\">\n<div class=\"wp-block-button\"><a class=\"wp-block-button__link\" href=\"https:\/\/www.guhalg.com\/wordpress\/?page_id=1033\">und wieder Folklore<\/a><\/div>\n<\/div>\n<\/div>\n<\/div>\n","protected":false},"excerpt":{"rendered":"<p>Heute sollte es endlich zum Tauchen gehen. Wir hatten uns f\u00fcr 10.00 Uhr ein Taxi bestellt, damit wir mit Tauchausr\u00fcstung zur Tauchbasis kommen. Die beiden gro\u00dfen Tauchtrolleys in das Taxi zu bekommen war eine kleine Herausforderung, aber letztendlich haben wir&hellip; <\/p>\n","protected":false},"author":1,"featured_media":0,"parent":279,"menu_order":0,"comment_status":"closed","ping_status":"closed","template":"","meta":{"footnotes":""},"class_list":["post-1016","page","type-page","status-publish","hentry"],"_links":{"self":[{"href":"https:\/\/www.guhalg.com\/wordpress\/index.php?rest_route=\/wp\/v2\/pages\/1016","targetHints":{"allow":["GET"]}}],"collection":[{"href":"https:\/\/www.guhalg.com\/wordpress\/index.php?rest_route=\/wp\/v2\/pages"}],"about":[{"href":"https:\/\/www.guhalg.com\/wordpress\/index.php?rest_route=\/wp\/v2\/types\/page"}],"author":[{"embeddable":true,"href":"https:\/\/www.guhalg.com\/wordpress\/index.php?rest_route=\/wp\/v2\/users\/1"}],"replies":[{"embeddable":true,"href":"https:\/\/www.guhalg.com\/wordpress\/index.php?rest_route=%2Fwp%2Fv2%2Fcomments&post=1016"}],"version-history":[{"count":7,"href":"https:\/\/www.guhalg.com\/wordpress\/index.php?rest_route=\/wp\/v2\/pages\/1016\/revisions"}],"predecessor-version":[{"id":7868,"href":"https:\/\/www.guhalg.com\/wordpress\/index.php?rest_route=\/wp\/v2\/pages\/1016\/revisions\/7868"}],"up":[{"embeddable":true,"href":"https:\/\/www.guhalg.com\/wordpress\/index.php?rest_route=\/wp\/v2\/pages\/279"}],"wp:attachment":[{"href":"https:\/\/www.guhalg.com\/wordpress\/index.php?rest_route=%2Fwp%2Fv2%2Fmedia&parent=1016"}],"curies":[{"name":"wp","href":"https:\/\/api.w.org\/{rel}","templated":true}]}}