{"id":10201,"date":"2022-03-19T19:19:38","date_gmt":"2022-03-19T18:19:38","guid":{"rendered":"https:\/\/www.guhalg.com\/wordpress\/?page_id=10201"},"modified":"2022-04-09T15:55:45","modified_gmt":"2022-04-09T13:55:45","slug":"gozo-anreise","status":"publish","type":"page","link":"https:\/\/www.guhalg.com\/wordpress\/?page_id=10201","title":{"rendered":"Gozo Anreise"},"content":{"rendered":"\n<p>Der Flug von Deutschland zum einzigen internationalen <a rel=\"noreferrer noopener\" href=\"https:\/\/de.wikipedia.org\/wiki\/Flughafen_Malta\" target=\"_blank\">Flughafen von Malta<\/a>  dauert nur etwas mehr als 4 Stunden von Hannover aus. Mit der Anreise zum Flughafen, dem Einchecken und der Gep\u00e4ckausgabe am Ziel sind es aber doch wieder locker mehr als 6 Stunden in Summe f\u00fcr die Anreise.<\/p>\n\n\n\n<p>Wir hatten unseren (sehr) kleinen Chevrolet Matiz vorgebucht und konnten ihn schnell und unkompliziert am Flughafen in Empfang nehmen. Beim \u201aVerladen\u2018 unseres Tauchgep\u00e4cks kam aber schon die \u00dcberlegung, ob ein etwas gr\u00f6\u00dferes Auto vielleicht besser gewesen w\u00e4re. Aber wir haben alles nach dem Umklappen der R\u00fccksitzbank reinbekommen und mithilfe des Navis auf Horst seinem Nokia E66 den Weg zur F\u00e4hre nach Gozo auch ohne Probleme gefunden.<\/p>\n\n\n\n<p>Hier reihte man sich einfach in die Schlange ein und konnte ohne Ticket einfahren. Dieses kauft man erst auf dem R\u00fcckweg von Gozo. Die \u00dcberfahrt von ca. einer dreiviertel Stunde ist unspektakul\u00e4r. Der Weg zum Deck war kurz und so konnten wir dem Schlie\u00dfen der Verladeluke und beim Ablegen entspannt zuschauen.<\/p>\n\n\n\n<figure class=\"wp-block-gallery has-nested-images columns-5 is-cropped wp-block-gallery-1 is-layout-flex wp-block-gallery-is-layout-flex\">\n<figure class=\"wp-block-image size-large\"><img loading=\"lazy\" decoding=\"async\" width=\"2560\" height=\"1438\" data-id=\"10205\" src=\"https:\/\/www.guhalg.com\/wordpress\/wp-content\/uploads\/Reisen\/Malta2012\/Reise\/DSC07373-scaled.jpg\" alt=\"\" class=\"wp-image-10205\" srcset=\"https:\/\/www.guhalg.com\/wordpress\/wp-content\/uploads\/Reisen\/Malta2012\/Reise\/DSC07373-scaled.jpg 2560w, https:\/\/www.guhalg.com\/wordpress\/wp-content\/uploads\/Reisen\/Malta2012\/Reise\/DSC07373-300x169.jpg 300w, https:\/\/www.guhalg.com\/wordpress\/wp-content\/uploads\/Reisen\/Malta2012\/Reise\/DSC07373-1024x575.jpg 1024w, https:\/\/www.guhalg.com\/wordpress\/wp-content\/uploads\/Reisen\/Malta2012\/Reise\/DSC07373-768x432.jpg 768w, https:\/\/www.guhalg.com\/wordpress\/wp-content\/uploads\/Reisen\/Malta2012\/Reise\/DSC07373-1536x863.jpg 1536w, https:\/\/www.guhalg.com\/wordpress\/wp-content\/uploads\/Reisen\/Malta2012\/Reise\/DSC07373-2048x1151.jpg 2048w, https:\/\/www.guhalg.com\/wordpress\/wp-content\/uploads\/Reisen\/Malta2012\/Reise\/DSC07373-480x270.jpg 480w\" sizes=\"auto, (max-width: 2560px) 100vw, 2560px\" \/><\/figure>\n\n\n\n<figure class=\"wp-block-image size-large\"><img loading=\"lazy\" decoding=\"async\" width=\"2560\" height=\"1438\" data-id=\"10206\" src=\"https:\/\/www.guhalg.com\/wordpress\/wp-content\/uploads\/Reisen\/Malta2012\/Reise\/DSC07374-scaled.jpg\" alt=\"\" class=\"wp-image-10206\" srcset=\"https:\/\/www.guhalg.com\/wordpress\/wp-content\/uploads\/Reisen\/Malta2012\/Reise\/DSC07374-scaled.jpg 2560w, https:\/\/www.guhalg.com\/wordpress\/wp-content\/uploads\/Reisen\/Malta2012\/Reise\/DSC07374-300x169.jpg 300w, https:\/\/www.guhalg.com\/wordpress\/wp-content\/uploads\/Reisen\/Malta2012\/Reise\/DSC07374-1024x575.jpg 1024w, https:\/\/www.guhalg.com\/wordpress\/wp-content\/uploads\/Reisen\/Malta2012\/Reise\/DSC07374-768x432.jpg 768w, https:\/\/www.guhalg.com\/wordpress\/wp-content\/uploads\/Reisen\/Malta2012\/Reise\/DSC07374-1536x863.jpg 1536w, https:\/\/www.guhalg.com\/wordpress\/wp-content\/uploads\/Reisen\/Malta2012\/Reise\/DSC07374-2048x1151.jpg 2048w, https:\/\/www.guhalg.com\/wordpress\/wp-content\/uploads\/Reisen\/Malta2012\/Reise\/DSC07374-480x270.jpg 480w\" sizes=\"auto, (max-width: 2560px) 100vw, 2560px\" \/><\/figure>\n\n\n\n<figure class=\"wp-block-image size-large\"><img loading=\"lazy\" decoding=\"async\" width=\"2560\" height=\"1438\" data-id=\"10207\" src=\"https:\/\/www.guhalg.com\/wordpress\/wp-content\/uploads\/Reisen\/Malta2012\/Reise\/DSC07375-scaled.jpg\" alt=\"\" class=\"wp-image-10207\" srcset=\"https:\/\/www.guhalg.com\/wordpress\/wp-content\/uploads\/Reisen\/Malta2012\/Reise\/DSC07375-scaled.jpg 2560w, https:\/\/www.guhalg.com\/wordpress\/wp-content\/uploads\/Reisen\/Malta2012\/Reise\/DSC07375-300x169.jpg 300w, https:\/\/www.guhalg.com\/wordpress\/wp-content\/uploads\/Reisen\/Malta2012\/Reise\/DSC07375-1024x575.jpg 1024w, https:\/\/www.guhalg.com\/wordpress\/wp-content\/uploads\/Reisen\/Malta2012\/Reise\/DSC07375-768x432.jpg 768w, https:\/\/www.guhalg.com\/wordpress\/wp-content\/uploads\/Reisen\/Malta2012\/Reise\/DSC07375-1536x863.jpg 1536w, https:\/\/www.guhalg.com\/wordpress\/wp-content\/uploads\/Reisen\/Malta2012\/Reise\/DSC07375-2048x1151.jpg 2048w, https:\/\/www.guhalg.com\/wordpress\/wp-content\/uploads\/Reisen\/Malta2012\/Reise\/DSC07375-480x270.jpg 480w\" sizes=\"auto, (max-width: 2560px) 100vw, 2560px\" \/><\/figure>\n\n\n\n<figure class=\"wp-block-image size-large\"><img loading=\"lazy\" decoding=\"async\" width=\"2560\" height=\"1438\" data-id=\"10208\" src=\"https:\/\/www.guhalg.com\/wordpress\/wp-content\/uploads\/Reisen\/Malta2012\/Reise\/DSC07376-scaled.jpg\" alt=\"\" class=\"wp-image-10208\" srcset=\"https:\/\/www.guhalg.com\/wordpress\/wp-content\/uploads\/Reisen\/Malta2012\/Reise\/DSC07376-scaled.jpg 2560w, https:\/\/www.guhalg.com\/wordpress\/wp-content\/uploads\/Reisen\/Malta2012\/Reise\/DSC07376-300x169.jpg 300w, https:\/\/www.guhalg.com\/wordpress\/wp-content\/uploads\/Reisen\/Malta2012\/Reise\/DSC07376-1024x575.jpg 1024w, https:\/\/www.guhalg.com\/wordpress\/wp-content\/uploads\/Reisen\/Malta2012\/Reise\/DSC07376-768x432.jpg 768w, https:\/\/www.guhalg.com\/wordpress\/wp-content\/uploads\/Reisen\/Malta2012\/Reise\/DSC07376-1536x863.jpg 1536w, https:\/\/www.guhalg.com\/wordpress\/wp-content\/uploads\/Reisen\/Malta2012\/Reise\/DSC07376-2048x1151.jpg 2048w, https:\/\/www.guhalg.com\/wordpress\/wp-content\/uploads\/Reisen\/Malta2012\/Reise\/DSC07376-480x270.jpg 480w\" sizes=\"auto, (max-width: 2560px) 100vw, 2560px\" \/><\/figure>\n\n\n\n<figure class=\"wp-block-image size-large\"><img loading=\"lazy\" decoding=\"async\" width=\"2560\" height=\"1438\" data-id=\"10209\" src=\"https:\/\/www.guhalg.com\/wordpress\/wp-content\/uploads\/Reisen\/Malta2012\/Reise\/DSC07377-scaled.jpg\" alt=\"\" class=\"wp-image-10209\" srcset=\"https:\/\/www.guhalg.com\/wordpress\/wp-content\/uploads\/Reisen\/Malta2012\/Reise\/DSC07377-scaled.jpg 2560w, https:\/\/www.guhalg.com\/wordpress\/wp-content\/uploads\/Reisen\/Malta2012\/Reise\/DSC07377-300x169.jpg 300w, https:\/\/www.guhalg.com\/wordpress\/wp-content\/uploads\/Reisen\/Malta2012\/Reise\/DSC07377-1024x575.jpg 1024w, https:\/\/www.guhalg.com\/wordpress\/wp-content\/uploads\/Reisen\/Malta2012\/Reise\/DSC07377-768x432.jpg 768w, https:\/\/www.guhalg.com\/wordpress\/wp-content\/uploads\/Reisen\/Malta2012\/Reise\/DSC07377-1536x863.jpg 1536w, https:\/\/www.guhalg.com\/wordpress\/wp-content\/uploads\/Reisen\/Malta2012\/Reise\/DSC07377-2048x1151.jpg 2048w, https:\/\/www.guhalg.com\/wordpress\/wp-content\/uploads\/Reisen\/Malta2012\/Reise\/DSC07377-480x270.jpg 480w\" sizes=\"auto, (max-width: 2560px) 100vw, 2560px\" \/><\/figure>\n<\/figure>\n\n\n\n<p>Die \u00dcberfahrt geht vorbei an der kleinen Insel <a rel=\"noreferrer noopener\" href=\"https:\/\/de.wikipedia.org\/wiki\/Comino\" target=\"_blank\">Comino<\/a>, wo die sch\u00f6nste Badebucht von Malta liegt, die <a rel=\"noreferrer noopener\" href=\"https:\/\/de.wikipedia.org\/wiki\/Blaue_Lagune_(Malta)\" target=\"_blank\">Blaue Lagune<\/a>. Aber auch der Blick auf die Insel selbst ist sch\u00f6n. Ein Segelboot vor der Kulisse und der <a rel=\"noreferrer noopener\" href=\"https:\/\/de.wikipedia.org\/wiki\/St_Mary%E2%80%99s_Tower\" target=\"_blank\">Wehrturm<\/a>.<\/p>\n\n\n\n<div class=\"wp-block-image\"><figure class=\"aligncenter size-large\"><a href=\"https:\/\/www.guhalg.com\/wordpress\/wp-content\/uploads\/Reisen\/Malta2012\/Reise\/DSC07391-scaled.jpg\"><img loading=\"lazy\" decoding=\"async\" width=\"1024\" height=\"575\" src=\"https:\/\/www.guhalg.com\/wordpress\/wp-content\/uploads\/Reisen\/Malta2012\/Reise\/DSC07391-1024x575.jpg\" alt=\"Comino\" class=\"wp-image-10211\" srcset=\"https:\/\/www.guhalg.com\/wordpress\/wp-content\/uploads\/Reisen\/Malta2012\/Reise\/DSC07391-1024x575.jpg 1024w, https:\/\/www.guhalg.com\/wordpress\/wp-content\/uploads\/Reisen\/Malta2012\/Reise\/DSC07391-300x169.jpg 300w, https:\/\/www.guhalg.com\/wordpress\/wp-content\/uploads\/Reisen\/Malta2012\/Reise\/DSC07391-768x432.jpg 768w, https:\/\/www.guhalg.com\/wordpress\/wp-content\/uploads\/Reisen\/Malta2012\/Reise\/DSC07391-1536x863.jpg 1536w, https:\/\/www.guhalg.com\/wordpress\/wp-content\/uploads\/Reisen\/Malta2012\/Reise\/DSC07391-2048x1151.jpg 2048w, https:\/\/www.guhalg.com\/wordpress\/wp-content\/uploads\/Reisen\/Malta2012\/Reise\/DSC07391-480x270.jpg 480w\" sizes=\"auto, (max-width: 1024px) 100vw, 1024px\" \/><\/a><figcaption>Comino<\/figcaption><\/figure><\/div>\n\n\n\n<div class=\"wp-block-image\"><figure class=\"aligncenter size-large\"><a href=\"https:\/\/www.guhalg.com\/wordpress\/wp-content\/uploads\/Reisen\/Malta2012\/Reise\/DSC07380-scaled.jpg\"><img loading=\"lazy\" decoding=\"async\" width=\"1024\" height=\"575\" src=\"https:\/\/www.guhalg.com\/wordpress\/wp-content\/uploads\/Reisen\/Malta2012\/Reise\/DSC07380-1024x575.jpg\" alt=\"Wehrturm\" class=\"wp-image-10210\" srcset=\"https:\/\/www.guhalg.com\/wordpress\/wp-content\/uploads\/Reisen\/Malta2012\/Reise\/DSC07380-1024x575.jpg 1024w, https:\/\/www.guhalg.com\/wordpress\/wp-content\/uploads\/Reisen\/Malta2012\/Reise\/DSC07380-300x169.jpg 300w, https:\/\/www.guhalg.com\/wordpress\/wp-content\/uploads\/Reisen\/Malta2012\/Reise\/DSC07380-768x432.jpg 768w, https:\/\/www.guhalg.com\/wordpress\/wp-content\/uploads\/Reisen\/Malta2012\/Reise\/DSC07380-1536x863.jpg 1536w, https:\/\/www.guhalg.com\/wordpress\/wp-content\/uploads\/Reisen\/Malta2012\/Reise\/DSC07380-2048x1151.jpg 2048w, https:\/\/www.guhalg.com\/wordpress\/wp-content\/uploads\/Reisen\/Malta2012\/Reise\/DSC07380-480x270.jpg 480w\" sizes=\"auto, (max-width: 1024px) 100vw, 1024px\" \/><\/a><figcaption>Wehrturm<\/figcaption><\/figure><\/div>\n\n\n\n<p>Die \u00dcberfahrt vergeht mit diesen Aussichten sehr schnell und schon muss man wieder unter Deck, ab ins Auto \u2013 gleich sind wir in Mgarr. Das Verlassen der F\u00e4hre ist genauso unspektakul\u00e4r wie die Einfahrt und nach wenigen Minuten verl\u00e4sst man die Ortschaft und es geht zu unserem Ziel, dem Hotel Cornucopia in <a rel=\"noreferrer noopener\" href=\"https:\/\/de.wikipedia.org\/wiki\/Xag%C4%A7ra\" target=\"_blank\">Xhaghra<\/a>.<\/p>\n\n\n\n<div class=\"wp-block-image\"><figure class=\"aligncenter size-large\"><a href=\"https:\/\/www.guhalg.com\/wordpress\/wp-content\/uploads\/Reisen\/Malta2012\/Reise\/DSC07404-scaled.jpg\"><img loading=\"lazy\" decoding=\"async\" width=\"1024\" height=\"575\" src=\"https:\/\/www.guhalg.com\/wordpress\/wp-content\/uploads\/Reisen\/Malta2012\/Reise\/DSC07404-1024x575.jpg\" alt=\"Cornucopia\" class=\"wp-image-10213\" srcset=\"https:\/\/www.guhalg.com\/wordpress\/wp-content\/uploads\/Reisen\/Malta2012\/Reise\/DSC07404-1024x575.jpg 1024w, https:\/\/www.guhalg.com\/wordpress\/wp-content\/uploads\/Reisen\/Malta2012\/Reise\/DSC07404-300x169.jpg 300w, https:\/\/www.guhalg.com\/wordpress\/wp-content\/uploads\/Reisen\/Malta2012\/Reise\/DSC07404-768x432.jpg 768w, https:\/\/www.guhalg.com\/wordpress\/wp-content\/uploads\/Reisen\/Malta2012\/Reise\/DSC07404-1536x863.jpg 1536w, https:\/\/www.guhalg.com\/wordpress\/wp-content\/uploads\/Reisen\/Malta2012\/Reise\/DSC07404-2048x1151.jpg 2048w, https:\/\/www.guhalg.com\/wordpress\/wp-content\/uploads\/Reisen\/Malta2012\/Reise\/DSC07404-480x270.jpg 480w\" sizes=\"auto, (max-width: 1024px) 100vw, 1024px\" \/><\/a><figcaption>Cornucopia<\/figcaption><\/figure><\/div>\n\n\n\n<p>Ein kleines Abendessen und etwas Wein haben diesen Tag ausklingen lassen.<\/p>\n\n\n\n<div class=\"wp-block-columns is-layout-flex wp-container-core-columns-is-layout-9d6595d7 wp-block-columns-is-layout-flex\">\n<div class=\"wp-block-column is-layout-flow wp-block-column-is-layout-flow\">\n<div class=\"wp-block-buttons is-layout-flex wp-block-buttons-is-layout-flex\">\n<div class=\"wp-block-button\"><a class=\"wp-block-button__link\" href=\"https:\/\/www.guhalg.com\/wordpress\/?page_id=10186\">Malta 2012<\/a><\/div>\n<\/div>\n<\/div>\n\n\n\n<div class=\"wp-block-column is-layout-flow wp-block-column-is-layout-flow\">\n<div class=\"wp-block-buttons is-content-justification-right is-layout-flex wp-container-core-buttons-is-layout-765c4724 wp-block-buttons-is-layout-flex\">\n<div class=\"wp-block-button\"><a class=\"wp-block-button__link\" href=\"https:\/\/www.guhalg.com\/wordpress\/?page_id=10235\">Gozo Kennenlernen<\/a><\/div>\n<\/div>\n<\/div>\n<\/div>\n","protected":false},"excerpt":{"rendered":"<p>Der Flug von Deutschland zum einzigen internationalen Flughafen von Malta dauert nur etwas mehr als 4 Stunden von Hannover aus. Mit der Anreise zum Flughafen, dem Einchecken und der Gep\u00e4ckausgabe am Ziel sind es aber doch wieder locker mehr als&hellip; <\/p>\n","protected":false},"author":1,"featured_media":0,"parent":10186,"menu_order":1,"comment_status":"closed","ping_status":"closed","template":"","meta":{"footnotes":""},"class_list":["post-10201","page","type-page","status-publish","hentry"],"_links":{"self":[{"href":"https:\/\/www.guhalg.com\/wordpress\/index.php?rest_route=\/wp\/v2\/pages\/10201","targetHints":{"allow":["GET"]}}],"collection":[{"href":"https:\/\/www.guhalg.com\/wordpress\/index.php?rest_route=\/wp\/v2\/pages"}],"about":[{"href":"https:\/\/www.guhalg.com\/wordpress\/index.php?rest_route=\/wp\/v2\/types\/page"}],"author":[{"embeddable":true,"href":"https:\/\/www.guhalg.com\/wordpress\/index.php?rest_route=\/wp\/v2\/users\/1"}],"replies":[{"embeddable":true,"href":"https:\/\/www.guhalg.com\/wordpress\/index.php?rest_route=%2Fwp%2Fv2%2Fcomments&post=10201"}],"version-history":[{"count":13,"href":"https:\/\/www.guhalg.com\/wordpress\/index.php?rest_route=\/wp\/v2\/pages\/10201\/revisions"}],"predecessor-version":[{"id":10246,"href":"https:\/\/www.guhalg.com\/wordpress\/index.php?rest_route=\/wp\/v2\/pages\/10201\/revisions\/10246"}],"up":[{"embeddable":true,"href":"https:\/\/www.guhalg.com\/wordpress\/index.php?rest_route=\/wp\/v2\/pages\/10186"}],"wp:attachment":[{"href":"https:\/\/www.guhalg.com\/wordpress\/index.php?rest_route=%2Fwp%2Fv2%2Fmedia&parent=10201"}],"curies":[{"name":"wp","href":"https:\/\/api.w.org\/{rel}","templated":true}]}}