{"id":10497,"date":"2022-11-03T21:12:27","date_gmt":"2022-11-03T20:12:27","guid":{"rendered":"https:\/\/www.guhalg.com\/wordpress\/?page_id=10497"},"modified":"2022-11-04T13:42:25","modified_gmt":"2022-11-04T12:42:25","slug":"bonaire-2012","status":"publish","type":"page","link":"https:\/\/www.guhalg.com\/wordpress\/?page_id=10497","title":{"rendered":"Bonaire 2012"},"content":{"rendered":"\n<p>Im Dezember 2012 ging es noch einmal zum Tauchen \u2013 diesmal nach <a rel=\"noreferrer noopener\" href=\"https:\/\/de.wikipedia.org\/wiki\/Bonaire\" target=\"_blank\">Bonaire<\/a>.<\/p>\n\n\n\n<p>Die Insel geh\u00f6rt zu den kleinen Antillen, ist aber als Teil der ABC-Inseln besser bekannt. Sie hat eine holl\u00e4ndische Vergangenheit und geh\u00f6rt auch jetzt noch zu den Niederlanden. Wir hatten uns dort eine kleine Tauchbasis ausgesucht, mit einigen Bungalows.<\/p>\n\n\n\n<figure class=\"wp-block-image size-large\"><a href=\"https:\/\/www.guhalg.com\/wordpress\/wp-content\/uploads\/Reisen\/Bonaire2012\/Reise\/Bonaire.png\"><img loading=\"lazy\" decoding=\"async\" width=\"1024\" height=\"585\" src=\"https:\/\/www.guhalg.com\/wordpress\/wp-content\/uploads\/Reisen\/Bonaire2012\/Reise\/Bonaire-1024x585.png\" alt=\"\" class=\"wp-image-10500\" srcset=\"https:\/\/www.guhalg.com\/wordpress\/wp-content\/uploads\/Reisen\/Bonaire2012\/Reise\/Bonaire-1024x585.png 1024w, https:\/\/www.guhalg.com\/wordpress\/wp-content\/uploads\/Reisen\/Bonaire2012\/Reise\/Bonaire-300x171.png 300w, https:\/\/www.guhalg.com\/wordpress\/wp-content\/uploads\/Reisen\/Bonaire2012\/Reise\/Bonaire-768x439.png 768w, https:\/\/www.guhalg.com\/wordpress\/wp-content\/uploads\/Reisen\/Bonaire2012\/Reise\/Bonaire.png 1080w\" sizes=\"auto, (max-width: 1024px) 100vw, 1024px\" \/><\/a><figcaption class=\"wp-element-caption\">Bonaire<\/figcaption><\/figure>\n\n\n\n<p>Was hat uns zu diesem Ziel gef\u00fchrt? Ganz einfach: Die M\u00f6glichkeit, v\u00f6llig selbstst\u00e4ndig und im eigenen Zeitrhythmus zu tauchen.<\/p>\n\n\n\n<div class=\"wp-block-buttons is-content-justification-right is-layout-flex wp-container-core-buttons-is-layout-765c4724 wp-block-buttons-is-layout-flex\">\n<div class=\"wp-block-button\"><a class=\"wp-block-button__link wp-element-button\" href=\"https:\/\/www.guhalg.com\/wordpress\/?page_id=10513\">Anreise<\/a><\/div>\n<\/div>\n","protected":false},"excerpt":{"rendered":"<p>Im Dezember 2012 ging es noch einmal zum Tauchen \u2013 diesmal nach Bonaire. Die Insel geh\u00f6rt zu den kleinen Antillen, ist aber als Teil der ABC-Inseln besser bekannt. Sie hat eine holl\u00e4ndische Vergangenheit und geh\u00f6rt auch jetzt noch zu den&hellip; <\/p>\n","protected":false},"author":1,"featured_media":0,"parent":0,"menu_order":30,"comment_status":"closed","ping_status":"closed","template":"","meta":{"footnotes":""},"class_list":["post-10497","page","type-page","status-publish","hentry"],"_links":{"self":[{"href":"https:\/\/www.guhalg.com\/wordpress\/index.php?rest_route=\/wp\/v2\/pages\/10497","targetHints":{"allow":["GET"]}}],"collection":[{"href":"https:\/\/www.guhalg.com\/wordpress\/index.php?rest_route=\/wp\/v2\/pages"}],"about":[{"href":"https:\/\/www.guhalg.com\/wordpress\/index.php?rest_route=\/wp\/v2\/types\/page"}],"author":[{"embeddable":true,"href":"https:\/\/www.guhalg.com\/wordpress\/index.php?rest_route=\/wp\/v2\/users\/1"}],"replies":[{"embeddable":true,"href":"https:\/\/www.guhalg.com\/wordpress\/index.php?rest_route=%2Fwp%2Fv2%2Fcomments&post=10497"}],"version-history":[{"count":12,"href":"https:\/\/www.guhalg.com\/wordpress\/index.php?rest_route=\/wp\/v2\/pages\/10497\/revisions"}],"predecessor-version":[{"id":10531,"href":"https:\/\/www.guhalg.com\/wordpress\/index.php?rest_route=\/wp\/v2\/pages\/10497\/revisions\/10531"}],"wp:attachment":[{"href":"https:\/\/www.guhalg.com\/wordpress\/index.php?rest_route=%2Fwp%2Fv2%2Fmedia&parent=10497"}],"curies":[{"name":"wp","href":"https:\/\/api.w.org\/{rel}","templated":true}]}}