{"id":10786,"date":"2023-11-24T20:20:27","date_gmt":"2023-11-24T19:20:27","guid":{"rendered":"https:\/\/www.guhalg.com\/wordpress\/?page_id=10786"},"modified":"2024-12-21T18:38:07","modified_gmt":"2024-12-21T17:38:07","slug":"windhoek","status":"publish","type":"page","link":"https:\/\/www.guhalg.com\/wordpress\/?page_id=10786","title":{"rendered":"Planung"},"content":{"rendered":"\n<p>Wir wollten gemeinsam auf eine Rundreise nach Namibia. Soweit \u2013 so gut. Also erstmal die verschiedenen Angebote im Internet gesichtet und auch gleich mehrere passende Rundreisen gefunden.<\/p>\n\n\n\n<p>Namibia ist sehr beliebt und die Angebote gehen von einfachen \u201aRucksack\u2018-Rundreisen bis hin zu Fly-and-Enjoy angeboten. Wir wollten aber unabh\u00e4ngig unterwegs sein und haben uns letztendlich f\u00fcr ein Angebot des Reiseveranstalters Meier\u2018s Weltreisen entschieden. Zus\u00e4tzlich zur eigentlichen Reise konnte man f\u00fcr knapp 100,- \u20ac einige Ausfl\u00fcge buchen:<\/p>\n\n\n\n<ul class=\"wp-block-list\">\n<li>Sundowner-Fahrt in der Namib Desert Lodge<\/li>\n\n\n\n<li>Katamaran-Fahrt in Walvis Bay<\/li>\n\n\n\n<li>Sundowner-Fahrt im Elegant Farmstead<\/li>\n<\/ul>\n\n\n\n<p>Hier waren jetzt die ganz s\u00fcdlichen Ziele wie der <a href=\"https:\/\/de.wikipedia.org\/wiki\/Fischfluss-Canyon\" data-type=\"link\" data-id=\"https:\/\/de.wikipedia.org\/wiki\/Fischfluss-Canyon\" target=\"_blank\" rel=\"noreferrer noopener\">Fish-River Canyon<\/a>, <a href=\"https:\/\/de.wikipedia.org\/wiki\/L%C3%BCderitz\" data-type=\"link\" data-id=\"https:\/\/de.wikipedia.org\/wiki\/L%C3%BCderitz\" target=\"_blank\" rel=\"noreferrer noopener\">L\u00fcderitz <\/a> und der nord\u00f6stliche  <a href=\"https:\/\/de.wikipedia.org\/wiki\/Caprivizipfel\" data-type=\"link\" data-id=\"https:\/\/de.wikipedia.org\/wiki\/Caprivizipfel\" target=\"_blank\" rel=\"noreferrer noopener\">Caprivizipfel <\/a> nicht enthalten, wir haben aber damit fast 4 Tage Autofahrt in den S\u00fcden und 3 Tage in den Osten gespart und waren auch so schon 17 Tage unterwegs.<\/p>\n\n\n\n<p>Vor Ort wollten wir m\u00f6glichst unabh\u00e4ngig und \u201asafe\u2018 sein und haben uns f\u00fcr zwei Pickups entschieden. Erstens hat man so mehr Platz und Sicht \u2013 schlie\u00dflich ist jeder auf dem Vordersitz \u2013 aber wichtiger ist: Bei dem Ausfall eines Wagens kann man immer noch gemeinsam mit dem zweiten Wagen weiterfahren.<\/p>\n\n\n\n<p>Als N\u00e4chstes ging es in die Planung der notwendigen Impfungen. Aus der Reise nach S\u00fcdafrika und Mosambik kannten wir einige Besonderheiten und wollten auf Nummer sicher gehen. F\u00fcr Namibia war dieses aber alles v\u00f6llig harmlos. Die Standardimpfungen waren ausreichend. Etwas Augenmerk gab es noch auf die Malaria, aber ohne den Caprivizipfel war dieses nicht notwendig.<\/p>\n\n\n\n<p>Da es zwischen den einzelnen Lokationen mitten in der W\u00fcste keine Netzabdeckung f\u00fcr Mobile Phones gibt, haben wir uns f\u00fcr die Car-By-Car Verst\u00e4ndigung noch Funkger\u00e4te besorgt.<\/p>\n\n\n\n<p>So konnte alles zusammengepackt werden und von Frankfurt aus ging es dann nach <a href=\"https:\/\/de.wikipedia.org\/wiki\/Windhoek\" data-type=\"link\" data-id=\"https:\/\/de.wikipedia.org\/wiki\/Windhoek\" target=\"_blank\" rel=\"noreferrer noopener\">Windhoek<\/a><a href=\"https:\/\/de.wikipedia.org\/wiki\/Windhoek\">.<\/a><\/p>\n\n\n\n<div class=\"wp-block-columns is-layout-flex wp-container-core-columns-is-layout-9d6595d7 wp-block-columns-is-layout-flex\">\n<div class=\"wp-block-column is-layout-flow wp-block-column-is-layout-flow\">\n<div class=\"wp-block-buttons is-layout-flex wp-block-buttons-is-layout-flex\">\n<div class=\"wp-block-button\"><a class=\"wp-block-button__link wp-element-button\" href=\"https:\/\/www.guhalg.com\/wordpress\/?page_id=10643\">Namibia<\/a><\/div>\n<\/div>\n<\/div>\n\n\n\n<div class=\"wp-block-column is-layout-flow wp-block-column-is-layout-flow\">\n<div class=\"wp-block-buttons is-content-justification-right is-layout-flex wp-container-core-buttons-is-layout-765c4724 wp-block-buttons-is-layout-flex\">\n<div class=\"wp-block-button\"><a class=\"wp-block-button__link wp-element-button\" href=\"https:\/\/www.guhalg.com\/wordpress\/?page_id=10791\">Windhoek<\/a><\/div>\n<\/div>\n<\/div>\n<\/div>\n","protected":false},"excerpt":{"rendered":"<p>Wir wollten gemeinsam auf eine Rundreise nach Namibia. Soweit \u2013 so gut. Also erstmal die verschiedenen Angebote im Internet gesichtet und auch gleich mehrere passende Rundreisen gefunden. Namibia ist sehr beliebt und die Angebote gehen von einfachen \u201aRucksack\u2018-Rundreisen bis hin&hellip; <\/p>\n","protected":false},"author":1,"featured_media":0,"parent":11458,"menu_order":1,"comment_status":"closed","ping_status":"closed","template":"","meta":{"footnotes":""},"class_list":["post-10786","page","type-page","status-publish","hentry"],"_links":{"self":[{"href":"https:\/\/www.guhalg.com\/wordpress\/index.php?rest_route=\/wp\/v2\/pages\/10786","targetHints":{"allow":["GET"]}}],"collection":[{"href":"https:\/\/www.guhalg.com\/wordpress\/index.php?rest_route=\/wp\/v2\/pages"}],"about":[{"href":"https:\/\/www.guhalg.com\/wordpress\/index.php?rest_route=\/wp\/v2\/types\/page"}],"author":[{"embeddable":true,"href":"https:\/\/www.guhalg.com\/wordpress\/index.php?rest_route=\/wp\/v2\/users\/1"}],"replies":[{"embeddable":true,"href":"https:\/\/www.guhalg.com\/wordpress\/index.php?rest_route=%2Fwp%2Fv2%2Fcomments&post=10786"}],"version-history":[{"count":7,"href":"https:\/\/www.guhalg.com\/wordpress\/index.php?rest_route=\/wp\/v2\/pages\/10786\/revisions"}],"predecessor-version":[{"id":10897,"href":"https:\/\/www.guhalg.com\/wordpress\/index.php?rest_route=\/wp\/v2\/pages\/10786\/revisions\/10897"}],"up":[{"embeddable":true,"href":"https:\/\/www.guhalg.com\/wordpress\/index.php?rest_route=\/wp\/v2\/pages\/11458"}],"wp:attachment":[{"href":"https:\/\/www.guhalg.com\/wordpress\/index.php?rest_route=%2Fwp%2Fv2%2Fmedia&parent=10786"}],"curies":[{"name":"wp","href":"https:\/\/api.w.org\/{rel}","templated":true}]}}