{"id":11158,"date":"2024-03-19T20:36:15","date_gmt":"2024-03-19T19:36:15","guid":{"rendered":"https:\/\/www.guhalg.com\/wordpress\/?page_id=11158"},"modified":"2025-06-09T19:27:57","modified_gmt":"2025-06-09T17:27:57","slug":"leinsweiler","status":"publish","type":"page","link":"https:\/\/www.guhalg.com\/wordpress\/?page_id=11158","title":{"rendered":"Leinsweiler"},"content":{"rendered":"\n<p>Im September 2023 waren wir mit Freunden f\u00fcr ein langes Wochenende in <a href=\"https:\/\/de.wikipedia.org\/wiki\/Leinsweiler\" target=\"_blank\" rel=\"noreferrer noopener\">Leinsweiler<\/a>. Wir hatten uns ein Wochenendh\u00e4uschen ausgesucht und bei den Nachbarn den Hund Louis ausgeliehen. Die Anfahrt war aus Algermissen etwas l\u00e4nger, aber wir haben es mit unseren Freunden aus Karlsruhe auf knapp 15 Minuten gemeinsame Ankunft hinbekommen.<\/p>\n\n\n\n<p>Das H\u00e4uschen war echt sch\u00f6n gelegen, gut ausger\u00fcstet und auch nur 20 Minuten vom Ortskern entfernt.<\/p>\n\n\n\n<figure class=\"wp-block-image size-full\"><a href=\"https:\/\/www.guhalg.com\/wordpress\/wp-content\/uploads\/Trips\/202309 - Leinsweiler\/20230921_141726-scaled.jpg\"><img loading=\"lazy\" decoding=\"async\" width=\"2560\" height=\"1444\" src=\"https:\/\/www.guhalg.com\/wordpress\/wp-content\/uploads\/Trips\/202309 - Leinsweiler\/20230921_141726-scaled.jpg\" alt=\"Unterkunft in Leinsweiler\" class=\"wp-image-11171\" srcset=\"https:\/\/www.guhalg.com\/wordpress\/wp-content\/uploads\/Trips\/202309%20-%20Leinsweiler\/20230921_141726-scaled.jpg 2560w, https:\/\/www.guhalg.com\/wordpress\/wp-content\/uploads\/Trips\/202309%20-%20Leinsweiler\/20230921_141726-300x169.jpg 300w, https:\/\/www.guhalg.com\/wordpress\/wp-content\/uploads\/Trips\/202309%20-%20Leinsweiler\/20230921_141726-1024x578.jpg 1024w, https:\/\/www.guhalg.com\/wordpress\/wp-content\/uploads\/Trips\/202309%20-%20Leinsweiler\/20230921_141726-768x433.jpg 768w, https:\/\/www.guhalg.com\/wordpress\/wp-content\/uploads\/Trips\/202309%20-%20Leinsweiler\/20230921_141726-1536x866.jpg 1536w, https:\/\/www.guhalg.com\/wordpress\/wp-content\/uploads\/Trips\/202309%20-%20Leinsweiler\/20230921_141726-2048x1155.jpg 2048w, https:\/\/www.guhalg.com\/wordpress\/wp-content\/uploads\/Trips\/202309%20-%20Leinsweiler\/20230921_141726-480x270.jpg 480w\" sizes=\"auto, (max-width: 2560px) 100vw, 2560px\" \/><\/a><\/figure>\n\n\n\n<p>Nach dem Einchecken &#8211; also der Schl\u00fcssel\u00fcbergabe &#8211; war noch etwas Zeit und wir sind direkt vom Haus los zu einer kleinen Erkundungstour. Louis hat dieses sichtlich genossen und auch wir haben uns \u00fcber die sch\u00f6ne Aussicht gefreut.<\/p>\n\n\n\n<div class=\"wp-block-columns is-layout-flex wp-container-core-columns-is-layout-9d6595d7 wp-block-columns-is-layout-flex\">\n<div class=\"wp-block-column is-layout-flow wp-block-column-is-layout-flow\">\n<figure class=\"wp-block-image size-full\"><a href=\"https:\/\/www.guhalg.com\/wordpress\/wp-content\/uploads\/Trips\/202309 - Leinsweiler\/20230921_172512-scaled.jpg\"><img loading=\"lazy\" decoding=\"async\" width=\"2560\" height=\"1444\" src=\"https:\/\/www.guhalg.com\/wordpress\/wp-content\/uploads\/Trips\/202309 - Leinsweiler\/20230921_172512-scaled.jpg\" alt=\"Louis - King Of The World\" class=\"wp-image-11172\" srcset=\"https:\/\/www.guhalg.com\/wordpress\/wp-content\/uploads\/Trips\/202309%20-%20Leinsweiler\/20230921_172512-scaled.jpg 2560w, https:\/\/www.guhalg.com\/wordpress\/wp-content\/uploads\/Trips\/202309%20-%20Leinsweiler\/20230921_172512-300x169.jpg 300w, https:\/\/www.guhalg.com\/wordpress\/wp-content\/uploads\/Trips\/202309%20-%20Leinsweiler\/20230921_172512-1024x578.jpg 1024w, https:\/\/www.guhalg.com\/wordpress\/wp-content\/uploads\/Trips\/202309%20-%20Leinsweiler\/20230921_172512-768x433.jpg 768w, https:\/\/www.guhalg.com\/wordpress\/wp-content\/uploads\/Trips\/202309%20-%20Leinsweiler\/20230921_172512-1536x866.jpg 1536w, https:\/\/www.guhalg.com\/wordpress\/wp-content\/uploads\/Trips\/202309%20-%20Leinsweiler\/20230921_172512-2048x1155.jpg 2048w, https:\/\/www.guhalg.com\/wordpress\/wp-content\/uploads\/Trips\/202309%20-%20Leinsweiler\/20230921_172512-480x270.jpg 480w\" sizes=\"auto, (max-width: 2560px) 100vw, 2560px\" \/><\/a><\/figure>\n<\/div>\n\n\n\n<div class=\"wp-block-column is-layout-flow wp-block-column-is-layout-flow\">\n<figure class=\"wp-block-image size-full\"><a href=\"https:\/\/www.guhalg.com\/wordpress\/wp-content\/uploads\/Trips\/202309 - Leinsweiler\/20230921_172908-scaled.jpg\"><img loading=\"lazy\" decoding=\"async\" width=\"2560\" height=\"1444\" src=\"https:\/\/www.guhalg.com\/wordpress\/wp-content\/uploads\/Trips\/202309 - Leinsweiler\/20230921_172908-scaled.jpg\" alt=\"hohe Aussicht\" class=\"wp-image-11173\" srcset=\"https:\/\/www.guhalg.com\/wordpress\/wp-content\/uploads\/Trips\/202309%20-%20Leinsweiler\/20230921_172908-scaled.jpg 2560w, https:\/\/www.guhalg.com\/wordpress\/wp-content\/uploads\/Trips\/202309%20-%20Leinsweiler\/20230921_172908-300x169.jpg 300w, https:\/\/www.guhalg.com\/wordpress\/wp-content\/uploads\/Trips\/202309%20-%20Leinsweiler\/20230921_172908-1024x578.jpg 1024w, https:\/\/www.guhalg.com\/wordpress\/wp-content\/uploads\/Trips\/202309%20-%20Leinsweiler\/20230921_172908-768x433.jpg 768w, https:\/\/www.guhalg.com\/wordpress\/wp-content\/uploads\/Trips\/202309%20-%20Leinsweiler\/20230921_172908-1536x866.jpg 1536w, https:\/\/www.guhalg.com\/wordpress\/wp-content\/uploads\/Trips\/202309%20-%20Leinsweiler\/20230921_172908-2048x1155.jpg 2048w, https:\/\/www.guhalg.com\/wordpress\/wp-content\/uploads\/Trips\/202309%20-%20Leinsweiler\/20230921_172908-480x270.jpg 480w\" sizes=\"auto, (max-width: 2560px) 100vw, 2560px\" \/><\/a><\/figure>\n<\/div>\n<\/div>\n\n\n\n<p>Am n\u00e4chsten Tag sind wir durch die Landschaft und somit auch den Weinanbau gewandert. Faszinierend ist sowohl der Blick auf endlose Weinst\u00f6cke als auch die einzelnen Reben an diesen. Was man bei dem Wandern durch die Weinberge nicht untersch\u00e4tzen darf, ist die Sonne. So sch\u00f6n sie die Landschaft in Szene setzt, so gnadenlos knallt sie herunter.<\/p>\n\n\n\n<div class=\"wp-block-columns is-layout-flex wp-container-core-columns-is-layout-9d6595d7 wp-block-columns-is-layout-flex\">\n<div class=\"wp-block-column is-layout-flow wp-block-column-is-layout-flow\">\n<figure class=\"wp-block-image size-full\"><a href=\"https:\/\/www.guhalg.com\/wordpress\/wp-content\/uploads\/Trips\/202309 - Leinsweiler\/20230922_121704-scaled.jpg\"><img loading=\"lazy\" decoding=\"async\" width=\"2560\" height=\"1440\" src=\"https:\/\/www.guhalg.com\/wordpress\/wp-content\/uploads\/Trips\/202309 - Leinsweiler\/20230922_121704-scaled.jpg\" alt=\"Weinst\u00f6cke\" class=\"wp-image-11175\" srcset=\"https:\/\/www.guhalg.com\/wordpress\/wp-content\/uploads\/Trips\/202309%20-%20Leinsweiler\/20230922_121704-scaled.jpg 2560w, https:\/\/www.guhalg.com\/wordpress\/wp-content\/uploads\/Trips\/202309%20-%20Leinsweiler\/20230922_121704-300x169.jpg 300w, https:\/\/www.guhalg.com\/wordpress\/wp-content\/uploads\/Trips\/202309%20-%20Leinsweiler\/20230922_121704-1024x576.jpg 1024w, https:\/\/www.guhalg.com\/wordpress\/wp-content\/uploads\/Trips\/202309%20-%20Leinsweiler\/20230922_121704-768x432.jpg 768w, https:\/\/www.guhalg.com\/wordpress\/wp-content\/uploads\/Trips\/202309%20-%20Leinsweiler\/20230922_121704-1536x864.jpg 1536w, https:\/\/www.guhalg.com\/wordpress\/wp-content\/uploads\/Trips\/202309%20-%20Leinsweiler\/20230922_121704-2048x1152.jpg 2048w, https:\/\/www.guhalg.com\/wordpress\/wp-content\/uploads\/Trips\/202309%20-%20Leinsweiler\/20230922_121704-480x270.jpg 480w\" sizes=\"auto, (max-width: 2560px) 100vw, 2560px\" \/><\/a><\/figure>\n<\/div>\n\n\n\n<div class=\"wp-block-column is-layout-flow wp-block-column-is-layout-flow\">\n<figure class=\"wp-block-image size-full\"><a href=\"https:\/\/www.guhalg.com\/wordpress\/wp-content\/uploads\/Trips\/202309 - Leinsweiler\/20230922_154222-scaled.jpg\"><img loading=\"lazy\" decoding=\"async\" width=\"2560\" height=\"1440\" src=\"https:\/\/www.guhalg.com\/wordpress\/wp-content\/uploads\/Trips\/202309 - Leinsweiler\/20230922_154222-scaled.jpg\" alt=\"Weinst\u00f6cke\" class=\"wp-image-11176\" srcset=\"https:\/\/www.guhalg.com\/wordpress\/wp-content\/uploads\/Trips\/202309%20-%20Leinsweiler\/20230922_154222-scaled.jpg 2560w, https:\/\/www.guhalg.com\/wordpress\/wp-content\/uploads\/Trips\/202309%20-%20Leinsweiler\/20230922_154222-300x169.jpg 300w, https:\/\/www.guhalg.com\/wordpress\/wp-content\/uploads\/Trips\/202309%20-%20Leinsweiler\/20230922_154222-1024x576.jpg 1024w, https:\/\/www.guhalg.com\/wordpress\/wp-content\/uploads\/Trips\/202309%20-%20Leinsweiler\/20230922_154222-768x432.jpg 768w, https:\/\/www.guhalg.com\/wordpress\/wp-content\/uploads\/Trips\/202309%20-%20Leinsweiler\/20230922_154222-1536x864.jpg 1536w, https:\/\/www.guhalg.com\/wordpress\/wp-content\/uploads\/Trips\/202309%20-%20Leinsweiler\/20230922_154222-2048x1152.jpg 2048w, https:\/\/www.guhalg.com\/wordpress\/wp-content\/uploads\/Trips\/202309%20-%20Leinsweiler\/20230922_154222-480x270.jpg 480w\" sizes=\"auto, (max-width: 2560px) 100vw, 2560px\" \/><\/a><\/figure>\n<\/div>\n\n\n\n<div class=\"wp-block-column is-layout-flow wp-block-column-is-layout-flow\">\n<figure class=\"wp-block-image size-full\"><a href=\"https:\/\/www.guhalg.com\/wordpress\/wp-content\/uploads\/Trips\/202309 - Leinsweiler\/20230922_120302-scaled.jpg\"><img loading=\"lazy\" decoding=\"async\" width=\"2560\" height=\"1440\" src=\"https:\/\/www.guhalg.com\/wordpress\/wp-content\/uploads\/Trips\/202309 - Leinsweiler\/20230922_120302-scaled.jpg\" alt=\"Reben\" class=\"wp-image-11174\" srcset=\"https:\/\/www.guhalg.com\/wordpress\/wp-content\/uploads\/Trips\/202309%20-%20Leinsweiler\/20230922_120302-scaled.jpg 2560w, https:\/\/www.guhalg.com\/wordpress\/wp-content\/uploads\/Trips\/202309%20-%20Leinsweiler\/20230922_120302-300x169.jpg 300w, https:\/\/www.guhalg.com\/wordpress\/wp-content\/uploads\/Trips\/202309%20-%20Leinsweiler\/20230922_120302-1024x576.jpg 1024w, https:\/\/www.guhalg.com\/wordpress\/wp-content\/uploads\/Trips\/202309%20-%20Leinsweiler\/20230922_120302-768x432.jpg 768w, https:\/\/www.guhalg.com\/wordpress\/wp-content\/uploads\/Trips\/202309%20-%20Leinsweiler\/20230922_120302-1536x864.jpg 1536w, https:\/\/www.guhalg.com\/wordpress\/wp-content\/uploads\/Trips\/202309%20-%20Leinsweiler\/20230922_120302-2048x1152.jpg 2048w, https:\/\/www.guhalg.com\/wordpress\/wp-content\/uploads\/Trips\/202309%20-%20Leinsweiler\/20230922_120302-480x270.jpg 480w\" sizes=\"auto, (max-width: 2560px) 100vw, 2560px\" \/><\/a><\/figure>\n<\/div>\n<\/div>\n\n\n\n<p>Am Abend gab es dann in einem urspr\u00fcnglichen lokalen Gasthaus das typische Pf\u00e4lzer Dreierlei, bestehend aus <a href=\"https:\/\/de.wikipedia.org\/wiki\/Pf%C3%A4lzer_Saumagen\" data-type=\"link\" data-id=\"https:\/\/de.wikipedia.org\/wiki\/Pf%C3%A4lzer_Saumagen\" target=\"_blank\" rel=\"noreferrer noopener\">Pf\u00e4lzer Saumagen<\/a>, <a href=\"https:\/\/de.wikipedia.org\/wiki\/Leberkn%C3%B6del\" data-type=\"link\" data-id=\"https:\/\/de.wikipedia.org\/wiki\/Leberkn%C3%B6del\" target=\"_blank\" rel=\"noreferrer noopener\">Leberkn\u00f6del<\/a> und <a href=\"https:\/\/de.wikipedia.org\/wiki\/Bratwurst\" data-type=\"link\" data-id=\"https:\/\/de.wikipedia.org\/wiki\/Bratwurst\" target=\"_blank\" rel=\"noreferrer noopener\">Pf\u00e4lzer Bratwurst<\/a>. Das war schon krass fleischlastig &#8211; aber auch sehr lecker.<\/p>\n\n\n\n<figure class=\"wp-block-image size-full\"><a href=\"https:\/\/www.guhalg.com\/wordpress\/wp-content\/uploads\/Trips\/202309 - Leinsweiler\/20230922_194824-scaled.jpg\"><img loading=\"lazy\" decoding=\"async\" width=\"2560\" height=\"1440\" src=\"https:\/\/www.guhalg.com\/wordpress\/wp-content\/uploads\/Trips\/202309 - Leinsweiler\/20230922_194824-scaled.jpg\" alt=\"Pf\u00e4lzer Dreierlei\" class=\"wp-image-11177\" srcset=\"https:\/\/www.guhalg.com\/wordpress\/wp-content\/uploads\/Trips\/202309%20-%20Leinsweiler\/20230922_194824-scaled.jpg 2560w, https:\/\/www.guhalg.com\/wordpress\/wp-content\/uploads\/Trips\/202309%20-%20Leinsweiler\/20230922_194824-300x169.jpg 300w, https:\/\/www.guhalg.com\/wordpress\/wp-content\/uploads\/Trips\/202309%20-%20Leinsweiler\/20230922_194824-1024x576.jpg 1024w, https:\/\/www.guhalg.com\/wordpress\/wp-content\/uploads\/Trips\/202309%20-%20Leinsweiler\/20230922_194824-768x432.jpg 768w, https:\/\/www.guhalg.com\/wordpress\/wp-content\/uploads\/Trips\/202309%20-%20Leinsweiler\/20230922_194824-1536x864.jpg 1536w, https:\/\/www.guhalg.com\/wordpress\/wp-content\/uploads\/Trips\/202309%20-%20Leinsweiler\/20230922_194824-2048x1152.jpg 2048w, https:\/\/www.guhalg.com\/wordpress\/wp-content\/uploads\/Trips\/202309%20-%20Leinsweiler\/20230922_194824-480x270.jpg 480w\" sizes=\"auto, (max-width: 2560px) 100vw, 2560px\" \/><\/a><\/figure>\n\n\n\n<p>Der n\u00e4chste Tag brachte wieder die Wanderung durch die endlosen Weinberge. Aber den ganzen Tag durch die eigentlich immer gleich aussehende Weinanbau-Landschaft zu wandern, ist auch anstrengend.<\/p>\n\n\n\n<figure class=\"wp-block-image size-full\"><a href=\"https:\/\/www.guhalg.com\/wordpress\/wp-content\/uploads\/Trips\/202309 - Leinsweiler\/20230923_173859-scaled.jpg\"><img loading=\"lazy\" decoding=\"async\" width=\"2560\" height=\"1440\" src=\"https:\/\/www.guhalg.com\/wordpress\/wp-content\/uploads\/Trips\/202309 - Leinsweiler\/20230923_173859-scaled.jpg\" alt=\"Weinanbau\" class=\"wp-image-11178\" srcset=\"https:\/\/www.guhalg.com\/wordpress\/wp-content\/uploads\/Trips\/202309%20-%20Leinsweiler\/20230923_173859-scaled.jpg 2560w, https:\/\/www.guhalg.com\/wordpress\/wp-content\/uploads\/Trips\/202309%20-%20Leinsweiler\/20230923_173859-300x169.jpg 300w, https:\/\/www.guhalg.com\/wordpress\/wp-content\/uploads\/Trips\/202309%20-%20Leinsweiler\/20230923_173859-1024x576.jpg 1024w, https:\/\/www.guhalg.com\/wordpress\/wp-content\/uploads\/Trips\/202309%20-%20Leinsweiler\/20230923_173859-768x432.jpg 768w, https:\/\/www.guhalg.com\/wordpress\/wp-content\/uploads\/Trips\/202309%20-%20Leinsweiler\/20230923_173859-1536x864.jpg 1536w, https:\/\/www.guhalg.com\/wordpress\/wp-content\/uploads\/Trips\/202309%20-%20Leinsweiler\/20230923_173859-2048x1152.jpg 2048w, https:\/\/www.guhalg.com\/wordpress\/wp-content\/uploads\/Trips\/202309%20-%20Leinsweiler\/20230923_173859-480x270.jpg 480w\" sizes=\"auto, (max-width: 2560px) 100vw, 2560px\" \/><\/a><\/figure>\n\n\n\n<figure class=\"wp-block-image size-full\"><a href=\"https:\/\/www.guhalg.com\/wordpress\/wp-content\/uploads\/Trips\/202309 - Leinsweiler\/20230923_173913-scaled.jpg\"><img loading=\"lazy\" decoding=\"async\" width=\"2560\" height=\"1153\" src=\"https:\/\/www.guhalg.com\/wordpress\/wp-content\/uploads\/Trips\/202309 - Leinsweiler\/20230923_173913-scaled.jpg\" alt=\"Weinanbau\" class=\"wp-image-11179\" srcset=\"https:\/\/www.guhalg.com\/wordpress\/wp-content\/uploads\/Trips\/202309%20-%20Leinsweiler\/20230923_173913-scaled.jpg 2560w, https:\/\/www.guhalg.com\/wordpress\/wp-content\/uploads\/Trips\/202309%20-%20Leinsweiler\/20230923_173913-300x135.jpg 300w, https:\/\/www.guhalg.com\/wordpress\/wp-content\/uploads\/Trips\/202309%20-%20Leinsweiler\/20230923_173913-1024x461.jpg 1024w, https:\/\/www.guhalg.com\/wordpress\/wp-content\/uploads\/Trips\/202309%20-%20Leinsweiler\/20230923_173913-768x346.jpg 768w, https:\/\/www.guhalg.com\/wordpress\/wp-content\/uploads\/Trips\/202309%20-%20Leinsweiler\/20230923_173913-1536x692.jpg 1536w, https:\/\/www.guhalg.com\/wordpress\/wp-content\/uploads\/Trips\/202309%20-%20Leinsweiler\/20230923_173913-2048x922.jpg 2048w\" sizes=\"auto, (max-width: 2560px) 100vw, 2560px\" \/><\/a><\/figure>\n\n\n\n<p>Am Abend hatten wir eine Weinverkostung gebucht und haben bei viel Informationen und bestem Wetter verschiedene K\u00f6stlichkeiten probieren k\u00f6nnen.<\/p>\n\n\n\n<figure class=\"wp-block-image size-full\"><a href=\"https:\/\/www.guhalg.com\/wordpress\/wp-content\/uploads\/Trips\/202309 - Leinsweiler\/20230923_174507-scaled.jpg\"><img loading=\"lazy\" decoding=\"async\" width=\"2560\" height=\"1440\" src=\"https:\/\/www.guhalg.com\/wordpress\/wp-content\/uploads\/Trips\/202309 - Leinsweiler\/20230923_174507-scaled.jpg\" alt=\"Weinverkostung\" class=\"wp-image-11180\" srcset=\"https:\/\/www.guhalg.com\/wordpress\/wp-content\/uploads\/Trips\/202309%20-%20Leinsweiler\/20230923_174507-scaled.jpg 2560w, https:\/\/www.guhalg.com\/wordpress\/wp-content\/uploads\/Trips\/202309%20-%20Leinsweiler\/20230923_174507-300x169.jpg 300w, https:\/\/www.guhalg.com\/wordpress\/wp-content\/uploads\/Trips\/202309%20-%20Leinsweiler\/20230923_174507-1024x576.jpg 1024w, https:\/\/www.guhalg.com\/wordpress\/wp-content\/uploads\/Trips\/202309%20-%20Leinsweiler\/20230923_174507-768x432.jpg 768w, https:\/\/www.guhalg.com\/wordpress\/wp-content\/uploads\/Trips\/202309%20-%20Leinsweiler\/20230923_174507-1536x864.jpg 1536w, https:\/\/www.guhalg.com\/wordpress\/wp-content\/uploads\/Trips\/202309%20-%20Leinsweiler\/20230923_174507-2048x1152.jpg 2048w, https:\/\/www.guhalg.com\/wordpress\/wp-content\/uploads\/Trips\/202309%20-%20Leinsweiler\/20230923_174507-480x270.jpg 480w\" sizes=\"auto, (max-width: 2560px) 100vw, 2560px\" \/><\/a><\/figure>\n\n\n\n<p>Wir waren extra zu Fu\u00df in den Nachbarort gegangen und konnten auf dem R\u00fcckweg zu unserer Unterkunft den sch\u00f6nen Sonnenuntergang genie\u00dfen.<\/p>\n\n\n\n<figure class=\"wp-block-image size-full\"><a href=\"https:\/\/www.guhalg.com\/wordpress\/wp-content\/uploads\/Trips\/202309 - Leinsweiler\/IMG_7600-scaled.jpg\"><img loading=\"lazy\" decoding=\"async\" width=\"2560\" height=\"1440\" src=\"https:\/\/www.guhalg.com\/wordpress\/wp-content\/uploads\/Trips\/202309 - Leinsweiler\/IMG_7600-scaled.jpg\" alt=\"Sonnenuntergang\" class=\"wp-image-11181\" srcset=\"https:\/\/www.guhalg.com\/wordpress\/wp-content\/uploads\/Trips\/202309%20-%20Leinsweiler\/IMG_7600-scaled.jpg 2560w, https:\/\/www.guhalg.com\/wordpress\/wp-content\/uploads\/Trips\/202309%20-%20Leinsweiler\/IMG_7600-300x169.jpg 300w, https:\/\/www.guhalg.com\/wordpress\/wp-content\/uploads\/Trips\/202309%20-%20Leinsweiler\/IMG_7600-1024x576.jpg 1024w, https:\/\/www.guhalg.com\/wordpress\/wp-content\/uploads\/Trips\/202309%20-%20Leinsweiler\/IMG_7600-768x432.jpg 768w, https:\/\/www.guhalg.com\/wordpress\/wp-content\/uploads\/Trips\/202309%20-%20Leinsweiler\/IMG_7600-1536x864.jpg 1536w, https:\/\/www.guhalg.com\/wordpress\/wp-content\/uploads\/Trips\/202309%20-%20Leinsweiler\/IMG_7600-2048x1152.jpg 2048w, https:\/\/www.guhalg.com\/wordpress\/wp-content\/uploads\/Trips\/202309%20-%20Leinsweiler\/IMG_7600-480x270.jpg 480w\" sizes=\"auto, (max-width: 2560px) 100vw, 2560px\" \/><\/a><\/figure>\n\n\n\n<p>Auch wenn es nur ein kurzer Trip in die Pf\u00e4lzer Weinberge war &#8211; es war erholsam, entspannend und auch informativ. Das Ganze mit leckerem Essen, verbunden mit viel frischer Luft und Bewegung hat uns allen gutgetan.<\/p>\n","protected":false},"excerpt":{"rendered":"<p>Im September 2023 waren wir mit Freunden f\u00fcr ein langes Wochenende in Leinsweiler. Wir hatten uns ein Wochenendh\u00e4uschen ausgesucht und bei den Nachbarn den Hund Louis ausgeliehen. Die Anfahrt war aus Algermissen etwas l\u00e4nger, aber wir haben es mit unseren&hellip; <\/p>\n","protected":false},"author":1,"featured_media":0,"parent":11151,"menu_order":2,"comment_status":"closed","ping_status":"closed","template":"","meta":{"footnotes":""},"class_list":["post-11158","page","type-page","status-publish","hentry"],"_links":{"self":[{"href":"https:\/\/www.guhalg.com\/wordpress\/index.php?rest_route=\/wp\/v2\/pages\/11158","targetHints":{"allow":["GET"]}}],"collection":[{"href":"https:\/\/www.guhalg.com\/wordpress\/index.php?rest_route=\/wp\/v2\/pages"}],"about":[{"href":"https:\/\/www.guhalg.com\/wordpress\/index.php?rest_route=\/wp\/v2\/types\/page"}],"author":[{"embeddable":true,"href":"https:\/\/www.guhalg.com\/wordpress\/index.php?rest_route=\/wp\/v2\/users\/1"}],"replies":[{"embeddable":true,"href":"https:\/\/www.guhalg.com\/wordpress\/index.php?rest_route=%2Fwp%2Fv2%2Fcomments&post=11158"}],"version-history":[{"count":21,"href":"https:\/\/www.guhalg.com\/wordpress\/index.php?rest_route=\/wp\/v2\/pages\/11158\/revisions"}],"predecessor-version":[{"id":11249,"href":"https:\/\/www.guhalg.com\/wordpress\/index.php?rest_route=\/wp\/v2\/pages\/11158\/revisions\/11249"}],"up":[{"embeddable":true,"href":"https:\/\/www.guhalg.com\/wordpress\/index.php?rest_route=\/wp\/v2\/pages\/11151"}],"wp:attachment":[{"href":"https:\/\/www.guhalg.com\/wordpress\/index.php?rest_route=%2Fwp%2Fv2%2Fmedia&parent=11158"}],"curies":[{"name":"wp","href":"https:\/\/api.w.org\/{rel}","templated":true}]}}