{"id":11598,"date":"2024-12-22T12:12:56","date_gmt":"2024-12-22T11:12:56","guid":{"rendered":"https:\/\/www.guhalg.com\/wordpress\/?page_id=11598"},"modified":"2024-12-22T13:55:34","modified_gmt":"2024-12-22T12:55:34","slug":"der-abschluss","status":"publish","type":"page","link":"https:\/\/www.guhalg.com\/wordpress\/?page_id=11598","title":{"rendered":"Der Abschluss"},"content":{"rendered":"\n<p>Auch die weiteren Tage waren wir an verschiedenen Sehensw\u00fcrdigkeiten auf Sao Tom\u00e9. Wir haben den botanischen Garten (<a href=\"https:\/\/de.wikipedia.org\/wiki\/Jardim_Bot%C3%A2nico_do_Bom_Sucesso\" data-type=\"link\" data-id=\"https:\/\/de.wikipedia.org\/wiki\/Jardim_Bot%C3%A2nico_do_Bom_Sucesso\" target=\"_blank\" rel=\"noreferrer noopener\">Jardim Bot\u00e2nico do Bom Sucesso<\/a>) mit seiner Orchideen-Halle besucht oder waren im Kunstmuseum. Der botanische Garten ist von au\u00dfen unscheinbar, liegt abseits an einer Stra\u00dfe ins Hochland, ist sch\u00f6n angelegt und beherbergt viele heimische Pflanzen. <\/p>\n\n\n\n<div class=\"wp-block-columns is-layout-flex wp-container-core-columns-is-layout-9d6595d7 wp-block-columns-is-layout-flex\">\n<div class=\"wp-block-column is-layout-flow wp-block-column-is-layout-flow\">\n<figure class=\"wp-block-image size-full\"><a href=\"https:\/\/www.guhalg.com\/wordpress\/wp-content\/uploads\/Reisen\/SaoTome2014\/Verschiedenes\/P1140080-scaled.jpg\"><img loading=\"lazy\" decoding=\"async\" width=\"2560\" height=\"1441\" src=\"https:\/\/www.guhalg.com\/wordpress\/wp-content\/uploads\/Reisen\/SaoTome2014\/Verschiedenes\/P1140080-scaled.jpg\" alt=\"Orchideenhalle\" class=\"wp-image-11610\" srcset=\"https:\/\/www.guhalg.com\/wordpress\/wp-content\/uploads\/Reisen\/SaoTome2014\/Verschiedenes\/P1140080-scaled.jpg 2560w, https:\/\/www.guhalg.com\/wordpress\/wp-content\/uploads\/Reisen\/SaoTome2014\/Verschiedenes\/P1140080-300x169.jpg 300w, https:\/\/www.guhalg.com\/wordpress\/wp-content\/uploads\/Reisen\/SaoTome2014\/Verschiedenes\/P1140080-1024x576.jpg 1024w, https:\/\/www.guhalg.com\/wordpress\/wp-content\/uploads\/Reisen\/SaoTome2014\/Verschiedenes\/P1140080-768x432.jpg 768w, https:\/\/www.guhalg.com\/wordpress\/wp-content\/uploads\/Reisen\/SaoTome2014\/Verschiedenes\/P1140080-1536x865.jpg 1536w, https:\/\/www.guhalg.com\/wordpress\/wp-content\/uploads\/Reisen\/SaoTome2014\/Verschiedenes\/P1140080-2048x1153.jpg 2048w\" sizes=\"auto, (max-width: 2560px) 100vw, 2560px\" \/><\/a><\/figure>\n<\/div>\n\n\n\n<div class=\"wp-block-column is-layout-flow wp-block-column-is-layout-flow\">\n<figure class=\"wp-block-image size-full\"><a href=\"https:\/\/www.guhalg.com\/wordpress\/wp-content\/uploads\/Reisen\/SaoTome2014\/Verschiedenes\/P1140010-scaled.jpg\"><img loading=\"lazy\" decoding=\"async\" width=\"2560\" height=\"1441\" src=\"https:\/\/www.guhalg.com\/wordpress\/wp-content\/uploads\/Reisen\/SaoTome2014\/Verschiedenes\/P1140010-scaled.jpg\" alt=\"Kunst aus Altmetall\" class=\"wp-image-11607\" srcset=\"https:\/\/www.guhalg.com\/wordpress\/wp-content\/uploads\/Reisen\/SaoTome2014\/Verschiedenes\/P1140010-scaled.jpg 2560w, https:\/\/www.guhalg.com\/wordpress\/wp-content\/uploads\/Reisen\/SaoTome2014\/Verschiedenes\/P1140010-300x169.jpg 300w, https:\/\/www.guhalg.com\/wordpress\/wp-content\/uploads\/Reisen\/SaoTome2014\/Verschiedenes\/P1140010-1024x576.jpg 1024w, https:\/\/www.guhalg.com\/wordpress\/wp-content\/uploads\/Reisen\/SaoTome2014\/Verschiedenes\/P1140010-768x432.jpg 768w, https:\/\/www.guhalg.com\/wordpress\/wp-content\/uploads\/Reisen\/SaoTome2014\/Verschiedenes\/P1140010-1536x865.jpg 1536w, https:\/\/www.guhalg.com\/wordpress\/wp-content\/uploads\/Reisen\/SaoTome2014\/Verschiedenes\/P1140010-2048x1153.jpg 2048w\" sizes=\"auto, (max-width: 2560px) 100vw, 2560px\" \/><\/a><\/figure>\n<\/div>\n\n\n\n<div class=\"wp-block-column is-layout-flow wp-block-column-is-layout-flow\">\n<figure class=\"wp-block-image size-full\"><a href=\"https:\/\/www.guhalg.com\/wordpress\/wp-content\/uploads\/Reisen\/SaoTome2014\/Verschiedenes\/P1140015-scaled.jpg\"><img loading=\"lazy\" decoding=\"async\" width=\"2560\" height=\"1441\" src=\"https:\/\/www.guhalg.com\/wordpress\/wp-content\/uploads\/Reisen\/SaoTome2014\/Verschiedenes\/P1140015-scaled.jpg\" alt=\"Kunst\" class=\"wp-image-11608\" srcset=\"https:\/\/www.guhalg.com\/wordpress\/wp-content\/uploads\/Reisen\/SaoTome2014\/Verschiedenes\/P1140015-scaled.jpg 2560w, https:\/\/www.guhalg.com\/wordpress\/wp-content\/uploads\/Reisen\/SaoTome2014\/Verschiedenes\/P1140015-300x169.jpg 300w, https:\/\/www.guhalg.com\/wordpress\/wp-content\/uploads\/Reisen\/SaoTome2014\/Verschiedenes\/P1140015-1024x576.jpg 1024w, https:\/\/www.guhalg.com\/wordpress\/wp-content\/uploads\/Reisen\/SaoTome2014\/Verschiedenes\/P1140015-768x432.jpg 768w, https:\/\/www.guhalg.com\/wordpress\/wp-content\/uploads\/Reisen\/SaoTome2014\/Verschiedenes\/P1140015-1536x865.jpg 1536w, https:\/\/www.guhalg.com\/wordpress\/wp-content\/uploads\/Reisen\/SaoTome2014\/Verschiedenes\/P1140015-2048x1153.jpg 2048w\" sizes=\"auto, (max-width: 2560px) 100vw, 2560px\" \/><\/a><\/figure>\n<\/div>\n<\/div>\n\n\n\n<p><\/p>\n\n\n\n<p>Auch das Nationalmuseum <a href=\"https:\/\/de.wikipedia.org\/wiki\/S%C3%A3o_Sebasti%C3%A3o_Museum\" data-type=\"link\" data-id=\"https:\/\/de.wikipedia.org\/wiki\/S%C3%A3o_Sebasti%C3%A3o_Museum\" target=\"_blank\" rel=\"noreferrer noopener\">S\u00e3o Sebasti\u00e3o Museum<\/a> lohnt sich.<\/p>\n\n\n\n<figure class=\"wp-block-gallery has-nested-images columns-default is-cropped wp-block-gallery-1 is-layout-flex wp-block-gallery-is-layout-flex\">\n<figure class=\"wp-block-image size-full\"><img loading=\"lazy\" decoding=\"async\" width=\"2560\" height=\"1441\" data-id=\"11628\" src=\"https:\/\/www.guhalg.com\/wordpress\/wp-content\/uploads\/Reisen\/SaoTome2014\/Verschiedenes\/P1130999-scaled.jpg\" alt=\"Das Nationalmuseum\" class=\"wp-image-11628\" srcset=\"https:\/\/www.guhalg.com\/wordpress\/wp-content\/uploads\/Reisen\/SaoTome2014\/Verschiedenes\/P1130999-scaled.jpg 2560w, https:\/\/www.guhalg.com\/wordpress\/wp-content\/uploads\/Reisen\/SaoTome2014\/Verschiedenes\/P1130999-300x169.jpg 300w, https:\/\/www.guhalg.com\/wordpress\/wp-content\/uploads\/Reisen\/SaoTome2014\/Verschiedenes\/P1130999-1024x576.jpg 1024w, https:\/\/www.guhalg.com\/wordpress\/wp-content\/uploads\/Reisen\/SaoTome2014\/Verschiedenes\/P1130999-768x432.jpg 768w, https:\/\/www.guhalg.com\/wordpress\/wp-content\/uploads\/Reisen\/SaoTome2014\/Verschiedenes\/P1130999-1536x865.jpg 1536w, https:\/\/www.guhalg.com\/wordpress\/wp-content\/uploads\/Reisen\/SaoTome2014\/Verschiedenes\/P1130999-2048x1153.jpg 2048w\" sizes=\"auto, (max-width: 2560px) 100vw, 2560px\" \/><\/figure>\n\n\n\n<figure class=\"wp-block-image size-full\"><img loading=\"lazy\" decoding=\"async\" width=\"2560\" height=\"1441\" data-id=\"11629\" src=\"https:\/\/www.guhalg.com\/wordpress\/wp-content\/uploads\/Reisen\/SaoTome2014\/Verschiedenes\/P1140002-scaled.jpg\" alt=\"Kleine Verteidigungskanonen\" class=\"wp-image-11629\" srcset=\"https:\/\/www.guhalg.com\/wordpress\/wp-content\/uploads\/Reisen\/SaoTome2014\/Verschiedenes\/P1140002-scaled.jpg 2560w, https:\/\/www.guhalg.com\/wordpress\/wp-content\/uploads\/Reisen\/SaoTome2014\/Verschiedenes\/P1140002-300x169.jpg 300w, https:\/\/www.guhalg.com\/wordpress\/wp-content\/uploads\/Reisen\/SaoTome2014\/Verschiedenes\/P1140002-1024x576.jpg 1024w, https:\/\/www.guhalg.com\/wordpress\/wp-content\/uploads\/Reisen\/SaoTome2014\/Verschiedenes\/P1140002-768x432.jpg 768w, https:\/\/www.guhalg.com\/wordpress\/wp-content\/uploads\/Reisen\/SaoTome2014\/Verschiedenes\/P1140002-1536x865.jpg 1536w, https:\/\/www.guhalg.com\/wordpress\/wp-content\/uploads\/Reisen\/SaoTome2014\/Verschiedenes\/P1140002-2048x1153.jpg 2048w\" sizes=\"auto, (max-width: 2560px) 100vw, 2560px\" \/><\/figure>\n\n\n\n<figure class=\"wp-block-image size-full\"><img loading=\"lazy\" decoding=\"async\" width=\"2560\" height=\"1441\" data-id=\"11630\" src=\"https:\/\/www.guhalg.com\/wordpress\/wp-content\/uploads\/Reisen\/SaoTome2014\/Verschiedenes\/P1140005-scaled.jpg\" alt=\"Blick auf die K\u00fcste\" class=\"wp-image-11630\" srcset=\"https:\/\/www.guhalg.com\/wordpress\/wp-content\/uploads\/Reisen\/SaoTome2014\/Verschiedenes\/P1140005-scaled.jpg 2560w, https:\/\/www.guhalg.com\/wordpress\/wp-content\/uploads\/Reisen\/SaoTome2014\/Verschiedenes\/P1140005-300x169.jpg 300w, https:\/\/www.guhalg.com\/wordpress\/wp-content\/uploads\/Reisen\/SaoTome2014\/Verschiedenes\/P1140005-1024x576.jpg 1024w, https:\/\/www.guhalg.com\/wordpress\/wp-content\/uploads\/Reisen\/SaoTome2014\/Verschiedenes\/P1140005-768x432.jpg 768w, https:\/\/www.guhalg.com\/wordpress\/wp-content\/uploads\/Reisen\/SaoTome2014\/Verschiedenes\/P1140005-1536x865.jpg 1536w, https:\/\/www.guhalg.com\/wordpress\/wp-content\/uploads\/Reisen\/SaoTome2014\/Verschiedenes\/P1140005-2048x1153.jpg 2048w\" sizes=\"auto, (max-width: 2560px) 100vw, 2560px\" \/><\/figure>\n\n\n\n<figure class=\"wp-block-image size-full\"><img loading=\"lazy\" decoding=\"async\" width=\"2560\" height=\"1441\" data-id=\"11631\" src=\"https:\/\/www.guhalg.com\/wordpress\/wp-content\/uploads\/Reisen\/SaoTome2014\/Verschiedenes\/P1140006-scaled.jpg\" alt=\"Blick ins Land\" class=\"wp-image-11631\" srcset=\"https:\/\/www.guhalg.com\/wordpress\/wp-content\/uploads\/Reisen\/SaoTome2014\/Verschiedenes\/P1140006-scaled.jpg 2560w, https:\/\/www.guhalg.com\/wordpress\/wp-content\/uploads\/Reisen\/SaoTome2014\/Verschiedenes\/P1140006-300x169.jpg 300w, https:\/\/www.guhalg.com\/wordpress\/wp-content\/uploads\/Reisen\/SaoTome2014\/Verschiedenes\/P1140006-1024x576.jpg 1024w, https:\/\/www.guhalg.com\/wordpress\/wp-content\/uploads\/Reisen\/SaoTome2014\/Verschiedenes\/P1140006-768x432.jpg 768w, https:\/\/www.guhalg.com\/wordpress\/wp-content\/uploads\/Reisen\/SaoTome2014\/Verschiedenes\/P1140006-1536x865.jpg 1536w, https:\/\/www.guhalg.com\/wordpress\/wp-content\/uploads\/Reisen\/SaoTome2014\/Verschiedenes\/P1140006-2048x1153.jpg 2048w\" sizes=\"auto, (max-width: 2560px) 100vw, 2560px\" \/><\/figure>\n\n\n\n<figure class=\"wp-block-image size-full\"><img loading=\"lazy\" decoding=\"async\" width=\"2560\" height=\"1441\" data-id=\"11632\" src=\"https:\/\/www.guhalg.com\/wordpress\/wp-content\/uploads\/Reisen\/SaoTome2014\/Verschiedenes\/P1140008-scaled.jpg\" alt=\"der Wach- und Leuchtturm\" class=\"wp-image-11632\" srcset=\"https:\/\/www.guhalg.com\/wordpress\/wp-content\/uploads\/Reisen\/SaoTome2014\/Verschiedenes\/P1140008-scaled.jpg 2560w, https:\/\/www.guhalg.com\/wordpress\/wp-content\/uploads\/Reisen\/SaoTome2014\/Verschiedenes\/P1140008-300x169.jpg 300w, https:\/\/www.guhalg.com\/wordpress\/wp-content\/uploads\/Reisen\/SaoTome2014\/Verschiedenes\/P1140008-1024x576.jpg 1024w, https:\/\/www.guhalg.com\/wordpress\/wp-content\/uploads\/Reisen\/SaoTome2014\/Verschiedenes\/P1140008-768x432.jpg 768w, https:\/\/www.guhalg.com\/wordpress\/wp-content\/uploads\/Reisen\/SaoTome2014\/Verschiedenes\/P1140008-1536x865.jpg 1536w, https:\/\/www.guhalg.com\/wordpress\/wp-content\/uploads\/Reisen\/SaoTome2014\/Verschiedenes\/P1140008-2048x1153.jpg 2048w\" sizes=\"auto, (max-width: 2560px) 100vw, 2560px\" \/><\/figure>\n<\/figure>\n\n\n\n<p><\/p>\n\n\n\n<p>Weiter in  der etwas h\u00f6her gelegenen Region haben wir eine kleine Kaffeeplantage besucht und die Landschaft genossen.<\/p>\n\n\n\n<div class=\"wp-block-columns is-layout-flex wp-container-core-columns-is-layout-9d6595d7 wp-block-columns-is-layout-flex\">\n<div class=\"wp-block-column is-layout-flow wp-block-column-is-layout-flow\">\n<figure class=\"wp-block-image size-full\"><a href=\"https:\/\/www.guhalg.com\/wordpress\/wp-content\/uploads\/Reisen\/SaoTome2014\/Verschiedenes\/P1140059-scaled.jpg\"><img loading=\"lazy\" decoding=\"async\" width=\"2560\" height=\"1441\" src=\"https:\/\/www.guhalg.com\/wordpress\/wp-content\/uploads\/Reisen\/SaoTome2014\/Verschiedenes\/P1140059-scaled.jpg\" alt=\"Kaffeepflanze\" class=\"wp-image-11609\" srcset=\"https:\/\/www.guhalg.com\/wordpress\/wp-content\/uploads\/Reisen\/SaoTome2014\/Verschiedenes\/P1140059-scaled.jpg 2560w, https:\/\/www.guhalg.com\/wordpress\/wp-content\/uploads\/Reisen\/SaoTome2014\/Verschiedenes\/P1140059-300x169.jpg 300w, https:\/\/www.guhalg.com\/wordpress\/wp-content\/uploads\/Reisen\/SaoTome2014\/Verschiedenes\/P1140059-1024x576.jpg 1024w, https:\/\/www.guhalg.com\/wordpress\/wp-content\/uploads\/Reisen\/SaoTome2014\/Verschiedenes\/P1140059-768x432.jpg 768w, https:\/\/www.guhalg.com\/wordpress\/wp-content\/uploads\/Reisen\/SaoTome2014\/Verschiedenes\/P1140059-1536x865.jpg 1536w, https:\/\/www.guhalg.com\/wordpress\/wp-content\/uploads\/Reisen\/SaoTome2014\/Verschiedenes\/P1140059-2048x1153.jpg 2048w\" sizes=\"auto, (max-width: 2560px) 100vw, 2560px\" \/><\/a><\/figure>\n<\/div>\n\n\n\n<div class=\"wp-block-column is-layout-flow wp-block-column-is-layout-flow\">\n<figure class=\"wp-block-image size-full\"><a href=\"https:\/\/www.guhalg.com\/wordpress\/wp-content\/uploads\/Reisen\/SaoTome2014\/Verschiedenes\/P1140097-scaled.jpg\"><img loading=\"lazy\" decoding=\"async\" width=\"2560\" height=\"1441\" src=\"https:\/\/www.guhalg.com\/wordpress\/wp-content\/uploads\/Reisen\/SaoTome2014\/Verschiedenes\/P1140097-scaled.jpg\" alt=\"Blick in die Landschaft\" class=\"wp-image-11611\" srcset=\"https:\/\/www.guhalg.com\/wordpress\/wp-content\/uploads\/Reisen\/SaoTome2014\/Verschiedenes\/P1140097-scaled.jpg 2560w, https:\/\/www.guhalg.com\/wordpress\/wp-content\/uploads\/Reisen\/SaoTome2014\/Verschiedenes\/P1140097-300x169.jpg 300w, https:\/\/www.guhalg.com\/wordpress\/wp-content\/uploads\/Reisen\/SaoTome2014\/Verschiedenes\/P1140097-1024x576.jpg 1024w, https:\/\/www.guhalg.com\/wordpress\/wp-content\/uploads\/Reisen\/SaoTome2014\/Verschiedenes\/P1140097-768x432.jpg 768w, https:\/\/www.guhalg.com\/wordpress\/wp-content\/uploads\/Reisen\/SaoTome2014\/Verschiedenes\/P1140097-1536x865.jpg 1536w, https:\/\/www.guhalg.com\/wordpress\/wp-content\/uploads\/Reisen\/SaoTome2014\/Verschiedenes\/P1140097-2048x1153.jpg 2048w\" sizes=\"auto, (max-width: 2560px) 100vw, 2560px\" \/><\/a><\/figure>\n<\/div>\n<\/div>\n\n\n\n<p><\/p>\n\n\n\n<p>Einen Nachmittag sind wir auf die kleine vorgelagerte Insel direkt bei uns vorm Resort gefahren. Wir haben uns im Resort ein Boot f\u00fcr die \u00dcberfahrt bestellt und konnten die Zeiten f\u00fcr die Hin- und R\u00fcckfahrt frei w\u00e4hlen. Mit einem Blick zur\u00fcck ging es r\u00fcber zur Insel. Dort vorbei an der geschlossenen Tauchbasis und einem kleinen Dorf bis zu den Koordinaten 0\u00b0N, 0\u00b0E &#8211; zumindest wird dieses hier so angegeben. Der Weg war gepr\u00e4gt von M\u00fccken, die sich von unserem Antimoskitomittel vom Stechen nicht abhalten lie\u00dfen. <\/p>\n\n\n\n<figure class=\"wp-block-gallery has-nested-images columns-default is-cropped wp-block-gallery-2 is-layout-flex wp-block-gallery-is-layout-flex\">\n<figure class=\"wp-block-image size-full\"><img loading=\"lazy\" decoding=\"async\" width=\"2560\" height=\"1441\" data-id=\"11613\" src=\"https:\/\/www.guhalg.com\/wordpress\/wp-content\/uploads\/Reisen\/SaoTome2014\/Verschiedenes\/P1140122-scaled.jpg\" alt=\"Unser Resort\" class=\"wp-image-11613\" srcset=\"https:\/\/www.guhalg.com\/wordpress\/wp-content\/uploads\/Reisen\/SaoTome2014\/Verschiedenes\/P1140122-scaled.jpg 2560w, https:\/\/www.guhalg.com\/wordpress\/wp-content\/uploads\/Reisen\/SaoTome2014\/Verschiedenes\/P1140122-300x169.jpg 300w, https:\/\/www.guhalg.com\/wordpress\/wp-content\/uploads\/Reisen\/SaoTome2014\/Verschiedenes\/P1140122-1024x576.jpg 1024w, https:\/\/www.guhalg.com\/wordpress\/wp-content\/uploads\/Reisen\/SaoTome2014\/Verschiedenes\/P1140122-768x432.jpg 768w, https:\/\/www.guhalg.com\/wordpress\/wp-content\/uploads\/Reisen\/SaoTome2014\/Verschiedenes\/P1140122-1536x865.jpg 1536w, https:\/\/www.guhalg.com\/wordpress\/wp-content\/uploads\/Reisen\/SaoTome2014\/Verschiedenes\/P1140122-2048x1153.jpg 2048w\" sizes=\"auto, (max-width: 2560px) 100vw, 2560px\" \/><\/figure>\n\n\n\n<figure class=\"wp-block-image size-full\"><img loading=\"lazy\" decoding=\"async\" width=\"2560\" height=\"1441\" data-id=\"11612\" src=\"https:\/\/www.guhalg.com\/wordpress\/wp-content\/uploads\/Reisen\/SaoTome2014\/Verschiedenes\/P1140118-scaled.jpg\" alt=\"Das Transferboot\" class=\"wp-image-11612\" srcset=\"https:\/\/www.guhalg.com\/wordpress\/wp-content\/uploads\/Reisen\/SaoTome2014\/Verschiedenes\/P1140118-scaled.jpg 2560w, https:\/\/www.guhalg.com\/wordpress\/wp-content\/uploads\/Reisen\/SaoTome2014\/Verschiedenes\/P1140118-300x169.jpg 300w, https:\/\/www.guhalg.com\/wordpress\/wp-content\/uploads\/Reisen\/SaoTome2014\/Verschiedenes\/P1140118-1024x576.jpg 1024w, https:\/\/www.guhalg.com\/wordpress\/wp-content\/uploads\/Reisen\/SaoTome2014\/Verschiedenes\/P1140118-768x432.jpg 768w, https:\/\/www.guhalg.com\/wordpress\/wp-content\/uploads\/Reisen\/SaoTome2014\/Verschiedenes\/P1140118-1536x865.jpg 1536w, https:\/\/www.guhalg.com\/wordpress\/wp-content\/uploads\/Reisen\/SaoTome2014\/Verschiedenes\/P1140118-2048x1153.jpg 2048w\" sizes=\"auto, (max-width: 2560px) 100vw, 2560px\" \/><\/figure>\n\n\n\n<figure class=\"wp-block-image size-full\"><img loading=\"lazy\" decoding=\"async\" width=\"2560\" height=\"1441\" data-id=\"11614\" src=\"https:\/\/www.guhalg.com\/wordpress\/wp-content\/uploads\/Reisen\/SaoTome2014\/Verschiedenes\/P1140124-scaled.jpg\" alt=\"Die Tauchbasis\" class=\"wp-image-11614\" srcset=\"https:\/\/www.guhalg.com\/wordpress\/wp-content\/uploads\/Reisen\/SaoTome2014\/Verschiedenes\/P1140124-scaled.jpg 2560w, https:\/\/www.guhalg.com\/wordpress\/wp-content\/uploads\/Reisen\/SaoTome2014\/Verschiedenes\/P1140124-300x169.jpg 300w, https:\/\/www.guhalg.com\/wordpress\/wp-content\/uploads\/Reisen\/SaoTome2014\/Verschiedenes\/P1140124-1024x576.jpg 1024w, https:\/\/www.guhalg.com\/wordpress\/wp-content\/uploads\/Reisen\/SaoTome2014\/Verschiedenes\/P1140124-768x432.jpg 768w, https:\/\/www.guhalg.com\/wordpress\/wp-content\/uploads\/Reisen\/SaoTome2014\/Verschiedenes\/P1140124-1536x865.jpg 1536w, https:\/\/www.guhalg.com\/wordpress\/wp-content\/uploads\/Reisen\/SaoTome2014\/Verschiedenes\/P1140124-2048x1153.jpg 2048w\" sizes=\"auto, (max-width: 2560px) 100vw, 2560px\" \/><\/figure>\n\n\n\n<figure class=\"wp-block-image size-full\"><img loading=\"lazy\" decoding=\"async\" width=\"2560\" height=\"1441\" data-id=\"11615\" src=\"https:\/\/www.guhalg.com\/wordpress\/wp-content\/uploads\/Reisen\/SaoTome2014\/Verschiedenes\/P1140125-scaled.jpg\" alt=\"DIe Telefonzelle\" class=\"wp-image-11615\" srcset=\"https:\/\/www.guhalg.com\/wordpress\/wp-content\/uploads\/Reisen\/SaoTome2014\/Verschiedenes\/P1140125-scaled.jpg 2560w, https:\/\/www.guhalg.com\/wordpress\/wp-content\/uploads\/Reisen\/SaoTome2014\/Verschiedenes\/P1140125-300x169.jpg 300w, https:\/\/www.guhalg.com\/wordpress\/wp-content\/uploads\/Reisen\/SaoTome2014\/Verschiedenes\/P1140125-1024x576.jpg 1024w, https:\/\/www.guhalg.com\/wordpress\/wp-content\/uploads\/Reisen\/SaoTome2014\/Verschiedenes\/P1140125-768x432.jpg 768w, https:\/\/www.guhalg.com\/wordpress\/wp-content\/uploads\/Reisen\/SaoTome2014\/Verschiedenes\/P1140125-1536x865.jpg 1536w, https:\/\/www.guhalg.com\/wordpress\/wp-content\/uploads\/Reisen\/SaoTome2014\/Verschiedenes\/P1140125-2048x1153.jpg 2048w\" sizes=\"auto, (max-width: 2560px) 100vw, 2560px\" \/><\/figure>\n\n\n\n<figure class=\"wp-block-image size-full\"><img loading=\"lazy\" decoding=\"async\" width=\"2560\" height=\"1441\" data-id=\"11616\" src=\"https:\/\/www.guhalg.com\/wordpress\/wp-content\/uploads\/Reisen\/SaoTome2014\/Verschiedenes\/P1140127-scaled.jpg\" alt=\"Ein kleines Dorf\" class=\"wp-image-11616\" srcset=\"https:\/\/www.guhalg.com\/wordpress\/wp-content\/uploads\/Reisen\/SaoTome2014\/Verschiedenes\/P1140127-scaled.jpg 2560w, https:\/\/www.guhalg.com\/wordpress\/wp-content\/uploads\/Reisen\/SaoTome2014\/Verschiedenes\/P1140127-300x169.jpg 300w, https:\/\/www.guhalg.com\/wordpress\/wp-content\/uploads\/Reisen\/SaoTome2014\/Verschiedenes\/P1140127-1024x576.jpg 1024w, https:\/\/www.guhalg.com\/wordpress\/wp-content\/uploads\/Reisen\/SaoTome2014\/Verschiedenes\/P1140127-768x432.jpg 768w, https:\/\/www.guhalg.com\/wordpress\/wp-content\/uploads\/Reisen\/SaoTome2014\/Verschiedenes\/P1140127-1536x865.jpg 1536w, https:\/\/www.guhalg.com\/wordpress\/wp-content\/uploads\/Reisen\/SaoTome2014\/Verschiedenes\/P1140127-2048x1153.jpg 2048w\" sizes=\"auto, (max-width: 2560px) 100vw, 2560px\" \/><\/figure>\n\n\n\n<figure class=\"wp-block-image size-full\"><img loading=\"lazy\" decoding=\"async\" width=\"2560\" height=\"1441\" data-id=\"11617\" src=\"https:\/\/www.guhalg.com\/wordpress\/wp-content\/uploads\/Reisen\/SaoTome2014\/Verschiedenes\/P1140132-scaled.jpg\" alt=\"Null und Null\" class=\"wp-image-11617\" srcset=\"https:\/\/www.guhalg.com\/wordpress\/wp-content\/uploads\/Reisen\/SaoTome2014\/Verschiedenes\/P1140132-scaled.jpg 2560w, https:\/\/www.guhalg.com\/wordpress\/wp-content\/uploads\/Reisen\/SaoTome2014\/Verschiedenes\/P1140132-300x169.jpg 300w, https:\/\/www.guhalg.com\/wordpress\/wp-content\/uploads\/Reisen\/SaoTome2014\/Verschiedenes\/P1140132-1024x576.jpg 1024w, https:\/\/www.guhalg.com\/wordpress\/wp-content\/uploads\/Reisen\/SaoTome2014\/Verschiedenes\/P1140132-768x432.jpg 768w, https:\/\/www.guhalg.com\/wordpress\/wp-content\/uploads\/Reisen\/SaoTome2014\/Verschiedenes\/P1140132-1536x865.jpg 1536w, https:\/\/www.guhalg.com\/wordpress\/wp-content\/uploads\/Reisen\/SaoTome2014\/Verschiedenes\/P1140132-2048x1153.jpg 2048w\" sizes=\"auto, (max-width: 2560px) 100vw, 2560px\" \/><\/figure>\n<\/figure>\n\n\n\n<p><\/p>\n\n\n\n<p>Aber auch dieser Urlaub ging zu Ende und so wurden wir am letzten Tag wieder in den Norden zum Flughafen gebracht. Dort war es irgendwie eigenartig. Nur ganz wenige Menschen, kein Schalter ge\u00f6ffnet und auch kein erkennbares Personal. Chrischi hat dann doch eine Ansprechpartnerin gefunden und erfahren, dass der heutige Flieger nach Lissabon ersatzlos gestrichen wurde. Nach kurzem Gespr\u00e4ch wurden wir in ein f\u00fcnf Minuten entferntes Hotel gebracht und auf den n\u00e4chsten Tag vertr\u00f6stet. Dort haben wir es uns am Pool mit einem Cocktail gem\u00fctlich gemacht, wurden mit einem leckeren Abendessen versorgt. Normalerweise sind bei diesen \u00dcbernachtungen alkoholische Getr\u00e4nke nicht inbegriffen, hier wurde aber alles \u00fcbernommen.  Am n\u00e4chsten Tag ging es dann mit einem kurzen Zwischenstopp in Lissabon nach Hause. Leider hat uns dies einen Tag gekostet und wir haben beschlossen, die Stadt nochmal separat mit einem Kurzurlaub anzusteuern.<\/p>\n\n\n\n<div class=\"wp-block-columns is-layout-flex wp-container-core-columns-is-layout-9d6595d7 wp-block-columns-is-layout-flex\">\n<div class=\"wp-block-column is-layout-flow wp-block-column-is-layout-flow\">\n<div class=\"wp-block-buttons is-layout-flex wp-block-buttons-is-layout-flex\">\n<div class=\"wp-block-button\"><a class=\"wp-block-button__link wp-element-button\" href=\"https:\/\/www.guhalg.com\/wordpress\/?page_id=11570\">Kulinarisches<\/a><\/div>\n<\/div>\n<\/div>\n\n\n\n<div class=\"wp-block-column is-layout-flow wp-block-column-is-layout-flow\"><\/div>\n<\/div>\n","protected":false},"excerpt":{"rendered":"<p>Auch die weiteren Tage waren wir an verschiedenen Sehensw\u00fcrdigkeiten auf Sao Tom\u00e9. Wir haben den botanischen Garten (Jardim Bot\u00e2nico do Bom Sucesso) mit seiner Orchideen-Halle besucht oder waren im Kunstmuseum. Der botanische Garten ist von au\u00dfen unscheinbar, liegt abseits an&hellip; <\/p>\n","protected":false},"author":1,"featured_media":0,"parent":11458,"menu_order":5,"comment_status":"closed","ping_status":"closed","template":"","meta":{"footnotes":""},"class_list":["post-11598","page","type-page","status-publish","hentry"],"_links":{"self":[{"href":"https:\/\/www.guhalg.com\/wordpress\/index.php?rest_route=\/wp\/v2\/pages\/11598","targetHints":{"allow":["GET"]}}],"collection":[{"href":"https:\/\/www.guhalg.com\/wordpress\/index.php?rest_route=\/wp\/v2\/pages"}],"about":[{"href":"https:\/\/www.guhalg.com\/wordpress\/index.php?rest_route=\/wp\/v2\/types\/page"}],"author":[{"embeddable":true,"href":"https:\/\/www.guhalg.com\/wordpress\/index.php?rest_route=\/wp\/v2\/users\/1"}],"replies":[{"embeddable":true,"href":"https:\/\/www.guhalg.com\/wordpress\/index.php?rest_route=%2Fwp%2Fv2%2Fcomments&post=11598"}],"version-history":[{"count":15,"href":"https:\/\/www.guhalg.com\/wordpress\/index.php?rest_route=\/wp\/v2\/pages\/11598\/revisions"}],"predecessor-version":[{"id":11641,"href":"https:\/\/www.guhalg.com\/wordpress\/index.php?rest_route=\/wp\/v2\/pages\/11598\/revisions\/11641"}],"up":[{"embeddable":true,"href":"https:\/\/www.guhalg.com\/wordpress\/index.php?rest_route=\/wp\/v2\/pages\/11458"}],"wp:attachment":[{"href":"https:\/\/www.guhalg.com\/wordpress\/index.php?rest_route=%2Fwp%2Fv2%2Fmedia&parent=11598"}],"curies":[{"name":"wp","href":"https:\/\/api.w.org\/{rel}","templated":true}]}}