{"id":12185,"date":"2025-06-09T19:23:12","date_gmt":"2025-06-09T17:23:12","guid":{"rendered":"https:\/\/www.guhalg.com\/wordpress\/?page_id=12185"},"modified":"2025-09-10T19:57:37","modified_gmt":"2025-09-10T17:57:37","slug":"wildpark-lueneburger-heide","status":"publish","type":"page","link":"https:\/\/www.guhalg.com\/wordpress\/?page_id=12185","title":{"rendered":"Wildpark L\u00fcneburger Heide"},"content":{"rendered":"\n<p>Im Mai 2025 waren wir f\u00fcr ein verl\u00e4ngertes Wochenende in der L\u00fcneburger Heide. Dort gibt es einen kleinen, feinen <a href=\"https:\/\/wild-park.de\/\" data-type=\"link\" data-id=\"https:\/\/wild-park.de\/\" target=\"_blank\" rel=\"noreferrer noopener\">Wildpark<\/a>. Direkt angegliedert ist ein Baumwipfel- und Entdeckerpfad, der <a href=\"https:\/\/heide-himmel.de\/\" data-type=\"link\" data-id=\"https:\/\/heide-himmel.de\/\" target=\"_blank\" rel=\"noreferrer noopener\">Heide-Himmel<\/a>. Dazu kommt ein kleines <a href=\"https:\/\/schaeferdorf.de\/\" data-type=\"link\" data-id=\"https:\/\/schaeferdorf.de\/\" target=\"_blank\" rel=\"noreferrer noopener\">Sch\u00e4ferdorf <\/a>zur \u00dcbernachtung in einfachen Appartements. Auf der Hinfahrt haben wir noch einen kleinen Zwischenstopp in dem <a href=\"https:\/\/www.dasverruecktehaus-bispingen.de\/\" data-type=\"link\" data-id=\"https:\/\/www.dasverruecktehaus-bispingen.de\/\" target=\"_blank\" rel=\"noreferrer noopener\">verr\u00fcckten Haus<\/a> an der A7 eingelegt.<\/p>\n\n\n\n<p>Das Sch\u00e4ferdorf liegt nur wenige Minuten von der Autobahnabfahrt Garlstorf entfernt und ist wirklich sch\u00f6n mit seinen kleinen H\u00e4uschen. Wir haben uns f\u00fcr ein Appartement entscheiden, da die Sch\u00e4ferwagen keine eigene Toilette haben. Man kann zus\u00e4tzlich ein Fr\u00fchst\u00fcck im Wildpark buchen und kommt schon morgens vor dem Publikumsverkehr \u00fcber einen separaten Zugang in den Wildpark und damit zum Fr\u00fchst\u00fcck.<\/p>\n\n\n\n<p>Doch fangen wir mit der Anreise und dem verr\u00fcckten Haus an. An der Abfahrt Bispingen ist man in zwei Minuten an der skurrilen Attraktion. Wer also mal eine kleine Fahrpause einlegen will, ist hier genau richtig.<\/p>\n\n\n\n<p>Es ist nicht nur die verdrehte Welt. Der Boden ist zus\u00e4tzlich etwas schief und das Ausgleichen scheitert an der falschen Optik. Es ist irgendwie schr\u00e4g, im wahrsten Sinne des Wortes, hier durch die Etagen zu gehen.<\/p>\n\n\n\n<figure class=\"wp-block-gallery has-nested-images columns-default is-cropped wp-block-gallery-1 is-layout-flex wp-block-gallery-is-layout-flex\">\n<figure class=\"wp-block-image size-large\"><img loading=\"lazy\" decoding=\"async\" width=\"1024\" height=\"473\" data-id=\"12193\" src=\"https:\/\/www.guhalg.com\/wordpress\/wp-content\/uploads\/Trips\/202505 - Wildpark\/20250509_124419-1024x473.jpg\" alt=\"Ein Haus steht Kopf\" class=\"wp-image-12193\" srcset=\"https:\/\/www.guhalg.com\/wordpress\/wp-content\/uploads\/Trips\/202505%20-%20Wildpark\/20250509_124419-1024x473.jpg 1024w, https:\/\/www.guhalg.com\/wordpress\/wp-content\/uploads\/Trips\/202505%20-%20Wildpark\/20250509_124419-300x139.jpg 300w, https:\/\/www.guhalg.com\/wordpress\/wp-content\/uploads\/Trips\/202505%20-%20Wildpark\/20250509_124419-768x355.jpg 768w, https:\/\/www.guhalg.com\/wordpress\/wp-content\/uploads\/Trips\/202505%20-%20Wildpark\/20250509_124419-1536x710.jpg 1536w, https:\/\/www.guhalg.com\/wordpress\/wp-content\/uploads\/Trips\/202505%20-%20Wildpark\/20250509_124419-2048x946.jpg 2048w\" sizes=\"auto, (max-width: 1024px) 100vw, 1024px\" \/><\/figure>\n\n\n\n<figure class=\"wp-block-image size-large\"><img loading=\"lazy\" decoding=\"async\" width=\"1024\" height=\"473\" data-id=\"12194\" src=\"https:\/\/www.guhalg.com\/wordpress\/wp-content\/uploads\/Trips\/202505 - Wildpark\/20250509_124436-1024x473.jpg\" alt=\"Ein Haus steht Kopf\" class=\"wp-image-12194\" srcset=\"https:\/\/www.guhalg.com\/wordpress\/wp-content\/uploads\/Trips\/202505%20-%20Wildpark\/20250509_124436-1024x473.jpg 1024w, https:\/\/www.guhalg.com\/wordpress\/wp-content\/uploads\/Trips\/202505%20-%20Wildpark\/20250509_124436-300x139.jpg 300w, https:\/\/www.guhalg.com\/wordpress\/wp-content\/uploads\/Trips\/202505%20-%20Wildpark\/20250509_124436-768x355.jpg 768w, https:\/\/www.guhalg.com\/wordpress\/wp-content\/uploads\/Trips\/202505%20-%20Wildpark\/20250509_124436-1536x710.jpg 1536w, https:\/\/www.guhalg.com\/wordpress\/wp-content\/uploads\/Trips\/202505%20-%20Wildpark\/20250509_124436-2048x946.jpg 2048w\" sizes=\"auto, (max-width: 1024px) 100vw, 1024px\" \/><\/figure>\n\n\n\n<figure class=\"wp-block-image size-large\"><img loading=\"lazy\" decoding=\"async\" width=\"1024\" height=\"473\" data-id=\"12195\" src=\"https:\/\/www.guhalg.com\/wordpress\/wp-content\/uploads\/Trips\/202505 - Wildpark\/20250509_125031-1024x473.jpg\" alt=\"Die Schuhe sind irgendwie falsch\" class=\"wp-image-12195\" srcset=\"https:\/\/www.guhalg.com\/wordpress\/wp-content\/uploads\/Trips\/202505%20-%20Wildpark\/20250509_125031-1024x473.jpg 1024w, https:\/\/www.guhalg.com\/wordpress\/wp-content\/uploads\/Trips\/202505%20-%20Wildpark\/20250509_125031-300x139.jpg 300w, https:\/\/www.guhalg.com\/wordpress\/wp-content\/uploads\/Trips\/202505%20-%20Wildpark\/20250509_125031-768x355.jpg 768w, https:\/\/www.guhalg.com\/wordpress\/wp-content\/uploads\/Trips\/202505%20-%20Wildpark\/20250509_125031-1536x710.jpg 1536w, https:\/\/www.guhalg.com\/wordpress\/wp-content\/uploads\/Trips\/202505%20-%20Wildpark\/20250509_125031-2048x946.jpg 2048w\" sizes=\"auto, (max-width: 1024px) 100vw, 1024px\" \/><\/figure>\n\n\n\n<figure class=\"wp-block-image size-large\"><img loading=\"lazy\" decoding=\"async\" width=\"1024\" height=\"473\" data-id=\"12196\" src=\"https:\/\/www.guhalg.com\/wordpress\/wp-content\/uploads\/Trips\/202505 - Wildpark\/20250509_125112-1024x473.jpg\" alt=\"Das Wohnzimmer passt nicht\" class=\"wp-image-12196\" srcset=\"https:\/\/www.guhalg.com\/wordpress\/wp-content\/uploads\/Trips\/202505%20-%20Wildpark\/20250509_125112-1024x473.jpg 1024w, https:\/\/www.guhalg.com\/wordpress\/wp-content\/uploads\/Trips\/202505%20-%20Wildpark\/20250509_125112-300x139.jpg 300w, https:\/\/www.guhalg.com\/wordpress\/wp-content\/uploads\/Trips\/202505%20-%20Wildpark\/20250509_125112-768x355.jpg 768w, https:\/\/www.guhalg.com\/wordpress\/wp-content\/uploads\/Trips\/202505%20-%20Wildpark\/20250509_125112-1536x710.jpg 1536w, https:\/\/www.guhalg.com\/wordpress\/wp-content\/uploads\/Trips\/202505%20-%20Wildpark\/20250509_125112-2048x946.jpg 2048w\" sizes=\"auto, (max-width: 1024px) 100vw, 1024px\" \/><\/figure>\n\n\n\n<figure class=\"wp-block-image size-large\"><img loading=\"lazy\" decoding=\"async\" width=\"1024\" height=\"473\" data-id=\"12197\" src=\"https:\/\/www.guhalg.com\/wordpress\/wp-content\/uploads\/Trips\/202505 - Wildpark\/20250509_125216-1024x473.jpg\" alt=\"Chrischi im Kopfstand\" class=\"wp-image-12197\" srcset=\"https:\/\/www.guhalg.com\/wordpress\/wp-content\/uploads\/Trips\/202505%20-%20Wildpark\/20250509_125216-1024x473.jpg 1024w, https:\/\/www.guhalg.com\/wordpress\/wp-content\/uploads\/Trips\/202505%20-%20Wildpark\/20250509_125216-300x139.jpg 300w, https:\/\/www.guhalg.com\/wordpress\/wp-content\/uploads\/Trips\/202505%20-%20Wildpark\/20250509_125216-768x355.jpg 768w, https:\/\/www.guhalg.com\/wordpress\/wp-content\/uploads\/Trips\/202505%20-%20Wildpark\/20250509_125216-1536x710.jpg 1536w, https:\/\/www.guhalg.com\/wordpress\/wp-content\/uploads\/Trips\/202505%20-%20Wildpark\/20250509_125216-2048x946.jpg 2048w\" sizes=\"auto, (max-width: 1024px) 100vw, 1024px\" \/><\/figure>\n\n\n\n<figure class=\"wp-block-image size-large\"><img loading=\"lazy\" decoding=\"async\" width=\"1024\" height=\"473\" data-id=\"12198\" src=\"https:\/\/www.guhalg.com\/wordpress\/wp-content\/uploads\/Trips\/202505 - Wildpark\/20250509_125446-1024x473.jpg\" alt=\"Chrischi sitzt auf der Dunstabzugshaube\" class=\"wp-image-12198\" srcset=\"https:\/\/www.guhalg.com\/wordpress\/wp-content\/uploads\/Trips\/202505%20-%20Wildpark\/20250509_125446-1024x473.jpg 1024w, https:\/\/www.guhalg.com\/wordpress\/wp-content\/uploads\/Trips\/202505%20-%20Wildpark\/20250509_125446-300x139.jpg 300w, https:\/\/www.guhalg.com\/wordpress\/wp-content\/uploads\/Trips\/202505%20-%20Wildpark\/20250509_125446-768x355.jpg 768w, https:\/\/www.guhalg.com\/wordpress\/wp-content\/uploads\/Trips\/202505%20-%20Wildpark\/20250509_125446-1536x710.jpg 1536w, https:\/\/www.guhalg.com\/wordpress\/wp-content\/uploads\/Trips\/202505%20-%20Wildpark\/20250509_125446-2048x946.jpg 2048w\" sizes=\"auto, (max-width: 1024px) 100vw, 1024px\" \/><\/figure>\n<\/figure>\n\n\n\n<p>Nach dieser kurzen Exkursion sind wir auch weiter gefahren in unser Sch\u00e4ferdorf. Wir waren zwar noch einiges vor der offiziellen Anreisezeit, aber man hatte von ersten bis zum letzten Tag vollen Eintritt in den Wildpark und den Baumwipfelpfad. Allerdings hatten wir Gl\u00fcck und unser Appartement stand schon zur Verf\u00fcgung.<\/p>\n\n\n\n<p>Wir hatten von einem kleinen Ferienhaus mit zwei Einheiten die R\u00fcckseite bekommen. Total ruhig, kein Trubel und vor allem Nachmittags die Sonne auf der kleinen Au\u00dfenterrasse.<\/p>\n\n\n\n<figure class=\"wp-block-image size-large\"><a href=\"https:\/\/www.guhalg.com\/wordpress\/wp-content\/uploads\/Trips\/202505 - Wildpark\/20250509_135129-scaled.jpg\"><img loading=\"lazy\" decoding=\"async\" width=\"1024\" height=\"473\" src=\"https:\/\/www.guhalg.com\/wordpress\/wp-content\/uploads\/Trips\/202505 - Wildpark\/20250509_135129-1024x473.jpg\" alt=\"Unser Ferienhaus\" class=\"wp-image-12280\" srcset=\"https:\/\/www.guhalg.com\/wordpress\/wp-content\/uploads\/Trips\/202505%20-%20Wildpark\/20250509_135129-1024x473.jpg 1024w, https:\/\/www.guhalg.com\/wordpress\/wp-content\/uploads\/Trips\/202505%20-%20Wildpark\/20250509_135129-300x139.jpg 300w, https:\/\/www.guhalg.com\/wordpress\/wp-content\/uploads\/Trips\/202505%20-%20Wildpark\/20250509_135129-768x355.jpg 768w, https:\/\/www.guhalg.com\/wordpress\/wp-content\/uploads\/Trips\/202505%20-%20Wildpark\/20250509_135129-1536x710.jpg 1536w, https:\/\/www.guhalg.com\/wordpress\/wp-content\/uploads\/Trips\/202505%20-%20Wildpark\/20250509_135129-2048x946.jpg 2048w\" sizes=\"auto, (max-width: 1024px) 100vw, 1024px\" \/><\/a><\/figure>\n\n\n\n<p>Wir haben noch schnell den Wagen entladen und die h\u00fcbsch angelegte Landschaft genossen. Danach ging es in den WIldpark zur ersten Erkundung.<\/p>\n\n\n\n<figure class=\"wp-block-image size-large\"><a href=\"https:\/\/www.guhalg.com\/wordpress\/wp-content\/uploads\/Trips\/202505 - Wildpark\/20250509_135318-scaled.jpg\"><img loading=\"lazy\" decoding=\"async\" width=\"1024\" height=\"473\" src=\"https:\/\/www.guhalg.com\/wordpress\/wp-content\/uploads\/Trips\/202505 - Wildpark\/20250509_135318-1024x473.jpg\" alt=\"Landschaft am Sch\u00e4ferdorf\" class=\"wp-image-12281\" srcset=\"https:\/\/www.guhalg.com\/wordpress\/wp-content\/uploads\/Trips\/202505%20-%20Wildpark\/20250509_135318-1024x473.jpg 1024w, https:\/\/www.guhalg.com\/wordpress\/wp-content\/uploads\/Trips\/202505%20-%20Wildpark\/20250509_135318-300x139.jpg 300w, https:\/\/www.guhalg.com\/wordpress\/wp-content\/uploads\/Trips\/202505%20-%20Wildpark\/20250509_135318-768x355.jpg 768w, https:\/\/www.guhalg.com\/wordpress\/wp-content\/uploads\/Trips\/202505%20-%20Wildpark\/20250509_135318-1536x710.jpg 1536w, https:\/\/www.guhalg.com\/wordpress\/wp-content\/uploads\/Trips\/202505%20-%20Wildpark\/20250509_135318-2048x946.jpg 2048w\" sizes=\"auto, (max-width: 1024px) 100vw, 1024px\" \/><\/a><\/figure>\n\n\n\n<p>Der Wildpark liegt in einer leicht h\u00fcgeligen Mannschaft und bietet auf mehreren Rundwegen eine Vielzahl an Kleinattraktionen und Besichtigung mit den Wildtieren. Direkt aus dem Wildpark heraus ist auch der Baumwipfelpfad erreichbar mit einem separaten Zugang. Dieser f\u00fchrt dann Teilweise auch \u00fcber das Wildgehege und bietet einen umfassenden Einblick \u00fcber L\u00fcneburger Heide.<br>Durch den Separaten Zugang war es auch einfach, mal f\u00fcr eine kleine Kaffeezwischenpause zur\u00fcck in das Sch\u00e4ferdorf zu gehen um dort auf der Sonnenterasse einen Kaffee zu genie\u00dfen. Wir hatten zwar eine kleine Ferienwohnung gemietet, sind aber letztendlich abends zum Essen ins Nachbardorf in ein gutes Steak Restaurant oder bei den Wildpark in das dortige Restaurant angegangen. Auch das Fr\u00fchst\u00fcck haben wir im Wildpark genossen. Klein, fein und vor allem losgel\u00f6st von allen weiteren Besuchern, da wir schon eine halbe Stunde Zutritt vor allen anderen hatten.<\/p>\n\n\n\n<p>Wenn man den halben Freitag, kompletten Samstag und den Sonntagvormittag zusammenrechnet, waren wir quasi zwei volle Tage hier zur Entspannung.<\/p>\n\n\n\n<p>Einige der Bilder findet ihr in unserer <a href=\"https:\/\/www.guhalg.com\/fotowelt\/index.php?sfpg=MjUwNS0tV2lsZHRpZXJwYXJrIEzDvG5lYnVyZ2VyIEhlaWRlLyoqNWZhNzMzYzQ4NmYyOTEyNmM5MTI0ODUzYmU3ZjQ3YjQzYjI5YTdhNWM2YWRiNzUxMWRmNDY2YWMzZWM1YTQ0ZA&amp;info=0\" data-type=\"link\" data-id=\"https:\/\/www.guhalg.com\/fotowelt\/index.php?sfpg=MjUwNS0tV2lsZHRpZXJwYXJrIEzDvG5lYnVyZ2VyIEhlaWRlLyoqNWZhNzMzYzQ4NmYyOTEyNmM5MTI0ODUzYmU3ZjQ3YjQzYjI5YTdhNWM2YWRiNzUxMWRmNDY2YWMzZWM1YTQ0ZA&amp;info=0\" target=\"_blank\" rel=\"noreferrer noopener\">Foto Welt<\/a>. Ein besonderes Erlebnis mit dem Wei\u00dfkopfseeadler seht ihr auf dem Video.<\/p>\n\n\n\n<figure class=\"wp-block-video\"><video height=\"2160\" style=\"aspect-ratio: 3840 \/ 2160;\" width=\"3840\" controls poster=\"https:\/\/www.guhalg.com\/wordpress\/wp-content\/uploads\/Trips\/202505 - Wildpark\/Wei\u00dfkopfseeadler-scaled.png\" src=\"https:\/\/www.guhalg.com\/wordpress\/wp-content\/uploads\/Trips\/202505 - Wildpark\/Wei\u00dfkopfseeadler.mp4\"><\/video><\/figure>\n\n\n\n<p>Das Wochenende im Wildpark &#8211; auch wenn es nur von Freitag bis Sonntag war &#8211; f\u00fchlt sich an wie ein ganzer Urlaub. <\/p>\n\n\n\n<p>Besonders das einfache Handling vor Ort, wie z.B. die zus\u00e4tzliche Eintrittskarte am Sonntag f\u00fcr den Park, obwohl wir schon ausgecheckt hatten, der separate Zugang zum Park und die M\u00f6glichkeit jederzeit die Unterkunft, den Wildpark oder auch Baumwipfelpfad zu nutzen, bieten viel Freiheit f\u00fcr die eigene Planung.<\/p>\n","protected":false},"excerpt":{"rendered":"<p>Im Mai 2025 waren wir f\u00fcr ein verl\u00e4ngertes Wochenende in der L\u00fcneburger Heide. Dort gibt es einen kleinen, feinen Wildpark. Direkt angegliedert ist ein Baumwipfel- und Entdeckerpfad, der Heide-Himmel. Dazu kommt ein kleines Sch\u00e4ferdorf zur \u00dcbernachtung in einfachen Appartements. Auf&hellip; <\/p>\n","protected":false},"author":1,"featured_media":0,"parent":11151,"menu_order":3,"comment_status":"closed","ping_status":"closed","template":"","meta":{"footnotes":""},"class_list":["post-12185","page","type-page","status-publish","hentry"],"_links":{"self":[{"href":"https:\/\/www.guhalg.com\/wordpress\/index.php?rest_route=\/wp\/v2\/pages\/12185","targetHints":{"allow":["GET"]}}],"collection":[{"href":"https:\/\/www.guhalg.com\/wordpress\/index.php?rest_route=\/wp\/v2\/pages"}],"about":[{"href":"https:\/\/www.guhalg.com\/wordpress\/index.php?rest_route=\/wp\/v2\/types\/page"}],"author":[{"embeddable":true,"href":"https:\/\/www.guhalg.com\/wordpress\/index.php?rest_route=\/wp\/v2\/users\/1"}],"replies":[{"embeddable":true,"href":"https:\/\/www.guhalg.com\/wordpress\/index.php?rest_route=%2Fwp%2Fv2%2Fcomments&post=12185"}],"version-history":[{"count":21,"href":"https:\/\/www.guhalg.com\/wordpress\/index.php?rest_route=\/wp\/v2\/pages\/12185\/revisions"}],"predecessor-version":[{"id":12305,"href":"https:\/\/www.guhalg.com\/wordpress\/index.php?rest_route=\/wp\/v2\/pages\/12185\/revisions\/12305"}],"up":[{"embeddable":true,"href":"https:\/\/www.guhalg.com\/wordpress\/index.php?rest_route=\/wp\/v2\/pages\/11151"}],"wp:attachment":[{"href":"https:\/\/www.guhalg.com\/wordpress\/index.php?rest_route=%2Fwp%2Fv2%2Fmedia&parent=12185"}],"curies":[{"name":"wp","href":"https:\/\/api.w.org\/{rel}","templated":true}]}}