{"id":1680,"date":"2021-11-13T22:12:56","date_gmt":"2021-11-13T21:12:56","guid":{"rendered":"https:\/\/www.guhalg.com\/wordpress\/?page_id=1680"},"modified":"2022-02-09T18:30:18","modified_gmt":"2022-02-09T17:30:18","slug":"die-baobaballee","status":"publish","type":"page","link":"https:\/\/www.guhalg.com\/wordpress\/?page_id=1680","title":{"rendered":"Die Baobaballee"},"content":{"rendered":"\n<p>Das Fr\u00fchst\u00fcck in Kirindy war der abgelegenen Umgebung angepasst und einfach. Das Baguette stammte vom Vortag, aber die Marmelade war lecker und der T\u00fctenkaffee hei\u00df. So gest\u00e4rkt ging es an die Wanderung. Da dieser Tag nicht ganz so voll vom Programm war, konnten wir in Ruhe unsere Sachen packen und uns in Richtung Baobaballe begeben.<\/p>\n\n\n\n<p>Der Baobab, auch <a rel=\"noreferrer noopener\" href=\"https:\/\/de.wikipedia.org\/wiki\/Afrikanischer_Affenbrotbaum\" target=\"_blank\">Affenbrotbaum<\/a> genannt, sieht aus wie ein umgedrehter Baum, so als h\u00e4tte er die Wurzeln oben. Wir haben ihn zwar schon mehrfach w\u00e4hrend unserer Rundreise gesehen, aber immer nur aus der Ferne und waren bisher noch nicht direkt zu ihm vorgedrungen. Nun, das sollte sich heute \u00e4ndern.<\/p>\n\n\n\n<div class=\"wp-block-columns is-layout-flex wp-container-core-columns-is-layout-9d6595d7 wp-block-columns-is-layout-flex\">\n<div class=\"wp-block-column is-layout-flow wp-block-column-is-layout-flow\">\n<div class=\"wp-block-image\"><figure class=\"aligncenter size-large\"><a href=\"https:\/\/www.guhalg.com\/wordpress\/wp-content\/uploads\/Reisen\/Madagaskar\/Baobaballee\/Baobab_1.jpg\"><img loading=\"lazy\" decoding=\"async\" width=\"575\" height=\"1024\" src=\"https:\/\/www.guhalg.com\/wordpress\/wp-content\/uploads\/Reisen\/Madagaskar\/Baobaballee\/Baobab_1-575x1024.jpg\" alt=\"Baobab im Geb\u00fcsch\" class=\"wp-image-1709\" srcset=\"https:\/\/www.guhalg.com\/wordpress\/wp-content\/uploads\/Reisen\/Madagaskar\/Baobaballee\/Baobab_1-575x1024.jpg 575w, https:\/\/www.guhalg.com\/wordpress\/wp-content\/uploads\/Reisen\/Madagaskar\/Baobaballee\/Baobab_1-169x300.jpg 169w, https:\/\/www.guhalg.com\/wordpress\/wp-content\/uploads\/Reisen\/Madagaskar\/Baobaballee\/Baobab_1-768x1367.jpg 768w, https:\/\/www.guhalg.com\/wordpress\/wp-content\/uploads\/Reisen\/Madagaskar\/Baobaballee\/Baobab_1-863x1536.jpg 863w, https:\/\/www.guhalg.com\/wordpress\/wp-content\/uploads\/Reisen\/Madagaskar\/Baobaballee\/Baobab_1.jpg 1079w\" sizes=\"auto, (max-width: 575px) 100vw, 575px\" \/><\/a><figcaption>Baobab im Geb\u00fcsch<\/figcaption><\/figure><\/div>\n<\/div>\n\n\n\n<div class=\"wp-block-column is-layout-flow wp-block-column-is-layout-flow\">\n<div class=\"wp-block-image\"><figure class=\"aligncenter size-large\"><a href=\"https:\/\/www.guhalg.com\/wordpress\/wp-content\/uploads\/Reisen\/Madagaskar\/Baobaballee\/Baobab_2.jpg\"><img loading=\"lazy\" decoding=\"async\" width=\"575\" height=\"1024\" src=\"https:\/\/www.guhalg.com\/wordpress\/wp-content\/uploads\/Reisen\/Madagaskar\/Baobaballee\/Baobab_2-575x1024.jpg\" alt=\"Baobab solit\u00e4r\" class=\"wp-image-1710\" srcset=\"https:\/\/www.guhalg.com\/wordpress\/wp-content\/uploads\/Reisen\/Madagaskar\/Baobaballee\/Baobab_2-575x1024.jpg 575w, https:\/\/www.guhalg.com\/wordpress\/wp-content\/uploads\/Reisen\/Madagaskar\/Baobaballee\/Baobab_2-169x300.jpg 169w, https:\/\/www.guhalg.com\/wordpress\/wp-content\/uploads\/Reisen\/Madagaskar\/Baobaballee\/Baobab_2-768x1367.jpg 768w, https:\/\/www.guhalg.com\/wordpress\/wp-content\/uploads\/Reisen\/Madagaskar\/Baobaballee\/Baobab_2-863x1536.jpg 863w, https:\/\/www.guhalg.com\/wordpress\/wp-content\/uploads\/Reisen\/Madagaskar\/Baobaballee\/Baobab_2.jpg 1079w\" sizes=\"auto, (max-width: 575px) 100vw, 575px\" \/><\/a><figcaption>Baobab solit\u00e4r<\/figcaption><\/figure><\/div>\n<\/div>\n<\/div>\n\n\n\n<p>Auf dem Weg zur Baobaballee sind wir an mehreren bemerkenswerten Baobabs vorbeigekommen. Sei es, dass sie besonders imposant dastehen, riesig gro\u00df sind, oder auch nur ein besonderes Wachstum aufweisen, wie die beiden folgenden Partnerb\u00e4ume, die sich umschlingen wie ein Liebespaar.<\/p>\n\n\n\n<div class=\"wp-block-columns is-layout-flex wp-container-core-columns-is-layout-9d6595d7 wp-block-columns-is-layout-flex\">\n<div class=\"wp-block-column is-layout-flow wp-block-column-is-layout-flow\">\n<div class=\"wp-block-image\"><figure class=\"aligncenter size-large\"><a href=\"https:\/\/www.guhalg.com\/wordpress\/wp-content\/uploads\/Reisen\/Madagaskar\/Baobaballee\/Liebesb\u00e4ume_1.jpg\"><img loading=\"lazy\" decoding=\"async\" width=\"575\" height=\"1024\" src=\"https:\/\/www.guhalg.com\/wordpress\/wp-content\/uploads\/Reisen\/Madagaskar\/Baobaballee\/Liebesb\u00e4ume_1-575x1024.jpg\" alt=\"Baobab im Liebsakt\" class=\"wp-image-1715\" srcset=\"https:\/\/www.guhalg.com\/wordpress\/wp-content\/uploads\/Reisen\/Madagaskar\/Baobaballee\/Liebesb\u00e4ume_1-575x1024.jpg 575w, https:\/\/www.guhalg.com\/wordpress\/wp-content\/uploads\/Reisen\/Madagaskar\/Baobaballee\/Liebesb\u00e4ume_1-169x300.jpg 169w, https:\/\/www.guhalg.com\/wordpress\/wp-content\/uploads\/Reisen\/Madagaskar\/Baobaballee\/Liebesb\u00e4ume_1-768x1367.jpg 768w, https:\/\/www.guhalg.com\/wordpress\/wp-content\/uploads\/Reisen\/Madagaskar\/Baobaballee\/Liebesb\u00e4ume_1-863x1536.jpg 863w, https:\/\/www.guhalg.com\/wordpress\/wp-content\/uploads\/Reisen\/Madagaskar\/Baobaballee\/Liebesb\u00e4ume_1.jpg 1079w\" sizes=\"auto, (max-width: 575px) 100vw, 575px\" \/><\/a><figcaption>Baobab im Liebsakt<\/figcaption><\/figure><\/div>\n<\/div>\n\n\n\n<div class=\"wp-block-column is-layout-flow wp-block-column-is-layout-flow\">\n<div class=\"wp-block-image\"><figure class=\"aligncenter size-large\"><a href=\"https:\/\/www.guhalg.com\/wordpress\/wp-content\/uploads\/Reisen\/Madagaskar\/Baobaballee\/Liebesb\u00e4ume_2.jpg\"><img loading=\"lazy\" decoding=\"async\" width=\"575\" height=\"1024\" src=\"https:\/\/www.guhalg.com\/wordpress\/wp-content\/uploads\/Reisen\/Madagaskar\/Baobaballee\/Liebesb\u00e4ume_2-575x1024.jpg\" alt=\"verschlungener Baobab\" class=\"wp-image-1716\" srcset=\"https:\/\/www.guhalg.com\/wordpress\/wp-content\/uploads\/Reisen\/Madagaskar\/Baobaballee\/Liebesb\u00e4ume_2-575x1024.jpg 575w, https:\/\/www.guhalg.com\/wordpress\/wp-content\/uploads\/Reisen\/Madagaskar\/Baobaballee\/Liebesb\u00e4ume_2-169x300.jpg 169w, https:\/\/www.guhalg.com\/wordpress\/wp-content\/uploads\/Reisen\/Madagaskar\/Baobaballee\/Liebesb\u00e4ume_2-768x1367.jpg 768w, https:\/\/www.guhalg.com\/wordpress\/wp-content\/uploads\/Reisen\/Madagaskar\/Baobaballee\/Liebesb\u00e4ume_2-863x1536.jpg 863w, https:\/\/www.guhalg.com\/wordpress\/wp-content\/uploads\/Reisen\/Madagaskar\/Baobaballee\/Liebesb\u00e4ume_2.jpg 1079w\" sizes=\"auto, (max-width: 575px) 100vw, 575px\" \/><\/a><figcaption>verschlungener Baobab<\/figcaption><\/figure><\/div>\n<\/div>\n<\/div>\n\n\n\n<p>Der Weg f\u00fchrte uns weiter und gut eine Stunde vor Sonnenuntergang sind wir an dem Ziel unserer heutigen Etappe angekommen. Ein beliebtes Ziel, wo es sogar einen richtigen Parkplatz, also eine ausgeschilderte Sandfl\u00e4che, gibt. Und das alles nur, damit die Sicht auf die B\u00e4ume nicht versperrt wird. Allerdings kommen die meisten Touristen zu einem Tagesausflug hierher. Bei unserer Ankunft war schon wieder viel vom touristischen Treiben tags\u00fcber vorbei und viele Madagassen auf dem Heimweg. F\u00fcr uns bedeutete dieses noch viel Zeit bis zum Sonnenuntergang und wir konnten noch ein wenig die Landschaft und Tierwelt erkunden und uns den besten Platz f\u00fcr den Sonnenuntergang suchen.<\/p>\n\n\n\n<div class=\"wp-block-columns is-layout-flex wp-container-core-columns-is-layout-9d6595d7 wp-block-columns-is-layout-flex\">\n<div class=\"wp-block-column is-layout-flow wp-block-column-is-layout-flow\">\n<div class=\"wp-block-image\"><figure class=\"aligncenter size-large\"><a href=\"https:\/\/www.guhalg.com\/wordpress\/wp-content\/uploads\/Reisen\/Madagaskar\/Baobaballee\/Feierabend.jpg\"><img loading=\"lazy\" decoding=\"async\" width=\"1024\" height=\"575\" src=\"https:\/\/www.guhalg.com\/wordpress\/wp-content\/uploads\/Reisen\/Madagaskar\/Baobaballee\/Feierabend-1024x575.jpg\" alt=\"Feierabend\" class=\"wp-image-1713\" srcset=\"https:\/\/www.guhalg.com\/wordpress\/wp-content\/uploads\/Reisen\/Madagaskar\/Baobaballee\/Feierabend-1024x575.jpg 1024w, https:\/\/www.guhalg.com\/wordpress\/wp-content\/uploads\/Reisen\/Madagaskar\/Baobaballee\/Feierabend-300x169.jpg 300w, https:\/\/www.guhalg.com\/wordpress\/wp-content\/uploads\/Reisen\/Madagaskar\/Baobaballee\/Feierabend-768x432.jpg 768w, https:\/\/www.guhalg.com\/wordpress\/wp-content\/uploads\/Reisen\/Madagaskar\/Baobaballee\/Feierabend-1536x863.jpg 1536w, https:\/\/www.guhalg.com\/wordpress\/wp-content\/uploads\/Reisen\/Madagaskar\/Baobaballee\/Feierabend.jpg 1920w\" sizes=\"auto, (max-width: 1024px) 100vw, 1024px\" \/><\/a><figcaption>Feierabend<\/figcaption><\/figure><\/div>\n<\/div>\n\n\n\n<div class=\"wp-block-column is-layout-flow wp-block-column-is-layout-flow\">\n<div class=\"wp-block-image\"><figure class=\"aligncenter size-large\"><a href=\"https:\/\/www.guhalg.com\/wordpress\/wp-content\/uploads\/Reisen\/Madagaskar\/Baobaballee\/Cham\u00e4leon.jpg\"><img loading=\"lazy\" decoding=\"async\" width=\"1024\" height=\"575\" src=\"https:\/\/www.guhalg.com\/wordpress\/wp-content\/uploads\/Reisen\/Madagaskar\/Baobaballee\/Cham\u00e4leon-1024x575.jpg\" alt=\"Cham\u00e4leon\" class=\"wp-image-1712\" srcset=\"https:\/\/www.guhalg.com\/wordpress\/wp-content\/uploads\/Reisen\/Madagaskar\/Baobaballee\/Cham\u00e4leon-1024x575.jpg 1024w, https:\/\/www.guhalg.com\/wordpress\/wp-content\/uploads\/Reisen\/Madagaskar\/Baobaballee\/Cham\u00e4leon-300x169.jpg 300w, https:\/\/www.guhalg.com\/wordpress\/wp-content\/uploads\/Reisen\/Madagaskar\/Baobaballee\/Cham\u00e4leon-768x432.jpg 768w, https:\/\/www.guhalg.com\/wordpress\/wp-content\/uploads\/Reisen\/Madagaskar\/Baobaballee\/Cham\u00e4leon-1536x863.jpg 1536w, https:\/\/www.guhalg.com\/wordpress\/wp-content\/uploads\/Reisen\/Madagaskar\/Baobaballee\/Cham\u00e4leon.jpg 1920w\" sizes=\"auto, (max-width: 1024px) 100vw, 1024px\" \/><\/a><figcaption>Cham\u00e4leon<\/figcaption><\/figure><\/div>\n<\/div>\n<\/div>\n\n\n\n<p>Mittlerweile waren nur noch wenige Touristen hier und als sich das Licht langsam zum Tagesende hin \u00e4nderte, haben wir uns alle unser Pl\u00e4tzchen gesucht und dieses Schauspiel auf uns wirken lassen.<\/p>\n\n\n\n<div class=\"wp-block-columns is-layout-flex wp-container-core-columns-is-layout-9d6595d7 wp-block-columns-is-layout-flex\">\n<div class=\"wp-block-column is-layout-flow wp-block-column-is-layout-flow\">\n<div class=\"wp-block-image\"><figure class=\"aligncenter size-large\"><a href=\"https:\/\/www.guhalg.com\/wordpress\/wp-content\/uploads\/Reisen\/Madagaskar\/Baobaballee\/Sonnenuntergang_1.jpg\"><img loading=\"lazy\" decoding=\"async\" width=\"1024\" height=\"575\" src=\"https:\/\/www.guhalg.com\/wordpress\/wp-content\/uploads\/Reisen\/Madagaskar\/Baobaballee\/Sonnenuntergang_1-1024x575.jpg\" alt=\"Die erste Abendstimmung\" class=\"wp-image-1718\" srcset=\"https:\/\/www.guhalg.com\/wordpress\/wp-content\/uploads\/Reisen\/Madagaskar\/Baobaballee\/Sonnenuntergang_1-1024x575.jpg 1024w, https:\/\/www.guhalg.com\/wordpress\/wp-content\/uploads\/Reisen\/Madagaskar\/Baobaballee\/Sonnenuntergang_1-300x169.jpg 300w, https:\/\/www.guhalg.com\/wordpress\/wp-content\/uploads\/Reisen\/Madagaskar\/Baobaballee\/Sonnenuntergang_1-768x432.jpg 768w, https:\/\/www.guhalg.com\/wordpress\/wp-content\/uploads\/Reisen\/Madagaskar\/Baobaballee\/Sonnenuntergang_1-1536x863.jpg 1536w, https:\/\/www.guhalg.com\/wordpress\/wp-content\/uploads\/Reisen\/Madagaskar\/Baobaballee\/Sonnenuntergang_1.jpg 1920w\" sizes=\"auto, (max-width: 1024px) 100vw, 1024px\" \/><\/a><figcaption>Die erste Abendstimmung<\/figcaption><\/figure><\/div>\n<\/div>\n\n\n\n<div class=\"wp-block-column is-layout-flow wp-block-column-is-layout-flow\">\n<div class=\"wp-block-image\"><figure class=\"aligncenter size-large\"><a href=\"https:\/\/www.guhalg.com\/wordpress\/wp-content\/uploads\/Reisen\/Madagaskar\/Baobaballee\/Sonnenuntergang_2.jpg\"><img loading=\"lazy\" decoding=\"async\" width=\"1024\" height=\"575\" src=\"https:\/\/www.guhalg.com\/wordpress\/wp-content\/uploads\/Reisen\/Madagaskar\/Baobaballee\/Sonnenuntergang_2-1024x575.jpg\" alt=\"Die Sonne geht unter\" class=\"wp-image-1719\" srcset=\"https:\/\/www.guhalg.com\/wordpress\/wp-content\/uploads\/Reisen\/Madagaskar\/Baobaballee\/Sonnenuntergang_2-1024x575.jpg 1024w, https:\/\/www.guhalg.com\/wordpress\/wp-content\/uploads\/Reisen\/Madagaskar\/Baobaballee\/Sonnenuntergang_2-300x169.jpg 300w, https:\/\/www.guhalg.com\/wordpress\/wp-content\/uploads\/Reisen\/Madagaskar\/Baobaballee\/Sonnenuntergang_2-768x432.jpg 768w, https:\/\/www.guhalg.com\/wordpress\/wp-content\/uploads\/Reisen\/Madagaskar\/Baobaballee\/Sonnenuntergang_2-1536x863.jpg 1536w, https:\/\/www.guhalg.com\/wordpress\/wp-content\/uploads\/Reisen\/Madagaskar\/Baobaballee\/Sonnenuntergang_2.jpg 1920w\" sizes=\"auto, (max-width: 1024px) 100vw, 1024px\" \/><\/a><figcaption>Die Sonne geht unter<\/figcaption><\/figure><\/div>\n<\/div>\n<\/div>\n\n\n\n<div class=\"wp-block-columns is-layout-flex wp-container-core-columns-is-layout-9d6595d7 wp-block-columns-is-layout-flex\">\n<div class=\"wp-block-column is-layout-flow wp-block-column-is-layout-flow\">\n<div class=\"wp-block-image\"><figure class=\"aligncenter size-large\"><img loading=\"lazy\" decoding=\"async\" width=\"1024\" height=\"575\" src=\"https:\/\/www.guhalg.com\/wordpress\/wp-content\/uploads\/Reisen\/Madagaskar\/Baobaballee\/Sonnenuntergang_3-1024x575.jpg\" alt=\"Fast die letzten Strahlen\" class=\"wp-image-1720\" srcset=\"https:\/\/www.guhalg.com\/wordpress\/wp-content\/uploads\/Reisen\/Madagaskar\/Baobaballee\/Sonnenuntergang_3-1024x575.jpg 1024w, https:\/\/www.guhalg.com\/wordpress\/wp-content\/uploads\/Reisen\/Madagaskar\/Baobaballee\/Sonnenuntergang_3-300x169.jpg 300w, https:\/\/www.guhalg.com\/wordpress\/wp-content\/uploads\/Reisen\/Madagaskar\/Baobaballee\/Sonnenuntergang_3-768x432.jpg 768w, https:\/\/www.guhalg.com\/wordpress\/wp-content\/uploads\/Reisen\/Madagaskar\/Baobaballee\/Sonnenuntergang_3-1536x863.jpg 1536w, https:\/\/www.guhalg.com\/wordpress\/wp-content\/uploads\/Reisen\/Madagaskar\/Baobaballee\/Sonnenuntergang_3.jpg 1920w\" sizes=\"auto, (max-width: 1024px) 100vw, 1024px\" \/><figcaption>Fast die letzten Strahlen<\/figcaption><\/figure><\/div>\n<\/div>\n\n\n\n<div class=\"wp-block-column is-layout-flow wp-block-column-is-layout-flow\">\n<div class=\"wp-block-image\"><figure class=\"aligncenter size-large\"><a href=\"https:\/\/www.guhalg.com\/wordpress\/wp-content\/uploads\/Reisen\/Madagaskar\/Baobaballee\/Sonnenuntergang_4.jpg\"><img loading=\"lazy\" decoding=\"async\" width=\"1024\" height=\"575\" src=\"https:\/\/www.guhalg.com\/wordpress\/wp-content\/uploads\/Reisen\/Madagaskar\/Baobaballee\/Sonnenuntergang_4-1024x575.jpg\" alt=\"Jetzt ist der Tag zu Ende\" class=\"wp-image-1721\" srcset=\"https:\/\/www.guhalg.com\/wordpress\/wp-content\/uploads\/Reisen\/Madagaskar\/Baobaballee\/Sonnenuntergang_4-1024x575.jpg 1024w, https:\/\/www.guhalg.com\/wordpress\/wp-content\/uploads\/Reisen\/Madagaskar\/Baobaballee\/Sonnenuntergang_4-300x169.jpg 300w, https:\/\/www.guhalg.com\/wordpress\/wp-content\/uploads\/Reisen\/Madagaskar\/Baobaballee\/Sonnenuntergang_4-768x432.jpg 768w, https:\/\/www.guhalg.com\/wordpress\/wp-content\/uploads\/Reisen\/Madagaskar\/Baobaballee\/Sonnenuntergang_4-1536x863.jpg 1536w, https:\/\/www.guhalg.com\/wordpress\/wp-content\/uploads\/Reisen\/Madagaskar\/Baobaballee\/Sonnenuntergang_4.jpg 1920w\" sizes=\"auto, (max-width: 1024px) 100vw, 1024px\" \/><\/a><figcaption>Jetzt ist der Tag zu Ende<\/figcaption><\/figure><\/div>\n<\/div>\n<\/div>\n\n\n\n<p>Nach diesem beeindruckenden Schauspiel ging es mit dem Wagen weiter zu unserer Unterkunft in Kimony bei Morondava. Hier waren wir f\u00fcr zwei N\u00e4chte, hatten also einen Day off \u2013 kein Programm. Die Fahrt dauerte allerdings doch einiges l\u00e4nger, als wir so vermutet h\u00e4tten. Erstens war die Stra\u00dfe bis zur Rue National 35 als Sandpiste im Dunkeln nur langsam befahrbar und zweitens hatten wir Schwierigkeiten unser Ressort zu finden. Dieses war erst vor kurzem neu er\u00f6ffnet worden und weder unser Guide noch unser Fahrer war schon mal dort.<\/p>\n\n\n\n<p>Laut Plan mussten wir die Stra\u00dfe nur geradeaus weiterfahren bis eine ausgeschilderte Abzweigung kommt, die dann zum Ressort f\u00fchren sollte. Nun ja, das ausgeschildert war schon mal nicht, und die Abzweigung entpuppte sich als ein eher ausgetrocknetes Flussbett denn als eine befahrbare Stra\u00dfe. Letztendlich hatten wir dann aber unser Ressort erreicht und verabschiedeten uns f\u00fcr einen Tag. Unserer Fahrer und Jocy mit den Kindern waren in einer anderen Unterkunft. Aber am Morgen in zwei Tagen sollte es von hier aus weitergehen. So sind wir durch die Anlage bis zu unserem Bungalow Nr. 15 gegangen und haben den n\u00e4chsten Tag mit Ausruhen, Nichtstun und ein wenig die Gegend erkunden verbracht.<\/p>\n\n\n\n<div class=\"wp-block-columns is-layout-flex wp-container-core-columns-is-layout-9d6595d7 wp-block-columns-is-layout-flex\">\n<div class=\"wp-block-column is-layout-flow wp-block-column-is-layout-flow\">\n<div class=\"wp-block-image\"><figure class=\"aligncenter size-large\"><a href=\"https:\/\/www.guhalg.com\/wordpress\/wp-content\/uploads\/Reisen\/Madagaskar\/Baobaballee\/Ressort.jpg\"><img loading=\"lazy\" decoding=\"async\" width=\"1024\" height=\"575\" src=\"https:\/\/www.guhalg.com\/wordpress\/wp-content\/uploads\/Reisen\/Madagaskar\/Baobaballee\/Ressort-1024x575.jpg\" alt=\"Unser Ressort am Abend\" class=\"wp-image-1717\" srcset=\"https:\/\/www.guhalg.com\/wordpress\/wp-content\/uploads\/Reisen\/Madagaskar\/Baobaballee\/Ressort-1024x575.jpg 1024w, https:\/\/www.guhalg.com\/wordpress\/wp-content\/uploads\/Reisen\/Madagaskar\/Baobaballee\/Ressort-300x169.jpg 300w, https:\/\/www.guhalg.com\/wordpress\/wp-content\/uploads\/Reisen\/Madagaskar\/Baobaballee\/Ressort-768x432.jpg 768w, https:\/\/www.guhalg.com\/wordpress\/wp-content\/uploads\/Reisen\/Madagaskar\/Baobaballee\/Ressort-1536x863.jpg 1536w, https:\/\/www.guhalg.com\/wordpress\/wp-content\/uploads\/Reisen\/Madagaskar\/Baobaballee\/Ressort.jpg 1920w\" sizes=\"auto, (max-width: 1024px) 100vw, 1024px\" \/><\/a><figcaption>Unser Ressort am Abend<\/figcaption><\/figure><\/div>\n<\/div>\n\n\n\n<div class=\"wp-block-column is-layout-flow wp-block-column-is-layout-flow\">\n<div class=\"wp-block-image\"><figure class=\"aligncenter size-large\"><a href=\"https:\/\/www.guhalg.com\/wordpress\/wp-content\/uploads\/Reisen\/Madagaskar\/Baobaballee\/Hausnummer.jpg\"><img loading=\"lazy\" decoding=\"async\" width=\"1024\" height=\"575\" src=\"https:\/\/www.guhalg.com\/wordpress\/wp-content\/uploads\/Reisen\/Madagaskar\/Baobaballee\/Hausnummer-1024x575.jpg\" alt=\"Und unser Bungalow\" class=\"wp-image-1714\" srcset=\"https:\/\/www.guhalg.com\/wordpress\/wp-content\/uploads\/Reisen\/Madagaskar\/Baobaballee\/Hausnummer-1024x575.jpg 1024w, https:\/\/www.guhalg.com\/wordpress\/wp-content\/uploads\/Reisen\/Madagaskar\/Baobaballee\/Hausnummer-300x169.jpg 300w, https:\/\/www.guhalg.com\/wordpress\/wp-content\/uploads\/Reisen\/Madagaskar\/Baobaballee\/Hausnummer-768x432.jpg 768w, https:\/\/www.guhalg.com\/wordpress\/wp-content\/uploads\/Reisen\/Madagaskar\/Baobaballee\/Hausnummer-1536x863.jpg 1536w, https:\/\/www.guhalg.com\/wordpress\/wp-content\/uploads\/Reisen\/Madagaskar\/Baobaballee\/Hausnummer.jpg 1920w\" sizes=\"auto, (max-width: 1024px) 100vw, 1024px\" \/><\/a><figcaption>Und unser Bungalow<\/figcaption><\/figure><\/div>\n<\/div>\n<\/div>\n\n\n\n<div class=\"wp-block-columns is-layout-flex wp-container-core-columns-is-layout-9d6595d7 wp-block-columns-is-layout-flex\">\n<div class=\"wp-block-column is-layout-flow wp-block-column-is-layout-flow\">\n<div class=\"wp-block-image\"><figure class=\"aligncenter size-large\"><a href=\"https:\/\/www.guhalg.com\/wordpress\/wp-content\/uploads\/Reisen\/Madagaskar\/Baobaballee\/Bungalow.jpg\"><img loading=\"lazy\" decoding=\"async\" width=\"1024\" height=\"575\" src=\"https:\/\/www.guhalg.com\/wordpress\/wp-content\/uploads\/Reisen\/Madagaskar\/Baobaballee\/Bungalow-1024x575.jpg\" alt=\"Der Bungalow bei Tag\" class=\"wp-image-1711\" srcset=\"https:\/\/www.guhalg.com\/wordpress\/wp-content\/uploads\/Reisen\/Madagaskar\/Baobaballee\/Bungalow-1024x575.jpg 1024w, https:\/\/www.guhalg.com\/wordpress\/wp-content\/uploads\/Reisen\/Madagaskar\/Baobaballee\/Bungalow-300x169.jpg 300w, https:\/\/www.guhalg.com\/wordpress\/wp-content\/uploads\/Reisen\/Madagaskar\/Baobaballee\/Bungalow-768x432.jpg 768w, https:\/\/www.guhalg.com\/wordpress\/wp-content\/uploads\/Reisen\/Madagaskar\/Baobaballee\/Bungalow-1536x863.jpg 1536w, https:\/\/www.guhalg.com\/wordpress\/wp-content\/uploads\/Reisen\/Madagaskar\/Baobaballee\/Bungalow.jpg 1920w\" sizes=\"auto, (max-width: 1024px) 100vw, 1024px\" \/><\/a><figcaption>Der Bungalow bei Tag<\/figcaption><\/figure><\/div>\n<\/div>\n\n\n\n<div class=\"wp-block-column is-layout-flow wp-block-column-is-layout-flow\">\n<div class=\"wp-block-image\"><figure class=\"aligncenter size-large\"><a href=\"https:\/\/www.guhalg.com\/wordpress\/wp-content\/uploads\/Reisen\/Madagaskar\/Baobaballee\/Swimmingpool.jpg\"><img loading=\"lazy\" decoding=\"async\" width=\"1024\" height=\"575\" src=\"https:\/\/www.guhalg.com\/wordpress\/wp-content\/uploads\/Reisen\/Madagaskar\/Baobaballee\/Swimmingpool-1024x575.jpg\" alt=\"Der Swimmingpool\" class=\"wp-image-1722\" srcset=\"https:\/\/www.guhalg.com\/wordpress\/wp-content\/uploads\/Reisen\/Madagaskar\/Baobaballee\/Swimmingpool-1024x575.jpg 1024w, https:\/\/www.guhalg.com\/wordpress\/wp-content\/uploads\/Reisen\/Madagaskar\/Baobaballee\/Swimmingpool-300x169.jpg 300w, https:\/\/www.guhalg.com\/wordpress\/wp-content\/uploads\/Reisen\/Madagaskar\/Baobaballee\/Swimmingpool-768x432.jpg 768w, https:\/\/www.guhalg.com\/wordpress\/wp-content\/uploads\/Reisen\/Madagaskar\/Baobaballee\/Swimmingpool-1536x863.jpg 1536w, https:\/\/www.guhalg.com\/wordpress\/wp-content\/uploads\/Reisen\/Madagaskar\/Baobaballee\/Swimmingpool.jpg 1920w\" sizes=\"auto, (max-width: 1024px) 100vw, 1024px\" \/><\/a><figcaption>Der Swimmingpool<\/figcaption><\/figure><\/div>\n<\/div>\n<\/div>\n\n\n\n<p>Wie schnell doch ein Tag in entspannter Atmosph\u00e4re und Komfort vergehen kann.<\/p>\n\n\n\n<div class=\"wp-block-columns is-layout-flex wp-container-core-columns-is-layout-9d6595d7 wp-block-columns-is-layout-flex\">\n<div class=\"wp-block-column is-layout-flow wp-block-column-is-layout-flow\">\n<div class=\"wp-block-buttons is-layout-flex wp-block-buttons-is-layout-flex\">\n<div class=\"wp-block-button\"><a class=\"wp-block-button__link\" href=\"https:\/\/www.guhalg.com\/wordpress\/?page_id=1637\">Kirindy<\/a><\/div>\n<\/div>\n<\/div>\n\n\n\n<div class=\"wp-block-column is-layout-flow wp-block-column-is-layout-flow\">\n<div class=\"wp-block-buttons is-horizontal is-content-justification-right is-layout-flex wp-container-core-buttons-is-layout-ae2fe186 wp-block-buttons-is-layout-flex\">\n<div class=\"wp-block-button\"><a class=\"wp-block-button__link\" href=\"https:\/\/www.guhalg.com\/wordpress\/?page_id=1730\">Zwei Reisetage<\/a><\/div>\n<\/div>\n<\/div>\n<\/div>\n","protected":false},"excerpt":{"rendered":"<p>Das Fr\u00fchst\u00fcck in Kirindy war der abgelegenen Umgebung angepasst und einfach. Das Baguette stammte vom Vortag, aber die Marmelade war lecker und der T\u00fctenkaffee hei\u00df. So gest\u00e4rkt ging es an die Wanderung. Da dieser Tag nicht ganz so voll vom&hellip; <\/p>\n","protected":false},"author":1,"featured_media":0,"parent":279,"menu_order":0,"comment_status":"closed","ping_status":"closed","template":"","meta":{"footnotes":""},"class_list":["post-1680","page","type-page","status-publish","hentry"],"_links":{"self":[{"href":"https:\/\/www.guhalg.com\/wordpress\/index.php?rest_route=\/wp\/v2\/pages\/1680","targetHints":{"allow":["GET"]}}],"collection":[{"href":"https:\/\/www.guhalg.com\/wordpress\/index.php?rest_route=\/wp\/v2\/pages"}],"about":[{"href":"https:\/\/www.guhalg.com\/wordpress\/index.php?rest_route=\/wp\/v2\/types\/page"}],"author":[{"embeddable":true,"href":"https:\/\/www.guhalg.com\/wordpress\/index.php?rest_route=\/wp\/v2\/users\/1"}],"replies":[{"embeddable":true,"href":"https:\/\/www.guhalg.com\/wordpress\/index.php?rest_route=%2Fwp%2Fv2%2Fcomments&post=1680"}],"version-history":[{"count":10,"href":"https:\/\/www.guhalg.com\/wordpress\/index.php?rest_route=\/wp\/v2\/pages\/1680\/revisions"}],"predecessor-version":[{"id":7896,"href":"https:\/\/www.guhalg.com\/wordpress\/index.php?rest_route=\/wp\/v2\/pages\/1680\/revisions\/7896"}],"up":[{"embeddable":true,"href":"https:\/\/www.guhalg.com\/wordpress\/index.php?rest_route=\/wp\/v2\/pages\/279"}],"wp:attachment":[{"href":"https:\/\/www.guhalg.com\/wordpress\/index.php?rest_route=%2Fwp%2Fv2%2Fmedia&parent=1680"}],"curies":[{"name":"wp","href":"https:\/\/api.w.org\/{rel}","templated":true}]}}