{"id":1730,"date":"2021-11-13T22:54:22","date_gmt":"2021-11-13T21:54:22","guid":{"rendered":"https:\/\/www.guhalg.com\/wordpress\/?page_id=1730"},"modified":"2022-02-09T18:33:44","modified_gmt":"2022-02-09T17:33:44","slug":"zwei-reisetage","status":"publish","type":"page","link":"https:\/\/www.guhalg.com\/wordpress\/?page_id=1730","title":{"rendered":"Zwei Reisetage"},"content":{"rendered":"\n<h2 class=\"wp-block-heading\" id=\"von-morondava-uber-miandrivazo-nach-ambositra\">Von Morondava \u00fcber Miandrivazo nach Ambositra<\/h2>\n\n\n\n<p>Die n\u00e4chsten beiden Tage waren gepr\u00e4gt vom langen Autofahrten durch teilweise v\u00f6llig unber\u00fchrte Landschaften. Aber bevor es ins Landesinnere ging, erst nochmal einen kurzen Abstecher an den Strand zur Stra\u00dfe von Mosambik. Sowohl der Strand als auch die Sonne und W\u00e4rme wirken entspannend und man wird f\u00f6rmlich vom Urlaubsgef\u00fchl mit dieser gewissen Gelassenheit \u00fcberflutet. Und dieses, obwohl wir ja gerade einen total entspannten Day off hatten.<\/p>\n\n\n\n<div class=\"wp-block-columns is-layout-flex wp-container-core-columns-is-layout-9d6595d7 wp-block-columns-is-layout-flex\">\n<div class=\"wp-block-column is-layout-flow wp-block-column-is-layout-flow\">\n<div class=\"wp-block-image\"><figure class=\"aligncenter size-large\"><a href=\"https:\/\/www.guhalg.com\/wordpress\/wp-content\/uploads\/Reisen\/Madagaskar\/Reisetage\/Strandabschnitt.jpg\"><img loading=\"lazy\" decoding=\"async\" width=\"1024\" height=\"575\" src=\"https:\/\/www.guhalg.com\/wordpress\/wp-content\/uploads\/Reisen\/Madagaskar\/Reisetage\/Strandabschnitt-1024x575.jpg\" alt=\"Strandabschnitt\" class=\"wp-image-1745\" srcset=\"https:\/\/www.guhalg.com\/wordpress\/wp-content\/uploads\/Reisen\/Madagaskar\/Reisetage\/Strandabschnitt-1024x575.jpg 1024w, https:\/\/www.guhalg.com\/wordpress\/wp-content\/uploads\/Reisen\/Madagaskar\/Reisetage\/Strandabschnitt-300x169.jpg 300w, https:\/\/www.guhalg.com\/wordpress\/wp-content\/uploads\/Reisen\/Madagaskar\/Reisetage\/Strandabschnitt-768x432.jpg 768w, https:\/\/www.guhalg.com\/wordpress\/wp-content\/uploads\/Reisen\/Madagaskar\/Reisetage\/Strandabschnitt-1536x863.jpg 1536w, https:\/\/www.guhalg.com\/wordpress\/wp-content\/uploads\/Reisen\/Madagaskar\/Reisetage\/Strandabschnitt.jpg 1920w\" sizes=\"auto, (max-width: 1024px) 100vw, 1024px\" \/><\/a><figcaption>Strandabschnitt<\/figcaption><\/figure><\/div>\n<\/div>\n\n\n\n<div class=\"wp-block-column is-layout-flow wp-block-column-is-layout-flow\">\n<div class=\"wp-block-image\"><figure class=\"aligncenter size-large\"><a href=\"https:\/\/www.guhalg.com\/wordpress\/wp-content\/uploads\/Reisen\/Madagaskar\/Reisetage\/Am Strand.jpg\"><img loading=\"lazy\" decoding=\"async\" width=\"1024\" height=\"575\" src=\"https:\/\/www.guhalg.com\/wordpress\/wp-content\/uploads\/Reisen\/Madagaskar\/Reisetage\/Am Strand-1024x575.jpg\" alt=\"Wir am Strand\" class=\"wp-image-1737\" srcset=\"https:\/\/www.guhalg.com\/wordpress\/wp-content\/uploads\/Reisen\/Madagaskar\/Reisetage\/Am%20Strand-1024x575.jpg 1024w, https:\/\/www.guhalg.com\/wordpress\/wp-content\/uploads\/Reisen\/Madagaskar\/Reisetage\/Am%20Strand-300x169.jpg 300w, https:\/\/www.guhalg.com\/wordpress\/wp-content\/uploads\/Reisen\/Madagaskar\/Reisetage\/Am%20Strand-768x432.jpg 768w, https:\/\/www.guhalg.com\/wordpress\/wp-content\/uploads\/Reisen\/Madagaskar\/Reisetage\/Am%20Strand-1536x863.jpg 1536w, https:\/\/www.guhalg.com\/wordpress\/wp-content\/uploads\/Reisen\/Madagaskar\/Reisetage\/Am%20Strand.jpg 1920w\" sizes=\"auto, (max-width: 1024px) 100vw, 1024px\" \/><\/a><figcaption>Wir am Strand<\/figcaption><\/figure><\/div>\n<\/div>\n<\/div>\n\n\n\n<p>Anschlie\u00dfend ging es weiter. Vorbei an Reisfeldern, \u00fcber kleine Bergketten, durch staubtrockene W\u00fcstenlandschaften, nur unterbrochen von dem Gr\u00fcn der B\u00fcsche, die an den unz\u00e4hligen B\u00e4chen und Fl\u00fcssen wachsen. Hier und da waren auch Madagassen unterwegs, aber der \u00fcberwiegende Teil dieses Abschnittes waren wir alleine. Dass es sich hier aber um eine oft genutzte Verbindung handeln muss, konnte man schon an der Tatsache sehen, dass die Strecke fast durchg\u00e4ngig geteert war. Diese zwei Panoramabilder vermitteln hoffentlich einen Eindruck von der Weite und Leere, einige weitere Bilder findet ihr aber auch auf der <a href=\"https:\/\/www.guhalg.com\/wordpress\/?page_id=1368#weiterreise\" data-type=\"page\">Bilderseite<\/a>.<\/p>\n\n\n\n<div class=\"wp-block-image\"><figure class=\"aligncenter size-large\"><a href=\"https:\/\/www.guhalg.com\/wordpress\/wp-content\/uploads\/Reisen\/Madagaskar\/Reisetage\/Blick ins Tal.jpg\"><img loading=\"lazy\" decoding=\"async\" width=\"1024\" height=\"527\" src=\"https:\/\/www.guhalg.com\/wordpress\/wp-content\/uploads\/Reisen\/Madagaskar\/Reisetage\/Blick ins Tal-1024x527.jpg\" alt=\"Der Blick ins Tal\" class=\"wp-image-1738\" title=\"Blick ins Tal\" srcset=\"https:\/\/www.guhalg.com\/wordpress\/wp-content\/uploads\/Reisen\/Madagaskar\/Reisetage\/Blick%20ins%20Tal-1024x527.jpg 1024w, https:\/\/www.guhalg.com\/wordpress\/wp-content\/uploads\/Reisen\/Madagaskar\/Reisetage\/Blick%20ins%20Tal-300x154.jpg 300w, https:\/\/www.guhalg.com\/wordpress\/wp-content\/uploads\/Reisen\/Madagaskar\/Reisetage\/Blick%20ins%20Tal-768x395.jpg 768w, https:\/\/www.guhalg.com\/wordpress\/wp-content\/uploads\/Reisen\/Madagaskar\/Reisetage\/Blick%20ins%20Tal-1536x790.jpg 1536w, https:\/\/www.guhalg.com\/wordpress\/wp-content\/uploads\/Reisen\/Madagaskar\/Reisetage\/Blick%20ins%20Tal.jpg 1920w\" sizes=\"auto, (max-width: 1024px) 100vw, 1024px\" \/><\/a><figcaption>Der Blick ins Tal<\/figcaption><\/figure><\/div>\n\n\n\n<div class=\"wp-block-image\"><figure class=\"aligncenter size-large\"><a href=\"https:\/\/www.guhalg.com\/wordpress\/wp-content\/uploads\/Reisen\/Madagaskar\/Reisetage\/Blick zum Fluss.jpg\"><img loading=\"lazy\" decoding=\"async\" width=\"1024\" height=\"734\" src=\"https:\/\/www.guhalg.com\/wordpress\/wp-content\/uploads\/Reisen\/Madagaskar\/Reisetage\/Blick zum Fluss-1024x734.jpg\" alt=\"Der Blick zum Fluss\" class=\"wp-image-1739\" title=\"Blick zum Fluss\" srcset=\"https:\/\/www.guhalg.com\/wordpress\/wp-content\/uploads\/Reisen\/Madagaskar\/Reisetage\/Blick%20zum%20Fluss-1024x734.jpg 1024w, https:\/\/www.guhalg.com\/wordpress\/wp-content\/uploads\/Reisen\/Madagaskar\/Reisetage\/Blick%20zum%20Fluss-300x215.jpg 300w, https:\/\/www.guhalg.com\/wordpress\/wp-content\/uploads\/Reisen\/Madagaskar\/Reisetage\/Blick%20zum%20Fluss-768x550.jpg 768w, https:\/\/www.guhalg.com\/wordpress\/wp-content\/uploads\/Reisen\/Madagaskar\/Reisetage\/Blick%20zum%20Fluss-1536x1101.jpg 1536w, https:\/\/www.guhalg.com\/wordpress\/wp-content\/uploads\/Reisen\/Madagaskar\/Reisetage\/Blick%20zum%20Fluss.jpg 1920w\" sizes=\"auto, (max-width: 1024px) 100vw, 1024px\" \/><\/a><figcaption>Der Blick zum Fluss<\/figcaption><\/figure><\/div>\n\n\n\n<p>Das Hotel in Miandrivazo kannten wir ja schon. Hier sind wir abgestiegen bevor es aufs Boot ging und hier hatten wir auch Eddy mit seinem defekten SUV zur\u00fcckgelassen. Jetzt wartete er schon auf uns mit seinem Wagen und dem reparierten K\u00fchler.<\/p>\n\n\n\n<p>Die letzten Tage hatte uns Alain durch das Nichts gefahren und das Tsch\u00fcss sagen war schon ein komisches Gef\u00fchl, so als ob man damit einen Teil der Erlebnisse der letzten Tage verabschiedet. Da aber auch auf ihn schon die n\u00e4chsten G\u00e4ste warteten, gab es zum Abschied ein herzliches Veloma (Auf Wiedersehen).<\/p>\n\n\n\n<p>Am n\u00e4chsten Morgen waren wir um 8.00 Uhr zum Fr\u00fchst\u00fcck verabredet und konnten bei sch\u00f6ner Aussicht \u00fcber das Dorf noch die ein- oder andere Tasse Kaffee oder Tee trinken, bevor es wieder weiterging.<\/p>\n\n\n\n<div class=\"wp-block-columns is-layout-flex wp-container-core-columns-is-layout-9d6595d7 wp-block-columns-is-layout-flex\">\n<div class=\"wp-block-column is-layout-flow wp-block-column-is-layout-flow\">\n<div class=\"wp-block-image\"><figure class=\"aligncenter size-large\"><a href=\"https:\/\/www.guhalg.com\/wordpress\/wp-content\/uploads\/Reisen\/Madagaskar\/Reisetage\/Blick \u00fcber das Dorf.jpg\"><img loading=\"lazy\" decoding=\"async\" width=\"1024\" height=\"575\" src=\"https:\/\/www.guhalg.com\/wordpress\/wp-content\/uploads\/Reisen\/Madagaskar\/Reisetage\/Blick \u00fcber das Dorf-1024x575.jpg\" alt=\"Blick \u00fcber das Dorf\" class=\"wp-image-1740\" srcset=\"https:\/\/www.guhalg.com\/wordpress\/wp-content\/uploads\/Reisen\/Madagaskar\/Reisetage\/Blick%20\u00fcber%20das%20Dorf-1024x575.jpg 1024w, https:\/\/www.guhalg.com\/wordpress\/wp-content\/uploads\/Reisen\/Madagaskar\/Reisetage\/Blick%20\u00fcber%20das%20Dorf-300x169.jpg 300w, https:\/\/www.guhalg.com\/wordpress\/wp-content\/uploads\/Reisen\/Madagaskar\/Reisetage\/Blick%20\u00fcber%20das%20Dorf-768x432.jpg 768w, https:\/\/www.guhalg.com\/wordpress\/wp-content\/uploads\/Reisen\/Madagaskar\/Reisetage\/Blick%20\u00fcber%20das%20Dorf-1536x863.jpg 1536w, https:\/\/www.guhalg.com\/wordpress\/wp-content\/uploads\/Reisen\/Madagaskar\/Reisetage\/Blick%20\u00fcber%20das%20Dorf.jpg 1920w\" sizes=\"auto, (max-width: 1024px) 100vw, 1024px\" \/><\/a><figcaption>Blick \u00fcber das Dorf<\/figcaption><\/figure><\/div>\n<\/div>\n\n\n\n<div class=\"wp-block-column is-layout-flow wp-block-column-is-layout-flow\">\n<div class=\"wp-block-image\"><figure class=\"aligncenter size-large\"><a href=\"https:\/\/www.guhalg.com\/wordpress\/wp-content\/uploads\/Reisen\/Madagaskar\/Reisetage\/Unser Bungalow.jpg\"><img loading=\"lazy\" decoding=\"async\" width=\"1024\" height=\"575\" src=\"https:\/\/www.guhalg.com\/wordpress\/wp-content\/uploads\/Reisen\/Madagaskar\/Reisetage\/Unser Bungalow-1024x575.jpg\" alt=\"Unser Bungalow\" class=\"wp-image-1746\" srcset=\"https:\/\/www.guhalg.com\/wordpress\/wp-content\/uploads\/Reisen\/Madagaskar\/Reisetage\/Unser%20Bungalow-1024x575.jpg 1024w, https:\/\/www.guhalg.com\/wordpress\/wp-content\/uploads\/Reisen\/Madagaskar\/Reisetage\/Unser%20Bungalow-300x169.jpg 300w, https:\/\/www.guhalg.com\/wordpress\/wp-content\/uploads\/Reisen\/Madagaskar\/Reisetage\/Unser%20Bungalow-768x432.jpg 768w, https:\/\/www.guhalg.com\/wordpress\/wp-content\/uploads\/Reisen\/Madagaskar\/Reisetage\/Unser%20Bungalow-1536x863.jpg 1536w, https:\/\/www.guhalg.com\/wordpress\/wp-content\/uploads\/Reisen\/Madagaskar\/Reisetage\/Unser%20Bungalow.jpg 1920w\" sizes=\"auto, (max-width: 1024px) 100vw, 1024px\" \/><\/a><figcaption>Unser Bungalow<\/figcaption><\/figure><\/div>\n<\/div>\n<\/div>\n\n\n\n<p>Auf dieser Strecke gab es wieder die gleichen Unterschiede in der Landschaft wie am Tag zuvor. Es ist schon erstaunlich, welche Vielfalt an Landschaft sich in wenigen Kilometern Entfernung entwickelt hat.<\/p>\n\n\n\n<p>Au\u00dfer der grandiosen Landschaft hatten wir heute ein ganz besonderes Erlebnis. Wir haben an einem der vielen Fl\u00fcsse Goldw\u00e4scher bei der Arbeit gesehen. Hier haben die Madagassen das restliche Gold aus dem Wasser gewaschen, das bei einer professionellen Goldw\u00e4scherei weiter oben am Fluss \u00fcbriggeblieben ist. Wie man auf den Bildern sieht ist es eine extrem harte dreckige Arbeit in sengender Sonne, aber f\u00fcr die Leute die einzige M\u00f6glichkeit sich, wenn auch noch so wenig, Geld zu verdienen. Was man auf den Bildern nicht sieht, ist die Nutzung von Quecksilber zur Goldgewinnung mit der blo\u00dfen Hand. Das Gold wird mit Hilfe des Quecksilbers gel\u00f6st \u2013 es geht eine Legierung ein. Beim Erhitzen verdampft das Quecksilber und \u00fcbrig bleibt das Gold und zutiefst vergiftete Menschen. Ein Sterben auf Raten f\u00fcr ein \u00dcberleben des aktuellen Tages.<\/p>\n\n\n\n<div class=\"wp-block-columns is-layout-flex wp-container-core-columns-is-layout-9d6595d7 wp-block-columns-is-layout-flex\">\n<div class=\"wp-block-column is-layout-flow wp-block-column-is-layout-flow\">\n<div class=\"wp-block-image\"><figure class=\"aligncenter size-large\"><a href=\"https:\/\/www.guhalg.com\/wordpress\/wp-content\/uploads\/Reisen\/Madagaskar\/Reisetage\/Goldw\u00e4scher_1.jpg\"><img loading=\"lazy\" decoding=\"async\" width=\"1024\" height=\"575\" src=\"https:\/\/www.guhalg.com\/wordpress\/wp-content\/uploads\/Reisen\/Madagaskar\/Reisetage\/Goldw\u00e4scher_1-1024x575.jpg\" alt=\"Goldw\u00e4scher\" class=\"wp-image-1741\" srcset=\"https:\/\/www.guhalg.com\/wordpress\/wp-content\/uploads\/Reisen\/Madagaskar\/Reisetage\/Goldw\u00e4scher_1-1024x575.jpg 1024w, https:\/\/www.guhalg.com\/wordpress\/wp-content\/uploads\/Reisen\/Madagaskar\/Reisetage\/Goldw\u00e4scher_1-300x169.jpg 300w, https:\/\/www.guhalg.com\/wordpress\/wp-content\/uploads\/Reisen\/Madagaskar\/Reisetage\/Goldw\u00e4scher_1-768x432.jpg 768w, https:\/\/www.guhalg.com\/wordpress\/wp-content\/uploads\/Reisen\/Madagaskar\/Reisetage\/Goldw\u00e4scher_1-1536x863.jpg 1536w, https:\/\/www.guhalg.com\/wordpress\/wp-content\/uploads\/Reisen\/Madagaskar\/Reisetage\/Goldw\u00e4scher_1.jpg 1920w\" sizes=\"auto, (max-width: 1024px) 100vw, 1024px\" \/><\/a><figcaption>Goldw\u00e4scher<\/figcaption><\/figure><\/div>\n<\/div>\n\n\n\n<div class=\"wp-block-column is-layout-flow wp-block-column-is-layout-flow\">\n<div class=\"wp-block-image\"><figure class=\"aligncenter size-large\"><a href=\"https:\/\/www.guhalg.com\/wordpress\/wp-content\/uploads\/Reisen\/Madagaskar\/Reisetage\/Goldw\u00e4scher_2.jpg\"><img loading=\"lazy\" decoding=\"async\" width=\"1024\" height=\"575\" src=\"https:\/\/www.guhalg.com\/wordpress\/wp-content\/uploads\/Reisen\/Madagaskar\/Reisetage\/Goldw\u00e4scher_2-1024x575.jpg\" alt=\"Goldw\u00e4scher\" class=\"wp-image-1742\" srcset=\"https:\/\/www.guhalg.com\/wordpress\/wp-content\/uploads\/Reisen\/Madagaskar\/Reisetage\/Goldw\u00e4scher_2-1024x575.jpg 1024w, https:\/\/www.guhalg.com\/wordpress\/wp-content\/uploads\/Reisen\/Madagaskar\/Reisetage\/Goldw\u00e4scher_2-300x169.jpg 300w, https:\/\/www.guhalg.com\/wordpress\/wp-content\/uploads\/Reisen\/Madagaskar\/Reisetage\/Goldw\u00e4scher_2-768x432.jpg 768w, https:\/\/www.guhalg.com\/wordpress\/wp-content\/uploads\/Reisen\/Madagaskar\/Reisetage\/Goldw\u00e4scher_2-1536x863.jpg 1536w, https:\/\/www.guhalg.com\/wordpress\/wp-content\/uploads\/Reisen\/Madagaskar\/Reisetage\/Goldw\u00e4scher_2.jpg 1920w\" sizes=\"auto, (max-width: 1024px) 100vw, 1024px\" \/><\/a><figcaption>Goldw\u00e4scher<\/figcaption><\/figure><\/div>\n<\/div>\n\n\n\n<div class=\"wp-block-column is-layout-flow wp-block-column-is-layout-flow\">\n<div class=\"wp-block-image\"><figure class=\"aligncenter size-large\"><a href=\"https:\/\/www.guhalg.com\/wordpress\/wp-content\/uploads\/Reisen\/Madagaskar\/Reisetage\/Goldw\u00e4scher_3.jpg\"><img loading=\"lazy\" decoding=\"async\" width=\"1024\" height=\"575\" src=\"https:\/\/www.guhalg.com\/wordpress\/wp-content\/uploads\/Reisen\/Madagaskar\/Reisetage\/Goldw\u00e4scher_3-1024x575.jpg\" alt=\"Goldw\u00e4scher\" class=\"wp-image-1743\" srcset=\"https:\/\/www.guhalg.com\/wordpress\/wp-content\/uploads\/Reisen\/Madagaskar\/Reisetage\/Goldw\u00e4scher_3-1024x575.jpg 1024w, https:\/\/www.guhalg.com\/wordpress\/wp-content\/uploads\/Reisen\/Madagaskar\/Reisetage\/Goldw\u00e4scher_3-300x169.jpg 300w, https:\/\/www.guhalg.com\/wordpress\/wp-content\/uploads\/Reisen\/Madagaskar\/Reisetage\/Goldw\u00e4scher_3-768x432.jpg 768w, https:\/\/www.guhalg.com\/wordpress\/wp-content\/uploads\/Reisen\/Madagaskar\/Reisetage\/Goldw\u00e4scher_3-1536x863.jpg 1536w, https:\/\/www.guhalg.com\/wordpress\/wp-content\/uploads\/Reisen\/Madagaskar\/Reisetage\/Goldw\u00e4scher_3.jpg 1920w\" sizes=\"auto, (max-width: 1024px) 100vw, 1024px\" \/><\/a><figcaption>Goldw\u00e4scher<\/figcaption><\/figure><\/div>\n<\/div>\n<\/div>\n\n\n\n<p>Was man leider auch nicht sieht, sind die Umweltsch\u00e4den, die das Quecksilber verursacht. So idyllisch der Fluss sich auch durch die Landschaft schl\u00e4ngelt, es ist vergiftet, die Fische darin sind vergiftet und bringen das Gift auch noch weit entfernt zu Leuten, die von dem Geschehen hier keine Ahnung haben und die Fische essen. Das gleiche Problem trifft auch den Ackerbau am Fluss. Auch hier setzt sich das Quecksilber in Obst und Gem\u00fcse ab und auch das Maniok, als eines der Hauptnahrungsmittel, bleibt nicht verschont.<\/p>\n\n\n\n<div class=\"wp-block-image\"><figure class=\"aligncenter size-large\"><a href=\"https:\/\/www.guhalg.com\/wordpress\/wp-content\/uploads\/Reisen\/Madagaskar\/Reisetage\/Landschaft.jpg\"><img loading=\"lazy\" decoding=\"async\" width=\"1024\" height=\"575\" src=\"https:\/\/www.guhalg.com\/wordpress\/wp-content\/uploads\/Reisen\/Madagaskar\/Reisetage\/Landschaft-1024x575.jpg\" alt=\"Die verseuchte Landschaft\" class=\"wp-image-1744\" title=\"Landschaft\" srcset=\"https:\/\/www.guhalg.com\/wordpress\/wp-content\/uploads\/Reisen\/Madagaskar\/Reisetage\/Landschaft-1024x575.jpg 1024w, https:\/\/www.guhalg.com\/wordpress\/wp-content\/uploads\/Reisen\/Madagaskar\/Reisetage\/Landschaft-300x169.jpg 300w, https:\/\/www.guhalg.com\/wordpress\/wp-content\/uploads\/Reisen\/Madagaskar\/Reisetage\/Landschaft-768x432.jpg 768w, https:\/\/www.guhalg.com\/wordpress\/wp-content\/uploads\/Reisen\/Madagaskar\/Reisetage\/Landschaft-1536x863.jpg 1536w, https:\/\/www.guhalg.com\/wordpress\/wp-content\/uploads\/Reisen\/Madagaskar\/Reisetage\/Landschaft.jpg 1920w\" sizes=\"auto, (max-width: 1024px) 100vw, 1024px\" \/><\/a><figcaption>Die verseuchte Landschaft<\/figcaption><\/figure><\/div>\n\n\n\n<p>Mit diesen Eindr\u00fccken enden die zwei Reisetage. F\u00fcr den n\u00e4chsten Tag stand zwar auch wieder ein Ortswechsel an, es waren aber auch mehrere Besichtigungen geplant in einer Stadt, die f\u00fcr Ihr Handwerk in Holz- und Lederarbeiten ber\u00fchmt ist.<\/p>\n\n\n\n<div class=\"wp-block-columns is-layout-flex wp-container-core-columns-is-layout-9d6595d7 wp-block-columns-is-layout-flex\">\n<div class=\"wp-block-column is-layout-flow wp-block-column-is-layout-flow\">\n<div class=\"wp-block-buttons is-layout-flex wp-block-buttons-is-layout-flex\">\n<div class=\"wp-block-button\"><a class=\"wp-block-button__link\" href=\"https:\/\/www.guhalg.com\/wordpress\/?page_id=1680\">Die Baobaballee<\/a><\/div>\n<\/div>\n<\/div>\n\n\n\n<div class=\"wp-block-column is-layout-flow wp-block-column-is-layout-flow\">\n<div class=\"wp-block-buttons is-horizontal is-content-justification-right is-layout-flex wp-container-core-buttons-is-layout-ae2fe186 wp-block-buttons-is-layout-flex\">\n<div class=\"wp-block-button\"><a class=\"wp-block-button__link\" href=\"https:\/\/www.guhalg.com\/wordpress\/?page_id=1782\">Handwerkskunst<\/a><\/div>\n<\/div>\n<\/div>\n<\/div>\n","protected":false},"excerpt":{"rendered":"<p>Von Morondava \u00fcber Miandrivazo nach Ambositra Die n\u00e4chsten beiden Tage waren gepr\u00e4gt vom langen Autofahrten durch teilweise v\u00f6llig unber\u00fchrte Landschaften. Aber bevor es ins Landesinnere ging, erst nochmal einen kurzen Abstecher an den Strand zur Stra\u00dfe von Mosambik. Sowohl der&hellip; <\/p>\n","protected":false},"author":1,"featured_media":0,"parent":279,"menu_order":0,"comment_status":"closed","ping_status":"closed","template":"","meta":{"footnotes":""},"class_list":["post-1730","page","type-page","status-publish","hentry"],"_links":{"self":[{"href":"https:\/\/www.guhalg.com\/wordpress\/index.php?rest_route=\/wp\/v2\/pages\/1730","targetHints":{"allow":["GET"]}}],"collection":[{"href":"https:\/\/www.guhalg.com\/wordpress\/index.php?rest_route=\/wp\/v2\/pages"}],"about":[{"href":"https:\/\/www.guhalg.com\/wordpress\/index.php?rest_route=\/wp\/v2\/types\/page"}],"author":[{"embeddable":true,"href":"https:\/\/www.guhalg.com\/wordpress\/index.php?rest_route=\/wp\/v2\/users\/1"}],"replies":[{"embeddable":true,"href":"https:\/\/www.guhalg.com\/wordpress\/index.php?rest_route=%2Fwp%2Fv2%2Fcomments&post=1730"}],"version-history":[{"count":11,"href":"https:\/\/www.guhalg.com\/wordpress\/index.php?rest_route=\/wp\/v2\/pages\/1730\/revisions"}],"predecessor-version":[{"id":7899,"href":"https:\/\/www.guhalg.com\/wordpress\/index.php?rest_route=\/wp\/v2\/pages\/1730\/revisions\/7899"}],"up":[{"embeddable":true,"href":"https:\/\/www.guhalg.com\/wordpress\/index.php?rest_route=\/wp\/v2\/pages\/279"}],"wp:attachment":[{"href":"https:\/\/www.guhalg.com\/wordpress\/index.php?rest_route=%2Fwp%2Fv2%2Fmedia&parent=1730"}],"curies":[{"name":"wp","href":"https:\/\/api.w.org\/{rel}","templated":true}]}}