{"id":2063,"date":"2021-11-14T17:55:12","date_gmt":"2021-11-14T16:55:12","guid":{"rendered":"https:\/\/www.guhalg.com\/wordpress\/?page_id=2063"},"modified":"2022-02-09T18:55:00","modified_gmt":"2022-02-09T17:55:00","slug":"die-rueckreise","status":"publish","type":"page","link":"https:\/\/www.guhalg.com\/wordpress\/?page_id=2063","title":{"rendered":"Die R\u00fcckreise"},"content":{"rendered":"\n<p>Am n\u00e4chsten Tag begann unsere zweit\u00e4gige R\u00fcckreise nach Deutschland mit der Fahrt von Ifaty nach Toliary und von dort per Flieger weiter nach Antananarivo. Hier war f\u00fcr den Abend des n\u00e4chsten Tages unser Flug in Richtung Heimat mit einem Zwischenstopp in Paris vorgesehen.<\/p>\n\n\n\n<p>Gl\u00fccklicherweise brauchten wir den Sicherheitstag nicht, denn unser Flieger startete p\u00fcnktlich in Toliary. Am Flughafen in Tana wurden wir von einer Nichte von Jocy abgeholt und in unser bekanntes Hotel gebracht. Durch den gewonnenen Tag konnten wir noch den alten K\u00f6nigspalast von Antananarivo,\u00a0<a rel=\"noreferrer noopener\" href=\"https:\/\/de.wikipedia.org\/wiki\/Ambohimanga\" target=\"_blank\">Ambohimanga<\/a>,\u00a0 besichtigen, der, etwas au\u00dferhalb der Stadt, wundersch\u00f6n auf einem H\u00fcgel liegt.<\/p>\n\n\n\n<p>Die Bilder vom alten K\u00f6nigshaus und dem Neubau f\u00fcr die K\u00f6nigin sind eine der letzten Eindr\u00fccke an eine Reise durch ein faszinierendes Land. Wir haben in zwei Reisen in insgesamt 30 Tagen nicht nur wundersch\u00f6ne Landschaften kennengelernt, wir haben auch die Menschen zu sch\u00e4tzen gelernt, die uns Touristen immer freundlich und hilfsbereit entgegengekommen sind.<\/p>\n\n\n\n<div class=\"wp-block-columns is-layout-flex wp-container-core-columns-is-layout-9d6595d7 wp-block-columns-is-layout-flex\">\n<div class=\"wp-block-column is-layout-flow wp-block-column-is-layout-flow\">\n<div class=\"wp-block-image\"><figure class=\"aligncenter size-large\"><img loading=\"lazy\" decoding=\"async\" width=\"1024\" height=\"575\" src=\"https:\/\/www.guhalg.com\/wordpress\/wp-content\/uploads\/Reisen\/Madagaskar\/rueckreise\/koenigshaus-1024x575.jpg\" alt=\"Der alte K\u00f6nigspalast\" class=\"wp-image-2068\" srcset=\"https:\/\/www.guhalg.com\/wordpress\/wp-content\/uploads\/Reisen\/Madagaskar\/rueckreise\/koenigshaus-1024x575.jpg 1024w, https:\/\/www.guhalg.com\/wordpress\/wp-content\/uploads\/Reisen\/Madagaskar\/rueckreise\/koenigshaus-300x169.jpg 300w, https:\/\/www.guhalg.com\/wordpress\/wp-content\/uploads\/Reisen\/Madagaskar\/rueckreise\/koenigshaus-768x432.jpg 768w, https:\/\/www.guhalg.com\/wordpress\/wp-content\/uploads\/Reisen\/Madagaskar\/rueckreise\/koenigshaus-1536x863.jpg 1536w, https:\/\/www.guhalg.com\/wordpress\/wp-content\/uploads\/Reisen\/Madagaskar\/rueckreise\/koenigshaus.jpg 1920w\" sizes=\"auto, (max-width: 1024px) 100vw, 1024px\" \/><figcaption>K\u00f6nigspalast<\/figcaption><\/figure><\/div>\n<\/div>\n\n\n\n<div class=\"wp-block-column is-layout-flow wp-block-column-is-layout-flow\">\n<div class=\"wp-block-image\"><figure class=\"aligncenter size-large\"><a href=\"https:\/\/www.guhalg.com\/wordpress\/wp-content\/uploads\/Reisen\/Madagaskar\/rueckreise\/neues-palasthaus.jpg\"><img loading=\"lazy\" decoding=\"async\" width=\"1024\" height=\"575\" src=\"https:\/\/www.guhalg.com\/wordpress\/wp-content\/uploads\/Reisen\/Madagaskar\/rueckreise\/neues-palasthaus-1024x575.jpg\" alt=\"Der Neubau f\u00fcr die K\u00f6nigign\" class=\"wp-image-2069\" srcset=\"https:\/\/www.guhalg.com\/wordpress\/wp-content\/uploads\/Reisen\/Madagaskar\/rueckreise\/neues-palasthaus-1024x575.jpg 1024w, https:\/\/www.guhalg.com\/wordpress\/wp-content\/uploads\/Reisen\/Madagaskar\/rueckreise\/neues-palasthaus-300x169.jpg 300w, https:\/\/www.guhalg.com\/wordpress\/wp-content\/uploads\/Reisen\/Madagaskar\/rueckreise\/neues-palasthaus-768x432.jpg 768w, https:\/\/www.guhalg.com\/wordpress\/wp-content\/uploads\/Reisen\/Madagaskar\/rueckreise\/neues-palasthaus-1536x863.jpg 1536w, https:\/\/www.guhalg.com\/wordpress\/wp-content\/uploads\/Reisen\/Madagaskar\/rueckreise\/neues-palasthaus.jpg 1920w\" sizes=\"auto, (max-width: 1024px) 100vw, 1024px\" \/><\/a><figcaption>Der Neubau f\u00fcr die K\u00f6nigign<\/figcaption><\/figure><\/div>\n<\/div>\n<\/div>\n\n\n\n<p>Der letzte Blick auf das Land, so wie es die alten K\u00f6nige Madagaskars sahen, schlie\u00dft die Reise.<\/p>\n\n\n\n<div class=\"wp-block-image\"><figure class=\"aligncenter size-large\"><a href=\"https:\/\/www.guhalg.com\/wordpress\/wp-content\/uploads\/Reisen\/Madagaskar\/rueckreise\/blick-ueber-das-land.jpg\"><img loading=\"lazy\" decoding=\"async\" width=\"1024\" height=\"694\" src=\"https:\/\/www.guhalg.com\/wordpress\/wp-content\/uploads\/Reisen\/Madagaskar\/rueckreise\/blick-ueber-das-land-1024x694.jpg\" alt=\"Abschied\" class=\"wp-image-2067\" srcset=\"https:\/\/www.guhalg.com\/wordpress\/wp-content\/uploads\/Reisen\/Madagaskar\/rueckreise\/blick-ueber-das-land-1024x694.jpg 1024w, https:\/\/www.guhalg.com\/wordpress\/wp-content\/uploads\/Reisen\/Madagaskar\/rueckreise\/blick-ueber-das-land-300x203.jpg 300w, https:\/\/www.guhalg.com\/wordpress\/wp-content\/uploads\/Reisen\/Madagaskar\/rueckreise\/blick-ueber-das-land-768x520.jpg 768w, https:\/\/www.guhalg.com\/wordpress\/wp-content\/uploads\/Reisen\/Madagaskar\/rueckreise\/blick-ueber-das-land-1536x1041.jpg 1536w, https:\/\/www.guhalg.com\/wordpress\/wp-content\/uploads\/Reisen\/Madagaskar\/rueckreise\/blick-ueber-das-land.jpg 1920w\" sizes=\"auto, (max-width: 1024px) 100vw, 1024px\" \/><\/a><figcaption>Abschied<\/figcaption><\/figure><\/div>\n\n\n\n<div class=\"wp-block-columns is-layout-flex wp-container-core-columns-is-layout-9d6595d7 wp-block-columns-is-layout-flex\">\n<div class=\"wp-block-column is-layout-flow wp-block-column-is-layout-flow\">\n<div class=\"wp-block-buttons is-layout-flex wp-block-buttons-is-layout-flex\">\n<div class=\"wp-block-button\"><a class=\"wp-block-button__link\" href=\"https:\/\/www.guhalg.com\/wordpress\/?page_id=2017\">Der Dornenwald<\/a><\/div>\n<\/div>\n<\/div>\n\n\n\n<div class=\"wp-block-column is-layout-flow wp-block-column-is-layout-flow\">\n<div class=\"wp-block-buttons is-horizontal is-content-justification-right is-layout-flex wp-container-core-buttons-is-layout-ae2fe186 wp-block-buttons-is-layout-flex\">\n<div class=\"wp-block-button\"><a class=\"wp-block-button__link\" href=\"https:\/\/www.guhalg.com\/wordpress\/?page_id=1368\">Einige Bilder<\/a><\/div>\n<\/div>\n<\/div>\n<\/div>\n","protected":false},"excerpt":{"rendered":"<p>Am n\u00e4chsten Tag begann unsere zweit\u00e4gige R\u00fcckreise nach Deutschland mit der Fahrt von Ifaty nach Toliary und von dort per Flieger weiter nach Antananarivo. Hier war f\u00fcr den Abend des n\u00e4chsten Tages unser Flug in Richtung Heimat mit einem Zwischenstopp&hellip; <\/p>\n","protected":false},"author":1,"featured_media":0,"parent":279,"menu_order":0,"comment_status":"closed","ping_status":"closed","template":"","meta":{"footnotes":""},"class_list":["post-2063","page","type-page","status-publish","hentry"],"_links":{"self":[{"href":"https:\/\/www.guhalg.com\/wordpress\/index.php?rest_route=\/wp\/v2\/pages\/2063","targetHints":{"allow":["GET"]}}],"collection":[{"href":"https:\/\/www.guhalg.com\/wordpress\/index.php?rest_route=\/wp\/v2\/pages"}],"about":[{"href":"https:\/\/www.guhalg.com\/wordpress\/index.php?rest_route=\/wp\/v2\/types\/page"}],"author":[{"embeddable":true,"href":"https:\/\/www.guhalg.com\/wordpress\/index.php?rest_route=\/wp\/v2\/users\/1"}],"replies":[{"embeddable":true,"href":"https:\/\/www.guhalg.com\/wordpress\/index.php?rest_route=%2Fwp%2Fv2%2Fcomments&post=2063"}],"version-history":[{"count":5,"href":"https:\/\/www.guhalg.com\/wordpress\/index.php?rest_route=\/wp\/v2\/pages\/2063\/revisions"}],"predecessor-version":[{"id":7912,"href":"https:\/\/www.guhalg.com\/wordpress\/index.php?rest_route=\/wp\/v2\/pages\/2063\/revisions\/7912"}],"up":[{"embeddable":true,"href":"https:\/\/www.guhalg.com\/wordpress\/index.php?rest_route=\/wp\/v2\/pages\/279"}],"wp:attachment":[{"href":"https:\/\/www.guhalg.com\/wordpress\/index.php?rest_route=%2Fwp%2Fv2%2Fmedia&parent=2063"}],"curies":[{"name":"wp","href":"https:\/\/api.w.org\/{rel}","templated":true}]}}