{"id":2550,"date":"2021-11-19T20:59:06","date_gmt":"2021-11-19T19:59:06","guid":{"rendered":"https:\/\/www.guhalg.com\/wordpress\/?page_id=2550"},"modified":"2022-02-06T21:11:18","modified_gmt":"2022-02-06T20:11:18","slug":"philippinen-2005-und-2006","status":"publish","type":"page","link":"https:\/\/www.guhalg.com\/wordpress\/?page_id=2550","title":{"rendered":"Philippinen 2005 und 2006"},"content":{"rendered":"\n<p>Hallo Urlauber,<\/p>\n\n\n\n<p>auf den folgenden Seiten findet ihr einen Reisebericht \u00fcber unseren Philippinen Urlaub 2005, den wir in 2006 dann ann\u00e4hernd wiederholt haben, allerdings erg\u00e4nzt um eine Walhai Schnorchel Tour in Donsol.<\/p>\n\n\n\n<p>Wer einige grundlegende Informationen sucht, kann sich als erste Anlaufstation&nbsp;den Eintrag bei Wikipedia (de) \u00fcber die Philippinen durchlesen.<\/p>\n\n\n\n<p><a href=\"http:\/\/de.wikipedia.org\/wiki\/Philippinen\" target=\"_blank\" rel=\"noreferrer noopener\">Philippinen auf Wikipedia<\/a><\/p>\n\n\n\n<p>Hier schon mal ein Bild aus Google-Earth zum Reiseziel.<\/p>\n\n\n\n<div class=\"wp-block-image\"><figure class=\"aligncenter size-large\"><a href=\"https:\/\/www.guhalg.com\/wordpress\/wp-content\/uploads\/Reisen\/Philippinen2005\/Bericht\/Anreise\/Philippinen_Google.jpg\"><img loading=\"lazy\" decoding=\"async\" width=\"1024\" height=\"898\" src=\"https:\/\/www.guhalg.com\/wordpress\/wp-content\/uploads\/Reisen\/Philippinen2005\/Bericht\/Anreise\/Philippinen_Google-1024x898.jpg\" alt=\"Philippinen_Google\" class=\"wp-image-2700\" srcset=\"https:\/\/www.guhalg.com\/wordpress\/wp-content\/uploads\/Reisen\/Philippinen2005\/Bericht\/Anreise\/Philippinen_Google-1024x898.jpg 1024w, https:\/\/www.guhalg.com\/wordpress\/wp-content\/uploads\/Reisen\/Philippinen2005\/Bericht\/Anreise\/Philippinen_Google-300x263.jpg 300w, https:\/\/www.guhalg.com\/wordpress\/wp-content\/uploads\/Reisen\/Philippinen2005\/Bericht\/Anreise\/Philippinen_Google-768x674.jpg 768w, https:\/\/www.guhalg.com\/wordpress\/wp-content\/uploads\/Reisen\/Philippinen2005\/Bericht\/Anreise\/Philippinen_Google.jpg 1026w\" sizes=\"auto, (max-width: 1024px) 100vw, 1024px\" \/><\/a><figcaption>Philippinen auf Google<\/figcaption><\/figure><\/div>\n\n\n\n<div class=\"wp-block-buttons is-horizontal is-content-justification-right is-layout-flex wp-container-core-buttons-is-layout-ae2fe186 wp-block-buttons-is-layout-flex\">\n<div class=\"wp-block-button\"><a class=\"wp-block-button__link\" href=\"https:\/\/www.guhalg.com\/wordpress\/?page_id=2702\">Die Anreise auf die Philippinen<\/a><\/div>\n<\/div>\n","protected":false},"excerpt":{"rendered":"<p>Hallo Urlauber, auf den folgenden Seiten findet ihr einen Reisebericht \u00fcber unseren Philippinen Urlaub 2005, den wir in 2006 dann ann\u00e4hernd wiederholt haben, allerdings erg\u00e4nzt um eine Walhai Schnorchel Tour in Donsol. Wer einige grundlegende Informationen sucht, kann sich als&hellip; <\/p>\n","protected":false},"author":1,"featured_media":0,"parent":0,"menu_order":13,"comment_status":"closed","ping_status":"closed","template":"","meta":{"footnotes":""},"class_list":["post-2550","page","type-page","status-publish","hentry"],"_links":{"self":[{"href":"https:\/\/www.guhalg.com\/wordpress\/index.php?rest_route=\/wp\/v2\/pages\/2550","targetHints":{"allow":["GET"]}}],"collection":[{"href":"https:\/\/www.guhalg.com\/wordpress\/index.php?rest_route=\/wp\/v2\/pages"}],"about":[{"href":"https:\/\/www.guhalg.com\/wordpress\/index.php?rest_route=\/wp\/v2\/types\/page"}],"author":[{"embeddable":true,"href":"https:\/\/www.guhalg.com\/wordpress\/index.php?rest_route=\/wp\/v2\/users\/1"}],"replies":[{"embeddable":true,"href":"https:\/\/www.guhalg.com\/wordpress\/index.php?rest_route=%2Fwp%2Fv2%2Fcomments&post=2550"}],"version-history":[{"count":9,"href":"https:\/\/www.guhalg.com\/wordpress\/index.php?rest_route=\/wp\/v2\/pages\/2550\/revisions"}],"predecessor-version":[{"id":7660,"href":"https:\/\/www.guhalg.com\/wordpress\/index.php?rest_route=\/wp\/v2\/pages\/2550\/revisions\/7660"}],"wp:attachment":[{"href":"https:\/\/www.guhalg.com\/wordpress\/index.php?rest_route=%2Fwp%2Fv2%2Fmedia&parent=2550"}],"curies":[{"name":"wp","href":"https:\/\/api.w.org\/{rel}","templated":true}]}}