{"id":3002,"date":"2021-11-24T21:26:16","date_gmt":"2021-11-24T20:26:16","guid":{"rendered":"https:\/\/www.guhalg.com\/wordpress\/?page_id=3002"},"modified":"2022-02-06T21:44:14","modified_gmt":"2022-02-06T20:44:14","slug":"die-japanische-flotte","status":"publish","type":"page","link":"https:\/\/www.guhalg.com\/wordpress\/?page_id=3002","title":{"rendered":"Die japanische Flotte"},"content":{"rendered":"\n<p>So und jetzt kommen wir zum eigentlichen Zweck des Urlaubs, dem Tauchen mit den Besonderheiten der Philippinen. \u00dcberall hier (wie auch in Mikronesien) gibt es unz\u00e4hliges Kleingetier zu entdecken. Das Besondere an Busuanga sind aber die Wracks einer versenkten japanische Kriegsflotte aus dem zweiten Weltkrieg. Zus\u00e4tzlich kann man auch noch in eine kleine Grotte tauchen und den Barakuda Lake erkunden, einen See auf der Insel Coron, der mit insgesamt 3 Schichten S\u00fc\u00df- und Salzwasser und Temperaturen bis 38\u00b0C ein ganz besonderes Taucherlebnis bildet. Doch fangen wir mit der japanischen Kriegsflotte an. Einen ausf\u00fchrlichen Bericht hierzu findet man unter <a rel=\"noreferrer noopener\" target=\"_blank\" href=\"http:\/\/www.coronwrecks.com\">www.coronwrecks.com<\/a> <\/p>\n\n\n\n<p>Die Schiffe wurden 1944 von amerikanischen Bombern aufgesp\u00fcrt und in mehreren Anflugswellen bombardiert und zerst\u00f6rt. Dabei wurden nicht alle Schiffe sofort versenkt. Einige ben\u00f6tigten mehrere Tage bis zu ihrem letztendlichen Untergang. <\/p>\n\n\n\n<div class=\"wp-block-image\"><figure class=\"aligncenter size-full\"><a href=\"https:\/\/www.guhalg.com\/wordpress\/wp-content\/uploads\/Reisen\/Philippinen2005\/Tauchen\/Curtis SB2Cs Helldiver.jpg\"><img loading=\"lazy\" decoding=\"async\" width=\"800\" height=\"600\" src=\"https:\/\/www.guhalg.com\/wordpress\/wp-content\/uploads\/Reisen\/Philippinen2005\/Tauchen\/Curtis SB2Cs Helldiver.jpg\" alt=\"Curtis SB2Cs Helldiver\" class=\"wp-image-2956\" srcset=\"https:\/\/www.guhalg.com\/wordpress\/wp-content\/uploads\/Reisen\/Philippinen2005\/Tauchen\/Curtis%20SB2Cs%20Helldiver.jpg 800w, https:\/\/www.guhalg.com\/wordpress\/wp-content\/uploads\/Reisen\/Philippinen2005\/Tauchen\/Curtis%20SB2Cs%20Helldiver-300x225.jpg 300w, https:\/\/www.guhalg.com\/wordpress\/wp-content\/uploads\/Reisen\/Philippinen2005\/Tauchen\/Curtis%20SB2Cs%20Helldiver-768x576.jpg 768w\" sizes=\"auto, (max-width: 800px) 100vw, 800px\" \/><\/a><figcaption>Curtis SB2Cs Helldiver<\/figcaption><\/figure><\/div>\n\n\n\n<div class=\"wp-block-image\"><figure class=\"aligncenter size-full\"><a href=\"https:\/\/www.guhalg.com\/wordpress\/wp-content\/uploads\/Reisen\/Philippinen2005\/Tauchen\/Picture after Battle.jpg\"><img loading=\"lazy\" decoding=\"async\" width=\"800\" height=\"595\" src=\"https:\/\/www.guhalg.com\/wordpress\/wp-content\/uploads\/Reisen\/Philippinen2005\/Tauchen\/Picture after Battle.jpg\" alt=\"Picture after Battle\" class=\"wp-image-2967\" srcset=\"https:\/\/www.guhalg.com\/wordpress\/wp-content\/uploads\/Reisen\/Philippinen2005\/Tauchen\/Picture%20after%20Battle.jpg 800w, https:\/\/www.guhalg.com\/wordpress\/wp-content\/uploads\/Reisen\/Philippinen2005\/Tauchen\/Picture%20after%20Battle-300x223.jpg 300w, https:\/\/www.guhalg.com\/wordpress\/wp-content\/uploads\/Reisen\/Philippinen2005\/Tauchen\/Picture%20after%20Battle-768x571.jpg 768w\" sizes=\"auto, (max-width: 800px) 100vw, 800px\" \/><\/a><figcaption>Picture after Battle<\/figcaption><\/figure><\/div>\n\n\n\n<p>Die Bomber flogen dicht \u00fcber den Inseln an und konnten so erst sehr sp\u00e4t von den Schiffen gesehen werden.&nbsp;Dieses Problem stellte sich aber nat\u00fcrlich auch den Bombern, die erst sehr sp\u00e4t den eigentlichen Zielanflug auf die Schiffe durchf\u00fchren konnten. Hier mal einige Bilder, die von einem Bomber im direkten Anflug, also kurz vor dem Bombenabwurf, entstanden sind. <\/p>\n\n\n\n<div class=\"wp-block-columns is-layout-flex wp-container-core-columns-is-layout-9d6595d7 wp-block-columns-is-layout-flex\">\n<div class=\"wp-block-column is-layout-flow wp-block-column-is-layout-flow\">\n<div class=\"wp-block-image\"><figure class=\"aligncenter size-full\"><a href=\"https:\/\/www.guhalg.com\/wordpress\/wp-content\/uploads\/Reisen\/Philippinen2005\/Tauchen\/AirPic1.jpg\"><img loading=\"lazy\" decoding=\"async\" width=\"800\" height=\"583\" src=\"https:\/\/www.guhalg.com\/wordpress\/wp-content\/uploads\/Reisen\/Philippinen2005\/Tauchen\/AirPic1.jpg\" alt=\"AirPic1\" class=\"wp-image-2950\" srcset=\"https:\/\/www.guhalg.com\/wordpress\/wp-content\/uploads\/Reisen\/Philippinen2005\/Tauchen\/AirPic1.jpg 800w, https:\/\/www.guhalg.com\/wordpress\/wp-content\/uploads\/Reisen\/Philippinen2005\/Tauchen\/AirPic1-300x219.jpg 300w, https:\/\/www.guhalg.com\/wordpress\/wp-content\/uploads\/Reisen\/Philippinen2005\/Tauchen\/AirPic1-768x560.jpg 768w\" sizes=\"auto, (max-width: 800px) 100vw, 800px\" \/><\/a><figcaption>Air Picture 1<\/figcaption><\/figure><\/div>\n<\/div>\n\n\n\n<div class=\"wp-block-column is-layout-flow wp-block-column-is-layout-flow\">\n<div class=\"wp-block-image\"><figure class=\"aligncenter size-full\"><img loading=\"lazy\" decoding=\"async\" width=\"800\" height=\"583\" src=\"https:\/\/www.guhalg.com\/wordpress\/wp-content\/uploads\/Reisen\/Philippinen2005\/Tauchen\/AirPic5.jpg\" alt=\"AirPic5\" class=\"wp-image-2952\" srcset=\"https:\/\/www.guhalg.com\/wordpress\/wp-content\/uploads\/Reisen\/Philippinen2005\/Tauchen\/AirPic5.jpg 800w, https:\/\/www.guhalg.com\/wordpress\/wp-content\/uploads\/Reisen\/Philippinen2005\/Tauchen\/AirPic5-300x219.jpg 300w, https:\/\/www.guhalg.com\/wordpress\/wp-content\/uploads\/Reisen\/Philippinen2005\/Tauchen\/AirPic5-768x560.jpg 768w\" sizes=\"auto, (max-width: 800px) 100vw, 800px\" \/><figcaption>Air Picture 5<\/figcaption><\/figure><\/div>\n<\/div>\n\n\n\n<div class=\"wp-block-column is-layout-flow wp-block-column-is-layout-flow\">\n<div class=\"wp-block-image\"><figure class=\"aligncenter size-full\"><a href=\"https:\/\/www.guhalg.com\/wordpress\/wp-content\/uploads\/Reisen\/Philippinen2005\/Tauchen\/AirPic8.jpg\"><img loading=\"lazy\" decoding=\"async\" width=\"800\" height=\"583\" src=\"https:\/\/www.guhalg.com\/wordpress\/wp-content\/uploads\/Reisen\/Philippinen2005\/Tauchen\/AirPic8.jpg\" alt=\"AirPic8\" class=\"wp-image-2953\" srcset=\"https:\/\/www.guhalg.com\/wordpress\/wp-content\/uploads\/Reisen\/Philippinen2005\/Tauchen\/AirPic8.jpg 800w, https:\/\/www.guhalg.com\/wordpress\/wp-content\/uploads\/Reisen\/Philippinen2005\/Tauchen\/AirPic8-300x219.jpg 300w, https:\/\/www.guhalg.com\/wordpress\/wp-content\/uploads\/Reisen\/Philippinen2005\/Tauchen\/AirPic8-768x560.jpg 768w\" sizes=\"auto, (max-width: 800px) 100vw, 800px\" \/><\/a><figcaption>Air Picture 8<\/figcaption><\/figure><\/div>\n<\/div>\n<\/div>\n\n\n\n<p>Diese vielen Bomben legten den Schiffskonvoi in Flammen und schufen f\u00fcr uns Taucher, es sind mittlerweile 40 Jahre vergangen, ein wundersch\u00f6nes Tauchrevier in auch f\u00fcr Sporttaucher erreichbaren Tiefen.<\/p>\n\n\n\n<div class=\"wp-block-image\"><figure class=\"aligncenter size-full\"><a href=\"https:\/\/www.guhalg.com\/wordpress\/wp-content\/uploads\/Reisen\/Philippinen2005\/Tauchen\/AirPic2.jpg\"><img loading=\"lazy\" decoding=\"async\" width=\"800\" height=\"583\" src=\"https:\/\/www.guhalg.com\/wordpress\/wp-content\/uploads\/Reisen\/Philippinen2005\/Tauchen\/AirPic2.jpg\" alt=\"AirPic2\" class=\"wp-image-2951\" srcset=\"https:\/\/www.guhalg.com\/wordpress\/wp-content\/uploads\/Reisen\/Philippinen2005\/Tauchen\/AirPic2.jpg 800w, https:\/\/www.guhalg.com\/wordpress\/wp-content\/uploads\/Reisen\/Philippinen2005\/Tauchen\/AirPic2-300x219.jpg 300w, https:\/\/www.guhalg.com\/wordpress\/wp-content\/uploads\/Reisen\/Philippinen2005\/Tauchen\/AirPic2-768x560.jpg 768w\" sizes=\"auto, (max-width: 800px) 100vw, 800px\" \/><\/a><figcaption>Air Picture 2<\/figcaption><\/figure><\/div>\n\n\n\n<p>Die Wracks sind alle von Coron aus innerhalb von maximal zwei Stunden\u00a0erreichbar und es k\u00f6nnen zwei Wracks pro Tag betaucht werden. Das Boot wechselt dann nach der Mittagspause einfach den Ankerplatz. Ab und zu ein wenig Str\u00f6mung gibt es zu beachten und ein permanenter kritischer Blick auf die Nullzeit. <\/p>\n\n\n\n<div class=\"wp-block-columns is-layout-flex wp-container-core-columns-is-layout-9d6595d7 wp-block-columns-is-layout-flex\">\n<div class=\"wp-block-column is-layout-flow wp-block-column-is-layout-flow\">\n<div class=\"wp-block-buttons is-layout-flex wp-block-buttons-is-layout-flex\">\n<div class=\"wp-block-button\"><a class=\"wp-block-button__link\" href=\"https:\/\/www.guhalg.com\/wordpress\/?page_id=2990\">Eine Banka<\/a><\/div>\n<\/div>\n<\/div>\n\n\n\n<div class=\"wp-block-column is-layout-flow wp-block-column-is-layout-flow\">\n<div class=\"wp-block-buttons is-horizontal is-content-justification-right is-layout-flex wp-container-core-buttons-is-layout-ae2fe186 wp-block-buttons-is-layout-flex\">\n<div class=\"wp-block-button\"><a class=\"wp-block-button__link\" href=\"https:\/\/www.guhalg.com\/wordpress\/?page_id=3012\">Die Wracks<\/a><\/div>\n<\/div>\n<\/div>\n<\/div>\n","protected":false},"excerpt":{"rendered":"<p>So und jetzt kommen wir zum eigentlichen Zweck des Urlaubs, dem Tauchen mit den Besonderheiten der Philippinen. \u00dcberall hier (wie auch in Mikronesien) gibt es unz\u00e4hliges Kleingetier zu entdecken. Das Besondere an Busuanga sind aber die Wracks einer versenkten japanische&hellip; <\/p>\n","protected":false},"author":1,"featured_media":0,"parent":2550,"menu_order":13,"comment_status":"closed","ping_status":"closed","template":"","meta":{"footnotes":""},"class_list":["post-3002","page","type-page","status-publish","hentry"],"_links":{"self":[{"href":"https:\/\/www.guhalg.com\/wordpress\/index.php?rest_route=\/wp\/v2\/pages\/3002","targetHints":{"allow":["GET"]}}],"collection":[{"href":"https:\/\/www.guhalg.com\/wordpress\/index.php?rest_route=\/wp\/v2\/pages"}],"about":[{"href":"https:\/\/www.guhalg.com\/wordpress\/index.php?rest_route=\/wp\/v2\/types\/page"}],"author":[{"embeddable":true,"href":"https:\/\/www.guhalg.com\/wordpress\/index.php?rest_route=\/wp\/v2\/users\/1"}],"replies":[{"embeddable":true,"href":"https:\/\/www.guhalg.com\/wordpress\/index.php?rest_route=%2Fwp%2Fv2%2Fcomments&post=3002"}],"version-history":[{"count":6,"href":"https:\/\/www.guhalg.com\/wordpress\/index.php?rest_route=\/wp\/v2\/pages\/3002\/revisions"}],"predecessor-version":[{"id":7681,"href":"https:\/\/www.guhalg.com\/wordpress\/index.php?rest_route=\/wp\/v2\/pages\/3002\/revisions\/7681"}],"up":[{"embeddable":true,"href":"https:\/\/www.guhalg.com\/wordpress\/index.php?rest_route=\/wp\/v2\/pages\/2550"}],"wp:attachment":[{"href":"https:\/\/www.guhalg.com\/wordpress\/index.php?rest_route=%2Fwp%2Fv2%2Fmedia&parent=3002"}],"curies":[{"name":"wp","href":"https:\/\/api.w.org\/{rel}","templated":true}]}}