{"id":3564,"date":"2021-11-30T21:17:43","date_gmt":"2021-11-30T20:17:43","guid":{"rendered":"https:\/\/www.guhalg.com\/wordpress\/?page_id=3564"},"modified":"2022-02-07T18:42:03","modified_gmt":"2022-02-07T17:42:03","slug":"mexiko-die-anreise","status":"publish","type":"page","link":"https:\/\/www.guhalg.com\/wordpress\/?page_id=3564","title":{"rendered":"Mexiko &#8211; Die Anreise"},"content":{"rendered":"\n<p>Die Anreise zu unserem Urlaubsziel Play del Carmen, auf der Halbinsel <a rel=\"noreferrer noopener\" href=\"http:\/\/de.wikipedia.org\/wiki\/Yucat%C3%A1n_(Halbinsel)\" target=\"_blank\">Yucatan<\/a>, gestaltete sich doch erheblich schwieriger, als wir vermutet h\u00e4tten. Wir sind am Vortag mit dem Auto zu Freunden nach Langen bei Frankfurt gefahren und wollten unser Gep\u00e4ck per Vorabend-CheckIn aufgeben, so dass wir am n\u00e4chsten Morgen nur noch das Handgep\u00e4ck mit zum Flughafen h\u00e4tten nehmen m\u00fcssen.<\/p>\n\n\n\n<p>Leider hat uns die Condor, genaugenommen ein eifriger junger Mann am Schalter, dieses verwehrt. Da wir mit 24 Kg mehr als die erlaubten 20 Kg pro Person an Gep\u00e4ck hatten, sollten wir f\u00fcr das \u00dcbergep\u00e4ck entsprechend bezahlen. Der Hinweis auf die zus\u00e4tzlichen angemeldeten 15 Kg Tauchgep\u00e4ck pro Person (also insgesamt 35 Kg pro Person) wurde abgelehnt, da Tauchgep\u00e4ck als solches separat zu verpacken ist (war zu dem Zeitpunkt aber nicht in den Gep\u00e4ckbestimmungen enthalten).<\/p>\n\n\n\n<p>Also haben wir unser Gep\u00e4ck mitgenommen, haben uns zwei Koffer von unseren Freunden ausgeliehen und haben dann mit vier statt der urspr\u00fcnglichen zwei Gep\u00e4ckst\u00fccke am n\u00e4chsten Morgen eingechecked. Dieses Vorgehen ist umso erstaunlicher, als dass die Gep\u00e4ckgeb\u00fchren am Flughafen als St\u00fcckkosten abgerechnet werden, d.h., die Condor hatte dadurch erh\u00f6hte Kosten am Flughafen. Ja, und jetzt h\u00e4tte eigentlich alles wunderbar weitergehen k\u00f6nnen &#8211; ja wenn es denn ein Flugzeug f\u00fcr uns gegeben h\u00e4tte.<\/p>\n\n\n\n<p>Leider konnten wir aufgrund &#8218;Technischer Probleme&#8216; nicht den urspr\u00fcnglich vorgesehenen Flieger nehmen und wurden nach dieser Auskunft auch schon bald ins Hotel &#8218;Steigenberger&#8216; am Flughafen gebracht. Zu dem Zeitpunkt gab es noch die Aussage, dass wir am Abend losfliegen sollten. Beim Sammeln f\u00fcr den R\u00fccktransport zum Flughafen wurden wir dann auf den n\u00e4chsten Tag vertr\u00f6stet. Also schnell noch aus dem Tageszimmer (mit nur einem Bett) auschecken und wieder einchecken in ein normales Zweibettzimmer (Kingsize). Dann schnell mit der Bahn in die Stadt, um noch W\u00e4sche und T-Shirts einzukaufen. Gl\u00fccklicherweise haben wir unsere wichtigsten Utensilien wie Geld, Papiere und Kosmetik immer im Handgep\u00e4ck. Anschlie\u00dfend haben wir noch unsere Freunde in Langen angerufen und sie gebeten, unsere Freunde aus M\u00fcnchen, die sich schon in Playa del Carmen aufhielten und auf uns warteten, \u00fcber die Verz\u00f6gerung zu informieren. E-Mail war leider bei uns nicht m\u00f6glich.<\/p>\n\n\n\n<p>Am n\u00e4chsten Morgen ging es auch tats\u00e4chlich zum Flughafen und so wir konnten mit 27 Std. Verz\u00f6gerung unseren Flug in den Urlaub antreten. Ab nach Mexiko&#8230;Playa del Carmen >>> wir kommen<\/p>\n\n\n\n<div class=\"wp-block-image\"><figure class=\"aligncenter size-full\"><a href=\"https:\/\/www.guhalg.com\/wordpress\/wp-content\/uploads\/Reisen\/Mexiko2007\/Reise\/Mexico_markiert.jpg\"><img loading=\"lazy\" decoding=\"async\" width=\"800\" height=\"536\" src=\"https:\/\/www.guhalg.com\/wordpress\/wp-content\/uploads\/Reisen\/Mexiko2007\/Reise\/Mexico_markiert.jpg\" alt=\"Playa del Carmen\" class=\"wp-image-3558\" srcset=\"https:\/\/www.guhalg.com\/wordpress\/wp-content\/uploads\/Reisen\/Mexiko2007\/Reise\/Mexico_markiert.jpg 800w, https:\/\/www.guhalg.com\/wordpress\/wp-content\/uploads\/Reisen\/Mexiko2007\/Reise\/Mexico_markiert-300x201.jpg 300w, https:\/\/www.guhalg.com\/wordpress\/wp-content\/uploads\/Reisen\/Mexiko2007\/Reise\/Mexico_markiert-768x515.jpg 768w\" sizes=\"auto, (max-width: 800px) 100vw, 800px\" \/><\/a><figcaption>Playa del Carmen<\/figcaption><\/figure><\/div>\n\n\n\n<div class=\"wp-block-columns is-layout-flex wp-container-core-columns-is-layout-9d6595d7 wp-block-columns-is-layout-flex\">\n<div class=\"wp-block-column is-layout-flow wp-block-column-is-layout-flow\">\n<div class=\"wp-block-buttons is-layout-flex wp-block-buttons-is-layout-flex\">\n<div class=\"wp-block-button\"><a class=\"wp-block-button__link\" href=\"https:\/\/www.guhalg.com\/wordpress\/?page_id=3548\">Mexiko 2007<\/a><\/div>\n<\/div>\n<\/div>\n\n\n\n<div class=\"wp-block-column is-layout-flow wp-block-column-is-layout-flow\">\n<div class=\"wp-block-buttons is-horizontal is-content-justification-right is-layout-flex wp-container-core-buttons-is-layout-ae2fe186 wp-block-buttons-is-layout-flex\">\n<div class=\"wp-block-button\"><a class=\"wp-block-button__link\" href=\"https:\/\/www.guhalg.com\/wordpress\/?page_id=3576\">Playa del Carmen<\/a><\/div>\n<\/div>\n<\/div>\n<\/div>\n","protected":false},"excerpt":{"rendered":"<p>Die Anreise zu unserem Urlaubsziel Play del Carmen, auf der Halbinsel Yucatan, gestaltete sich doch erheblich schwieriger, als wir vermutet h\u00e4tten. Wir sind am Vortag mit dem Auto zu Freunden nach Langen bei Frankfurt gefahren und wollten unser Gep\u00e4ck per&hellip; <\/p>\n","protected":false},"author":1,"featured_media":0,"parent":3548,"menu_order":1,"comment_status":"closed","ping_status":"closed","template":"","meta":{"footnotes":""},"class_list":["post-3564","page","type-page","status-publish","hentry"],"_links":{"self":[{"href":"https:\/\/www.guhalg.com\/wordpress\/index.php?rest_route=\/wp\/v2\/pages\/3564","targetHints":{"allow":["GET"]}}],"collection":[{"href":"https:\/\/www.guhalg.com\/wordpress\/index.php?rest_route=\/wp\/v2\/pages"}],"about":[{"href":"https:\/\/www.guhalg.com\/wordpress\/index.php?rest_route=\/wp\/v2\/types\/page"}],"author":[{"embeddable":true,"href":"https:\/\/www.guhalg.com\/wordpress\/index.php?rest_route=\/wp\/v2\/users\/1"}],"replies":[{"embeddable":true,"href":"https:\/\/www.guhalg.com\/wordpress\/index.php?rest_route=%2Fwp%2Fv2%2Fcomments&post=3564"}],"version-history":[{"count":7,"href":"https:\/\/www.guhalg.com\/wordpress\/index.php?rest_route=\/wp\/v2\/pages\/3564\/revisions"}],"predecessor-version":[{"id":7704,"href":"https:\/\/www.guhalg.com\/wordpress\/index.php?rest_route=\/wp\/v2\/pages\/3564\/revisions\/7704"}],"up":[{"embeddable":true,"href":"https:\/\/www.guhalg.com\/wordpress\/index.php?rest_route=\/wp\/v2\/pages\/3548"}],"wp:attachment":[{"href":"https:\/\/www.guhalg.com\/wordpress\/index.php?rest_route=%2Fwp%2Fv2%2Fmedia&parent=3564"}],"curies":[{"name":"wp","href":"https:\/\/api.w.org\/{rel}","templated":true}]}}