{"id":3651,"date":"2021-12-02T21:48:32","date_gmt":"2021-12-02T20:48:32","guid":{"rendered":"https:\/\/www.guhalg.com\/wordpress\/?page_id=3651"},"modified":"2022-02-07T19:10:09","modified_gmt":"2022-02-07T18:10:09","slug":"tauchen-in-den-cenoten","status":"publish","type":"page","link":"https:\/\/www.guhalg.com\/wordpress\/?page_id=3651","title":{"rendered":"Tauchen in den Cenoten"},"content":{"rendered":"\n<p>Eines unserer Urlaubsziele war das Tauchen in den Cenoten. Wir sind zwar schon hier und da mal in H\u00f6hlen getaucht, aber die Eindr\u00fccke mitten im Urwald in eine H\u00f6hle einzusteigen sind doch gewaltig. Selbst bei der Anfahrt ging es teilweise schon ein bisschen abenteuerlich zu. Sp\u00e4testens wenn man die Schnellstra\u00dfe verl\u00e4sst und \u00fcber einen Feldweg mit gro\u00dfen Schlagl\u00f6chern und Baumwurzeln zwischen dem Urwald hindurchf\u00e4hrt, versteht man die Notwendigkeit des Gel\u00e4ndewagens (amerikanischer Bauart) nicht nur in Bezug auf den notwendigen Platz f\u00fcr das Tauchequipment. Der Weg zu unseren Taucheinstieg mutet denn auch etwas abenteuerlich an. <\/p>\n\n\n\n<div class=\"wp-block-columns is-layout-flex wp-container-core-columns-is-layout-9d6595d7 wp-block-columns-is-layout-flex\">\n<div class=\"wp-block-column is-layout-flow wp-block-column-is-layout-flow\">\n<div class=\"wp-block-image\"><figure class=\"aligncenter size-full\"><a href=\"https:\/\/www.guhalg.com\/wordpress\/wp-content\/uploads\/Reisen\/Mexiko2007\/Unterwasser\/20071114 - 12 15 41.jpg\"><img loading=\"lazy\" decoding=\"async\" width=\"800\" height=\"600\" src=\"https:\/\/www.guhalg.com\/wordpress\/wp-content\/uploads\/Reisen\/Mexiko2007\/Unterwasser\/20071114 - 12 15 41.jpg\" alt=\"Der Weg zu der Cenote\" class=\"wp-image-3672\" srcset=\"https:\/\/www.guhalg.com\/wordpress\/wp-content\/uploads\/Reisen\/Mexiko2007\/Unterwasser\/20071114%20-%2012%2015%2041.jpg 800w, https:\/\/www.guhalg.com\/wordpress\/wp-content\/uploads\/Reisen\/Mexiko2007\/Unterwasser\/20071114%20-%2012%2015%2041-300x225.jpg 300w, https:\/\/www.guhalg.com\/wordpress\/wp-content\/uploads\/Reisen\/Mexiko2007\/Unterwasser\/20071114%20-%2012%2015%2041-768x576.jpg 768w\" sizes=\"auto, (max-width: 800px) 100vw, 800px\" \/><\/a><figcaption>Der Weg zu der Cenote<\/figcaption><\/figure><\/div>\n<\/div>\n\n\n\n<div class=\"wp-block-column is-layout-flow wp-block-column-is-layout-flow\">\n<div class=\"wp-block-image\"><figure class=\"aligncenter size-full\"><a href=\"https:\/\/www.guhalg.com\/wordpress\/wp-content\/uploads\/Reisen\/Mexiko2007\/Unterwasser\/20071114 - 12 16 11.jpg\"><img loading=\"lazy\" decoding=\"async\" width=\"800\" height=\"600\" src=\"https:\/\/www.guhalg.com\/wordpress\/wp-content\/uploads\/Reisen\/Mexiko2007\/Unterwasser\/20071114 - 12 16 11.jpg\" alt=\"und wieder zur\u00fcck\" class=\"wp-image-3673\" srcset=\"https:\/\/www.guhalg.com\/wordpress\/wp-content\/uploads\/Reisen\/Mexiko2007\/Unterwasser\/20071114%20-%2012%2016%2011.jpg 800w, https:\/\/www.guhalg.com\/wordpress\/wp-content\/uploads\/Reisen\/Mexiko2007\/Unterwasser\/20071114%20-%2012%2016%2011-300x225.jpg 300w, https:\/\/www.guhalg.com\/wordpress\/wp-content\/uploads\/Reisen\/Mexiko2007\/Unterwasser\/20071114%20-%2012%2016%2011-768x576.jpg 768w\" sizes=\"auto, (max-width: 800px) 100vw, 800px\" \/><\/a><figcaption>und wieder zur\u00fcck<\/figcaption><\/figure><\/div>\n<\/div>\n<\/div>\n\n\n\n<p>Wenn man bedenkt, dass man diesen Weg mit ca. 20 Kg Tauchequipment zur\u00fccklegen muss&#8230; &#8230; und vor allem auch wieder zur\u00fcck nach dem Tauchgang. Der weitere Weg bis zum Einstieg ist aber einfach nur sch\u00f6n. Man geht durch eine ruhige sonnige Urwaldlandschaft, freut sich \u00fcber etwas Schatten&#8230; &#8230; und sieht dann den kleinen schmalen Einstieg in die Unterwelt, der sich bei n\u00e4herer Betrachtung aber doch als ger\u00e4umiger erweist. <\/p>\n\n\n\n<div class=\"wp-block-image\"><figure class=\"aligncenter size-full\"><a href=\"https:\/\/www.guhalg.com\/wordpress\/wp-content\/uploads\/Reisen\/Mexiko2007\/Unterwasser\/20071114 - 12 13 56.jpg\"><img loading=\"lazy\" decoding=\"async\" width=\"800\" height=\"600\" src=\"https:\/\/www.guhalg.com\/wordpress\/wp-content\/uploads\/Reisen\/Mexiko2007\/Unterwasser\/20071114 - 12 13 56.jpg\" alt=\"Der Einstieg in eine Cenote\" class=\"wp-image-3670\" srcset=\"https:\/\/www.guhalg.com\/wordpress\/wp-content\/uploads\/Reisen\/Mexiko2007\/Unterwasser\/20071114%20-%2012%2013%2056.jpg 800w, https:\/\/www.guhalg.com\/wordpress\/wp-content\/uploads\/Reisen\/Mexiko2007\/Unterwasser\/20071114%20-%2012%2013%2056-300x225.jpg 300w, https:\/\/www.guhalg.com\/wordpress\/wp-content\/uploads\/Reisen\/Mexiko2007\/Unterwasser\/20071114%20-%2012%2013%2056-768x576.jpg 768w\" sizes=\"auto, (max-width: 800px) 100vw, 800px\" \/><\/a><figcaption>Der Einstieg in eine Cenote<\/figcaption><\/figure><\/div>\n\n\n\n<div class=\"wp-block-columns is-layout-flex wp-container-core-columns-is-layout-9d6595d7 wp-block-columns-is-layout-flex\">\n<div class=\"wp-block-column is-layout-flow wp-block-column-is-layout-flow\">\n<div class=\"wp-block-image\"><figure class=\"aligncenter size-full\"><a href=\"https:\/\/www.guhalg.com\/wordpress\/wp-content\/uploads\/Reisen\/Mexiko2007\/Unterwasser\/20071114 - 09 13 30.jpg\"><img loading=\"lazy\" decoding=\"async\" width=\"800\" height=\"600\" src=\"https:\/\/www.guhalg.com\/wordpress\/wp-content\/uploads\/Reisen\/Mexiko2007\/Unterwasser\/20071114 - 09 13 30.jpg\" alt=\"kleiner Einstieg\" class=\"wp-image-3663\" srcset=\"https:\/\/www.guhalg.com\/wordpress\/wp-content\/uploads\/Reisen\/Mexiko2007\/Unterwasser\/20071114%20-%2009%2013%2030.jpg 800w, https:\/\/www.guhalg.com\/wordpress\/wp-content\/uploads\/Reisen\/Mexiko2007\/Unterwasser\/20071114%20-%2009%2013%2030-300x225.jpg 300w, https:\/\/www.guhalg.com\/wordpress\/wp-content\/uploads\/Reisen\/Mexiko2007\/Unterwasser\/20071114%20-%2009%2013%2030-768x576.jpg 768w\" sizes=\"auto, (max-width: 800px) 100vw, 800px\" \/><\/a><figcaption>kleiner Einstieg<\/figcaption><\/figure><\/div>\n<\/div>\n\n\n\n<div class=\"wp-block-column is-layout-flow wp-block-column-is-layout-flow\">\n<div class=\"wp-block-image\"><figure class=\"aligncenter size-full\"><a href=\"https:\/\/www.guhalg.com\/wordpress\/wp-content\/uploads\/Reisen\/Mexiko2007\/Unterwasser\/20071114 - 09 13 51.jpg\"><img loading=\"lazy\" decoding=\"async\" width=\"800\" height=\"600\" src=\"https:\/\/www.guhalg.com\/wordpress\/wp-content\/uploads\/Reisen\/Mexiko2007\/Unterwasser\/20071114 - 09 13 51.jpg\" alt=\"und schmal\" class=\"wp-image-3665\" srcset=\"https:\/\/www.guhalg.com\/wordpress\/wp-content\/uploads\/Reisen\/Mexiko2007\/Unterwasser\/20071114%20-%2009%2013%2051.jpg 800w, https:\/\/www.guhalg.com\/wordpress\/wp-content\/uploads\/Reisen\/Mexiko2007\/Unterwasser\/20071114%20-%2009%2013%2051-300x225.jpg 300w, https:\/\/www.guhalg.com\/wordpress\/wp-content\/uploads\/Reisen\/Mexiko2007\/Unterwasser\/20071114%20-%2009%2013%2051-768x576.jpg 768w\" sizes=\"auto, (max-width: 800px) 100vw, 800px\" \/><\/a><figcaption>und schmal<\/figcaption><\/figure><\/div>\n<\/div>\n\n\n\n<div class=\"wp-block-column is-layout-flow wp-block-column-is-layout-flow\">\n<div class=\"wp-block-image\"><figure class=\"aligncenter size-full\"><a href=\"https:\/\/www.guhalg.com\/wordpress\/wp-content\/uploads\/Reisen\/Mexiko2007\/Unterwasser\/20071114 - 10 58 03.jpg\"><img loading=\"lazy\" decoding=\"async\" width=\"800\" height=\"600\" src=\"https:\/\/www.guhalg.com\/wordpress\/wp-content\/uploads\/Reisen\/Mexiko2007\/Unterwasser\/20071114 - 10 58 03.jpg\" alt=\"aber doch etwas Platz\" class=\"wp-image-3666\" srcset=\"https:\/\/www.guhalg.com\/wordpress\/wp-content\/uploads\/Reisen\/Mexiko2007\/Unterwasser\/20071114%20-%2010%2058%2003.jpg 800w, https:\/\/www.guhalg.com\/wordpress\/wp-content\/uploads\/Reisen\/Mexiko2007\/Unterwasser\/20071114%20-%2010%2058%2003-300x225.jpg 300w, https:\/\/www.guhalg.com\/wordpress\/wp-content\/uploads\/Reisen\/Mexiko2007\/Unterwasser\/20071114%20-%2010%2058%2003-768x576.jpg 768w\" sizes=\"auto, (max-width: 800px) 100vw, 800px\" \/><\/a><figcaption>aber doch etwas Platz<\/figcaption><\/figure><\/div>\n<\/div>\n<\/div>\n\n\n\n<p>Auch wenn man es hier nicht vermuten mag ist der Platz bei einem Blick aus dem Wasser heraus erheblich weitr\u00e4umiger als angenommen. <\/p>\n\n\n\n<div class=\"wp-block-columns is-layout-flex wp-container-core-columns-is-layout-9d6595d7 wp-block-columns-is-layout-flex\">\n<div class=\"wp-block-column is-layout-flow wp-block-column-is-layout-flow\">\n<div class=\"wp-block-image\"><figure class=\"aligncenter size-full\"><a href=\"https:\/\/www.guhalg.com\/wordpress\/wp-content\/uploads\/Reisen\/Mexiko2007\/Unterwasser\/20071114 - 12 14 40.jpg\"><img loading=\"lazy\" decoding=\"async\" width=\"800\" height=\"600\" src=\"https:\/\/www.guhalg.com\/wordpress\/wp-content\/uploads\/Reisen\/Mexiko2007\/Unterwasser\/20071114 - 12 14 40.jpg\" alt=\"doch etwas Platz\" class=\"wp-image-3671\" srcset=\"https:\/\/www.guhalg.com\/wordpress\/wp-content\/uploads\/Reisen\/Mexiko2007\/Unterwasser\/20071114%20-%2012%2014%2040.jpg 800w, https:\/\/www.guhalg.com\/wordpress\/wp-content\/uploads\/Reisen\/Mexiko2007\/Unterwasser\/20071114%20-%2012%2014%2040-300x225.jpg 300w, https:\/\/www.guhalg.com\/wordpress\/wp-content\/uploads\/Reisen\/Mexiko2007\/Unterwasser\/20071114%20-%2012%2014%2040-768x576.jpg 768w\" sizes=\"auto, (max-width: 800px) 100vw, 800px\" \/><\/a><figcaption>doch etwas Platz<\/figcaption><\/figure><\/div>\n<\/div>\n\n\n\n<div class=\"wp-block-column is-layout-flow wp-block-column-is-layout-flow\">\n<div class=\"wp-block-image\"><figure class=\"aligncenter size-full\"><a href=\"https:\/\/www.guhalg.com\/wordpress\/wp-content\/uploads\/Reisen\/Mexiko2007\/Unterwasser\/20071114 - 10 58 26.jpg\"><img loading=\"lazy\" decoding=\"async\" width=\"800\" height=\"600\" src=\"https:\/\/www.guhalg.com\/wordpress\/wp-content\/uploads\/Reisen\/Mexiko2007\/Unterwasser\/20071114 - 10 58 26.jpg\" alt=\"und weitr\u00e4umiger\" class=\"wp-image-3668\" srcset=\"https:\/\/www.guhalg.com\/wordpress\/wp-content\/uploads\/Reisen\/Mexiko2007\/Unterwasser\/20071114%20-%2010%2058%2026.jpg 800w, https:\/\/www.guhalg.com\/wordpress\/wp-content\/uploads\/Reisen\/Mexiko2007\/Unterwasser\/20071114%20-%2010%2058%2026-300x225.jpg 300w, https:\/\/www.guhalg.com\/wordpress\/wp-content\/uploads\/Reisen\/Mexiko2007\/Unterwasser\/20071114%20-%2010%2058%2026-768x576.jpg 768w\" sizes=\"auto, (max-width: 800px) 100vw, 800px\" \/><\/a><figcaption>und weitr\u00e4umiger<\/figcaption><\/figure><\/div>\n<\/div>\n<\/div>\n\n\n\n<p>Ja und jetzt ging es in die Unterwasserwelt der Cenoten. Die Bilder dazu findet ihr hier: <a href=\"https:\/\/www.guhalg.com\/wordpress\/?page_id=3719\" data-type=\"page\" data-id=\"3719\">Unterwasserwelt der Cenoten<\/a>.  Und nach dem Tauchgang ging es wieder zur\u00fcck zum Auto, Mittagspause, Flasche wechseln und auf zum zweiten Tauchgang. Den Hinweis sollte man \u00fcbrigens dringendst befolgen. Er hei\u00dft so viel wie &#8218;Vorsicht Rutschgefahr&#8216;. Die nassen Neopren F\u00fc\u00dfe finden wirklich nur wenig halt auf den Steinen.<\/p>\n\n\n\n<div class=\"wp-block-image\"><figure class=\"aligncenter size-full\"><a href=\"https:\/\/www.guhalg.com\/wordpress\/wp-content\/uploads\/Reisen\/Mexiko2007\/Unterwasser\/20071114 - 09 13 33.jpg\"><img loading=\"lazy\" decoding=\"async\" width=\"800\" height=\"600\" src=\"https:\/\/www.guhalg.com\/wordpress\/wp-content\/uploads\/Reisen\/Mexiko2007\/Unterwasser\/20071114 - 09 13 33.jpg\" alt=\"Rutschgefahr\" class=\"wp-image-3664\" srcset=\"https:\/\/www.guhalg.com\/wordpress\/wp-content\/uploads\/Reisen\/Mexiko2007\/Unterwasser\/20071114%20-%2009%2013%2033.jpg 800w, https:\/\/www.guhalg.com\/wordpress\/wp-content\/uploads\/Reisen\/Mexiko2007\/Unterwasser\/20071114%20-%2009%2013%2033-300x225.jpg 300w, https:\/\/www.guhalg.com\/wordpress\/wp-content\/uploads\/Reisen\/Mexiko2007\/Unterwasser\/20071114%20-%2009%2013%2033-768x576.jpg 768w\" sizes=\"auto, (max-width: 800px) 100vw, 800px\" \/><\/a><figcaption>Rutschgefahr<\/figcaption><\/figure><\/div>\n\n\n\n<div class=\"wp-block-columns is-layout-flex wp-container-core-columns-is-layout-9d6595d7 wp-block-columns-is-layout-flex\">\n<div class=\"wp-block-column is-layout-flow wp-block-column-is-layout-flow\">\n<div class=\"wp-block-buttons is-layout-flex wp-block-buttons-is-layout-flex\">\n<div class=\"wp-block-button\"><a class=\"wp-block-button__link\" href=\"https:\/\/www.guhalg.com\/wordpress\/?page_id=3576\">Playa del Carmen<\/a><\/div>\n<\/div>\n<\/div>\n\n\n\n<div class=\"wp-block-column is-layout-flow wp-block-column-is-layout-flow\">\n<div class=\"wp-block-buttons is-horizontal is-content-justification-right is-layout-flex wp-container-core-buttons-is-layout-ae2fe186 wp-block-buttons-is-layout-flex\">\n<div class=\"wp-block-button\"><a class=\"wp-block-button__link\" href=\"https:\/\/www.guhalg.com\/wordpress\/?page_id=3727\">Tauchen in der Karibik<\/a><\/div>\n<\/div>\n<\/div>\n<\/div>\n","protected":false},"excerpt":{"rendered":"<p>Eines unserer Urlaubsziele war das Tauchen in den Cenoten. Wir sind zwar schon hier und da mal in H\u00f6hlen getaucht, aber die Eindr\u00fccke mitten im Urwald in eine H\u00f6hle einzusteigen sind doch gewaltig. Selbst bei der Anfahrt ging es teilweise&hellip; <\/p>\n","protected":false},"author":1,"featured_media":0,"parent":3548,"menu_order":3,"comment_status":"closed","ping_status":"closed","template":"","meta":{"footnotes":""},"class_list":["post-3651","page","type-page","status-publish","hentry"],"_links":{"self":[{"href":"https:\/\/www.guhalg.com\/wordpress\/index.php?rest_route=\/wp\/v2\/pages\/3651","targetHints":{"allow":["GET"]}}],"collection":[{"href":"https:\/\/www.guhalg.com\/wordpress\/index.php?rest_route=\/wp\/v2\/pages"}],"about":[{"href":"https:\/\/www.guhalg.com\/wordpress\/index.php?rest_route=\/wp\/v2\/types\/page"}],"author":[{"embeddable":true,"href":"https:\/\/www.guhalg.com\/wordpress\/index.php?rest_route=\/wp\/v2\/users\/1"}],"replies":[{"embeddable":true,"href":"https:\/\/www.guhalg.com\/wordpress\/index.php?rest_route=%2Fwp%2Fv2%2Fcomments&post=3651"}],"version-history":[{"count":12,"href":"https:\/\/www.guhalg.com\/wordpress\/index.php?rest_route=\/wp\/v2\/pages\/3651\/revisions"}],"predecessor-version":[{"id":7710,"href":"https:\/\/www.guhalg.com\/wordpress\/index.php?rest_route=\/wp\/v2\/pages\/3651\/revisions\/7710"}],"up":[{"embeddable":true,"href":"https:\/\/www.guhalg.com\/wordpress\/index.php?rest_route=\/wp\/v2\/pages\/3548"}],"wp:attachment":[{"href":"https:\/\/www.guhalg.com\/wordpress\/index.php?rest_route=%2Fwp%2Fv2%2Fmedia&parent=3651"}],"curies":[{"name":"wp","href":"https:\/\/api.w.org\/{rel}","templated":true}]}}