{"id":4615,"date":"2021-12-08T21:29:18","date_gmt":"2021-12-08T20:29:18","guid":{"rendered":"https:\/\/www.guhalg.com\/wordpress\/?page_id=4615"},"modified":"2022-02-08T22:04:33","modified_gmt":"2022-02-08T21:04:33","slug":"das-leben-in-mosambik","status":"publish","type":"page","link":"https:\/\/www.guhalg.com\/wordpress\/?page_id=4615","title":{"rendered":"Das Leben in Mosambik"},"content":{"rendered":"\n<p>Die Wanderung f\u00fchrte uns an den Mangroven vorbei (gibt es als Bezeichnung f\u00fcr eine <a href=\"http:\/\/de.wikipedia.org\/wiki\/Mangrove_%28Baum%29\">Baumart<\/a> und f\u00fcr ein <a href=\"http:\/\/de.wikipedia.org\/wiki\/Mangrove_%28%C3%96kosystem%29\">\u00d6kosystem<\/a>), zwischen Feldern und Plantagen hindurch bis zum ersten Dorf. Hier besuchte unser Tourguide den Dorfvorsteher f\u00fcr ein kleines Gespr\u00e4ch zwischendurch, aber auch um seine Achtung auszudr\u00fccken. F\u00fcr unsere Bitte um Kokosn\u00fcsse wurde dann ein Mann ausgesucht, um auf eine Palme zu klettern und den G\u00e4sten die N\u00fcsse zu pfl\u00fccken. Alles streng hierarchisch geregelt. Nach dieser leckeren Erfrischung ging es weiter zur n\u00e4chsten Insel und zum n\u00e4chsten Dorf.<\/p>\n\n\n\n<div class=\"wp-block-image\"><figure class=\"aligncenter size-full\"><a href=\"https:\/\/www.guhalg.com\/wordpress\/wp-content\/uploads\/Reisen\/2011 Afrika\/Tofo\/Mozambik_089.jpg\"><img loading=\"lazy\" decoding=\"async\" width=\"1024\" height=\"575\" src=\"https:\/\/www.guhalg.com\/wordpress\/wp-content\/uploads\/Reisen\/2011 Afrika\/Tofo\/Mozambik_089.jpg\" alt=\"Zwischen den Inseln\" class=\"wp-image-4534\" srcset=\"https:\/\/www.guhalg.com\/wordpress\/wp-content\/uploads\/Reisen\/2011%20Afrika\/Tofo\/Mozambik_089.jpg 1024w, https:\/\/www.guhalg.com\/wordpress\/wp-content\/uploads\/Reisen\/2011%20Afrika\/Tofo\/Mozambik_089-300x168.jpg 300w, https:\/\/www.guhalg.com\/wordpress\/wp-content\/uploads\/Reisen\/2011%20Afrika\/Tofo\/Mozambik_089-768x431.jpg 768w\" sizes=\"auto, (max-width: 1024px) 100vw, 1024px\" \/><\/a><figcaption>Zwischen den Inseln<\/figcaption><\/figure><\/div>\n\n\n\n<div class=\"wp-block-image\"><figure class=\"aligncenter size-full\"><a href=\"https:\/\/www.guhalg.com\/wordpress\/wp-content\/uploads\/Reisen\/2011 Afrika\/Tofo\/Mozambik_093.jpg\"><img loading=\"lazy\" decoding=\"async\" width=\"1024\" height=\"575\" src=\"https:\/\/www.guhalg.com\/wordpress\/wp-content\/uploads\/Reisen\/2011 Afrika\/Tofo\/Mozambik_093.jpg\" alt=\"Ein Dorf vom Meer aus\" class=\"wp-image-4535\" srcset=\"https:\/\/www.guhalg.com\/wordpress\/wp-content\/uploads\/Reisen\/2011%20Afrika\/Tofo\/Mozambik_093.jpg 1024w, https:\/\/www.guhalg.com\/wordpress\/wp-content\/uploads\/Reisen\/2011%20Afrika\/Tofo\/Mozambik_093-300x168.jpg 300w, https:\/\/www.guhalg.com\/wordpress\/wp-content\/uploads\/Reisen\/2011%20Afrika\/Tofo\/Mozambik_093-768x431.jpg 768w\" sizes=\"auto, (max-width: 1024px) 100vw, 1024px\" \/><\/a><figcaption>Ein Dorf vom Meer aus<\/figcaption><\/figure><\/div>\n\n\n\n<p>Hier haben wir u.\u00a0a. die Dorfschule besucht und uns mit der Lehrerin unterhalten.<\/p>\n\n\n\n<div class=\"wp-block-columns is-layout-flex wp-container-core-columns-is-layout-9d6595d7 wp-block-columns-is-layout-flex\">\n<div class=\"wp-block-column is-layout-flow wp-block-column-is-layout-flow\">\n<div class=\"wp-block-image\"><figure class=\"aligncenter size-full\"><a href=\"https:\/\/www.guhalg.com\/wordpress\/wp-content\/uploads\/Reisen\/2011 Afrika\/Tofo\/Mozambik_097.jpg\"><img loading=\"lazy\" decoding=\"async\" width=\"1024\" height=\"575\" src=\"https:\/\/www.guhalg.com\/wordpress\/wp-content\/uploads\/Reisen\/2011 Afrika\/Tofo\/Mozambik_097.jpg\" alt=\"Die Dorfschule\" class=\"wp-image-4539\" srcset=\"https:\/\/www.guhalg.com\/wordpress\/wp-content\/uploads\/Reisen\/2011%20Afrika\/Tofo\/Mozambik_097.jpg 1024w, https:\/\/www.guhalg.com\/wordpress\/wp-content\/uploads\/Reisen\/2011%20Afrika\/Tofo\/Mozambik_097-300x168.jpg 300w, https:\/\/www.guhalg.com\/wordpress\/wp-content\/uploads\/Reisen\/2011%20Afrika\/Tofo\/Mozambik_097-768x431.jpg 768w\" sizes=\"auto, (max-width: 1024px) 100vw, 1024px\" \/><\/a><figcaption>Die Dorfschule<\/figcaption><\/figure><\/div>\n<\/div>\n\n\n\n<div class=\"wp-block-column is-layout-flow wp-block-column-is-layout-flow\">\n<div class=\"wp-block-image\"><figure class=\"aligncenter size-full\"><a href=\"https:\/\/www.guhalg.com\/wordpress\/wp-content\/uploads\/Reisen\/2011 Afrika\/Tofo\/Mozambik_094.jpg\"><img loading=\"lazy\" decoding=\"async\" width=\"1024\" height=\"575\" src=\"https:\/\/www.guhalg.com\/wordpress\/wp-content\/uploads\/Reisen\/2011 Afrika\/Tofo\/Mozambik_094.jpg\" alt=\"einfach und funktionell\" class=\"wp-image-4536\" srcset=\"https:\/\/www.guhalg.com\/wordpress\/wp-content\/uploads\/Reisen\/2011%20Afrika\/Tofo\/Mozambik_094.jpg 1024w, https:\/\/www.guhalg.com\/wordpress\/wp-content\/uploads\/Reisen\/2011%20Afrika\/Tofo\/Mozambik_094-300x168.jpg 300w, https:\/\/www.guhalg.com\/wordpress\/wp-content\/uploads\/Reisen\/2011%20Afrika\/Tofo\/Mozambik_094-768x431.jpg 768w\" sizes=\"auto, (max-width: 1024px) 100vw, 1024px\" \/><\/a><figcaption>einfach und funktionell<\/figcaption><\/figure><\/div>\n<\/div>\n<\/div>\n\n\n\n<p>Weiter ging es zum Backhaus des Dorfes, das einer Familie geh\u00f6rt und diese auch ern\u00e4hrt.<\/p>\n\n\n\n<div class=\"wp-block-columns is-layout-flex wp-container-core-columns-is-layout-9d6595d7 wp-block-columns-is-layout-flex\">\n<div class=\"wp-block-column is-layout-flow wp-block-column-is-layout-flow\">\n<div class=\"wp-block-image\"><figure class=\"aligncenter size-full\"><a href=\"https:\/\/www.guhalg.com\/wordpress\/wp-content\/uploads\/Reisen\/2011 Afrika\/Tofo\/Mozambik_095.jpg\"><img loading=\"lazy\" decoding=\"async\" width=\"1024\" height=\"575\" src=\"https:\/\/www.guhalg.com\/wordpress\/wp-content\/uploads\/Reisen\/2011 Afrika\/Tofo\/Mozambik_095.jpg\" alt=\"Dorfbackstube\" class=\"wp-image-4537\" srcset=\"https:\/\/www.guhalg.com\/wordpress\/wp-content\/uploads\/Reisen\/2011%20Afrika\/Tofo\/Mozambik_095.jpg 1024w, https:\/\/www.guhalg.com\/wordpress\/wp-content\/uploads\/Reisen\/2011%20Afrika\/Tofo\/Mozambik_095-300x168.jpg 300w, https:\/\/www.guhalg.com\/wordpress\/wp-content\/uploads\/Reisen\/2011%20Afrika\/Tofo\/Mozambik_095-768x431.jpg 768w\" sizes=\"auto, (max-width: 1024px) 100vw, 1024px\" \/><\/a><figcaption>Dorfbackstube<\/figcaption><\/figure><\/div>\n<\/div>\n\n\n\n<div class=\"wp-block-column is-layout-flow wp-block-column-is-layout-flow\">\n<div class=\"wp-block-image\"><figure class=\"aligncenter size-full\"><a href=\"https:\/\/www.guhalg.com\/wordpress\/wp-content\/uploads\/Reisen\/2011 Afrika\/Tofo\/Mozambik_096.jpg\"><img loading=\"lazy\" decoding=\"async\" width=\"1024\" height=\"575\" src=\"https:\/\/www.guhalg.com\/wordpress\/wp-content\/uploads\/Reisen\/2011 Afrika\/Tofo\/Mozambik_096.jpg\" alt=\"Backofen\" class=\"wp-image-4538\" srcset=\"https:\/\/www.guhalg.com\/wordpress\/wp-content\/uploads\/Reisen\/2011%20Afrika\/Tofo\/Mozambik_096.jpg 1024w, https:\/\/www.guhalg.com\/wordpress\/wp-content\/uploads\/Reisen\/2011%20Afrika\/Tofo\/Mozambik_096-300x168.jpg 300w, https:\/\/www.guhalg.com\/wordpress\/wp-content\/uploads\/Reisen\/2011%20Afrika\/Tofo\/Mozambik_096-768x431.jpg 768w\" sizes=\"auto, (max-width: 1024px) 100vw, 1024px\" \/><\/a><figcaption>Backofen<\/figcaption><\/figure><\/div>\n<\/div>\n<\/div>\n\n\n\n<p>Diese beiden Geb\u00e4ude, Schule und Backhaus, haben Horst doch stark an seine Kindheit erinnert. Wir m\u00f6gen vielleicht in Geb\u00e4uden aus Stein zur Schule gegangen sein, aber in der alten Schule in Baven bei Hermannsburg, Landkreis Celle, sahen die Schulr\u00e4ume \u00e4hnlich aus. Und in den kleinen Heided\u00f6rfern gibt es immer noch die Tradition des gemeinsamen Backens, wenn jetzt auch eher als Touristen-Attraktion im Sommer. Wir haben im Dorfshop noch ein wenig unseren Durst gestillt und sind weiter gezogen zum Strand, um dort ein kleines Picknick zu genie\u00dfen und uns eine Dhau f\u00fcr den R\u00fcckweg zu suchen. Da sa\u00dfen wir nun auf dem Boot nach unserem Picknick, warteten auf eine Dhau und genossen den Blick aufs Meer. <\/p>\n\n\n\n<div class=\"wp-block-image\"><figure class=\"aligncenter size-full\"><a href=\"https:\/\/www.guhalg.com\/wordpress\/wp-content\/uploads\/Reisen\/2011 Afrika\/Tofo\/Mozambik_106.jpg\"><img loading=\"lazy\" decoding=\"async\" width=\"1024\" height=\"575\" src=\"https:\/\/www.guhalg.com\/wordpress\/wp-content\/uploads\/Reisen\/2011 Afrika\/Tofo\/Mozambik_106.jpg\" alt=\"Warten auf die Dhau\" class=\"wp-image-4542\" srcset=\"https:\/\/www.guhalg.com\/wordpress\/wp-content\/uploads\/Reisen\/2011%20Afrika\/Tofo\/Mozambik_106.jpg 1024w, https:\/\/www.guhalg.com\/wordpress\/wp-content\/uploads\/Reisen\/2011%20Afrika\/Tofo\/Mozambik_106-300x168.jpg 300w, https:\/\/www.guhalg.com\/wordpress\/wp-content\/uploads\/Reisen\/2011%20Afrika\/Tofo\/Mozambik_106-768x431.jpg 768w\" sizes=\"auto, (max-width: 1024px) 100vw, 1024px\" \/><\/a><figcaption>Warten auf die Dhau<\/figcaption><\/figure><\/div>\n\n\n\n<div class=\"wp-block-image\"><figure class=\"aligncenter size-full\"><a href=\"https:\/\/www.guhalg.com\/wordpress\/wp-content\/uploads\/Reisen\/2011 Afrika\/Tofo\/Mozambik_108.jpg\"><img loading=\"lazy\" decoding=\"async\" width=\"1024\" height=\"575\" src=\"https:\/\/www.guhalg.com\/wordpress\/wp-content\/uploads\/Reisen\/2011 Afrika\/Tofo\/Mozambik_108.jpg\" alt=\"Eine Dhau\" class=\"wp-image-4543\" srcset=\"https:\/\/www.guhalg.com\/wordpress\/wp-content\/uploads\/Reisen\/2011%20Afrika\/Tofo\/Mozambik_108.jpg 1024w, https:\/\/www.guhalg.com\/wordpress\/wp-content\/uploads\/Reisen\/2011%20Afrika\/Tofo\/Mozambik_108-300x168.jpg 300w, https:\/\/www.guhalg.com\/wordpress\/wp-content\/uploads\/Reisen\/2011%20Afrika\/Tofo\/Mozambik_108-768x431.jpg 768w\" sizes=\"auto, (max-width: 1024px) 100vw, 1024px\" \/><\/a><figcaption>Eine Dhau<\/figcaption><\/figure><\/div>\n\n\n\n<p>Als unsere Dhau schlie\u00dflich am Strand anlegte, hie\u00df es Abschied nehmen von der Insel, ein letzter Blick zur\u00fcck und auf nach Inhambane. <\/p>\n\n\n\n<div class=\"wp-block-image\"><figure class=\"aligncenter size-large\"><a href=\"https:\/\/www.guhalg.com\/wordpress\/wp-content\/uploads\/Reisen\/2011 Afrika\/Tofo\/Mozambik_103.jpg\"><img loading=\"lazy\" decoding=\"async\" width=\"1024\" height=\"248\" src=\"https:\/\/www.guhalg.com\/wordpress\/wp-content\/uploads\/Reisen\/2011 Afrika\/Tofo\/Mozambik_103-1024x248.jpg\" alt=\"R\u00fcckblick\" class=\"wp-image-4540\" srcset=\"https:\/\/www.guhalg.com\/wordpress\/wp-content\/uploads\/Reisen\/2011%20Afrika\/Tofo\/Mozambik_103-1024x248.jpg 1024w, https:\/\/www.guhalg.com\/wordpress\/wp-content\/uploads\/Reisen\/2011%20Afrika\/Tofo\/Mozambik_103-300x73.jpg 300w, https:\/\/www.guhalg.com\/wordpress\/wp-content\/uploads\/Reisen\/2011%20Afrika\/Tofo\/Mozambik_103-768x186.jpg 768w, https:\/\/www.guhalg.com\/wordpress\/wp-content\/uploads\/Reisen\/2011%20Afrika\/Tofo\/Mozambik_103.jpg 1280w\" sizes=\"auto, (max-width: 1024px) 100vw, 1024px\" \/><\/a><figcaption>R\u00fcckblick<\/figcaption><\/figure><\/div>\n\n\n\n<p>Hier zeigte sich auch sehr der Unterschied zwischen dem traditionellen Leben auf dem Lande und dem modernen Leben in der Stadt. Beim Blick zur\u00fcck sieht man eigentlich nur etwas Wald, zwar keinen Prim\u00e4r-, sondern Sekund\u00e4rwald, also von Menschen gesetzt und bewirtschaftet. Der Blick nach vorne zeigt an der K\u00fcste aber nur noch Geb\u00e4ude mit einigem auflockernden Gr\u00fcn zwischendurch. Auf der einen Seite sind die H\u00e4user, auch die aus Stein gebauten, in die Natur eingef\u00fcgt und stehen sozusagen zwischen den B\u00e4umen, auf der anderen Seite gibt es einige B\u00e4ume zwischen den Geb\u00e4uden. Hier noch einige weitere Bilder dieser Wanderung:\u00a0<a href=\"https:\/\/www.guhalg.com\/wordpress\/?page_id=4648\" data-type=\"page\" data-id=\"4648\">Wanderung in Mosambik<\/a>. <\/p>\n\n\n\n<figure class=\"wp-block-gallery has-nested-images columns-5 is-cropped wp-block-gallery-1 is-layout-flex wp-block-gallery-is-layout-flex\">\n<figure class=\"wp-block-image size-large\"><img loading=\"lazy\" decoding=\"async\" width=\"1024\" height=\"575\" data-id=\"4541\" src=\"https:\/\/www.guhalg.com\/wordpress\/wp-content\/uploads\/Reisen\/2011 Afrika\/Tofo\/Mozambik_104.jpg\" alt=\"\" class=\"wp-image-4541\" srcset=\"https:\/\/www.guhalg.com\/wordpress\/wp-content\/uploads\/Reisen\/2011%20Afrika\/Tofo\/Mozambik_104.jpg 1024w, https:\/\/www.guhalg.com\/wordpress\/wp-content\/uploads\/Reisen\/2011%20Afrika\/Tofo\/Mozambik_104-300x168.jpg 300w, https:\/\/www.guhalg.com\/wordpress\/wp-content\/uploads\/Reisen\/2011%20Afrika\/Tofo\/Mozambik_104-768x431.jpg 768w\" sizes=\"auto, (max-width: 1024px) 100vw, 1024px\" \/><\/figure>\n\n\n\n<figure class=\"wp-block-image size-large\"><img loading=\"lazy\" decoding=\"async\" width=\"1024\" height=\"575\" data-id=\"4544\" src=\"https:\/\/www.guhalg.com\/wordpress\/wp-content\/uploads\/Reisen\/2011 Afrika\/Tofo\/Mozambik_109.jpg\" alt=\"\" class=\"wp-image-4544\" srcset=\"https:\/\/www.guhalg.com\/wordpress\/wp-content\/uploads\/Reisen\/2011%20Afrika\/Tofo\/Mozambik_109.jpg 1024w, https:\/\/www.guhalg.com\/wordpress\/wp-content\/uploads\/Reisen\/2011%20Afrika\/Tofo\/Mozambik_109-300x168.jpg 300w, https:\/\/www.guhalg.com\/wordpress\/wp-content\/uploads\/Reisen\/2011%20Afrika\/Tofo\/Mozambik_109-768x431.jpg 768w\" sizes=\"auto, (max-width: 1024px) 100vw, 1024px\" \/><\/figure>\n\n\n\n<figure class=\"wp-block-image size-large\"><img loading=\"lazy\" decoding=\"async\" width=\"1024\" height=\"575\" data-id=\"4547\" src=\"https:\/\/www.guhalg.com\/wordpress\/wp-content\/uploads\/Reisen\/2011 Afrika\/Tofo\/Mozambik_112.jpg\" alt=\"\" class=\"wp-image-4547\" srcset=\"https:\/\/www.guhalg.com\/wordpress\/wp-content\/uploads\/Reisen\/2011%20Afrika\/Tofo\/Mozambik_112.jpg 1024w, https:\/\/www.guhalg.com\/wordpress\/wp-content\/uploads\/Reisen\/2011%20Afrika\/Tofo\/Mozambik_112-300x168.jpg 300w, https:\/\/www.guhalg.com\/wordpress\/wp-content\/uploads\/Reisen\/2011%20Afrika\/Tofo\/Mozambik_112-768x431.jpg 768w\" sizes=\"auto, (max-width: 1024px) 100vw, 1024px\" \/><\/figure>\n\n\n\n<figure class=\"wp-block-image size-large\"><img loading=\"lazy\" decoding=\"async\" width=\"1024\" height=\"575\" data-id=\"4545\" src=\"https:\/\/www.guhalg.com\/wordpress\/wp-content\/uploads\/Reisen\/2011 Afrika\/Tofo\/Mozambik_110.jpg\" alt=\"\" class=\"wp-image-4545\" srcset=\"https:\/\/www.guhalg.com\/wordpress\/wp-content\/uploads\/Reisen\/2011%20Afrika\/Tofo\/Mozambik_110.jpg 1024w, https:\/\/www.guhalg.com\/wordpress\/wp-content\/uploads\/Reisen\/2011%20Afrika\/Tofo\/Mozambik_110-300x168.jpg 300w, https:\/\/www.guhalg.com\/wordpress\/wp-content\/uploads\/Reisen\/2011%20Afrika\/Tofo\/Mozambik_110-768x431.jpg 768w\" sizes=\"auto, (max-width: 1024px) 100vw, 1024px\" \/><\/figure>\n\n\n\n<figure class=\"wp-block-image size-large\"><img loading=\"lazy\" decoding=\"async\" width=\"1024\" height=\"575\" data-id=\"4546\" src=\"https:\/\/www.guhalg.com\/wordpress\/wp-content\/uploads\/Reisen\/2011 Afrika\/Tofo\/Mozambik_111.jpg\" alt=\"\" class=\"wp-image-4546\" srcset=\"https:\/\/www.guhalg.com\/wordpress\/wp-content\/uploads\/Reisen\/2011%20Afrika\/Tofo\/Mozambik_111.jpg 1024w, https:\/\/www.guhalg.com\/wordpress\/wp-content\/uploads\/Reisen\/2011%20Afrika\/Tofo\/Mozambik_111-300x168.jpg 300w, https:\/\/www.guhalg.com\/wordpress\/wp-content\/uploads\/Reisen\/2011%20Afrika\/Tofo\/Mozambik_111-768x431.jpg 768w\" sizes=\"auto, (max-width: 1024px) 100vw, 1024px\" \/><\/figure>\n<\/figure>\n\n\n\n<div class=\"wp-block-columns is-layout-flex wp-container-core-columns-is-layout-9d6595d7 wp-block-columns-is-layout-flex\">\n<div class=\"wp-block-column is-layout-flow wp-block-column-is-layout-flow\">\n<div class=\"wp-block-buttons is-layout-flex wp-block-buttons-is-layout-flex\">\n<div class=\"wp-block-button\"><a class=\"wp-block-button__link\" href=\"https:\/\/www.guhalg.com\/wordpress\/?page_id=4579\">Die Landschaft<\/a><\/div>\n<\/div>\n<\/div>\n\n\n\n<div class=\"wp-block-column is-layout-flow wp-block-column-is-layout-flow\">\n<div class=\"wp-block-buttons is-horizontal is-content-justification-right is-layout-flex wp-container-core-buttons-is-layout-ae2fe186 wp-block-buttons-is-layout-flex\">\n<div class=\"wp-block-button\"><a class=\"wp-block-button__link\" href=\"https:\/\/www.guhalg.com\/wordpress\/?page_id=4654\">Das Tauchen<\/a><\/div>\n<\/div>\n<\/div>\n<\/div>\n","protected":false},"excerpt":{"rendered":"<p>Die Wanderung f\u00fchrte uns an den Mangroven vorbei (gibt es als Bezeichnung f\u00fcr eine Baumart und f\u00fcr ein \u00d6kosystem), zwischen Feldern und Plantagen hindurch bis zum ersten Dorf. Hier besuchte unser Tourguide den Dorfvorsteher f\u00fcr ein kleines Gespr\u00e4ch zwischendurch, aber&hellip; <\/p>\n","protected":false},"author":1,"featured_media":0,"parent":4189,"menu_order":14,"comment_status":"closed","ping_status":"closed","template":"","meta":{"footnotes":""},"class_list":["post-4615","page","type-page","status-publish","hentry"],"_links":{"self":[{"href":"https:\/\/www.guhalg.com\/wordpress\/index.php?rest_route=\/wp\/v2\/pages\/4615","targetHints":{"allow":["GET"]}}],"collection":[{"href":"https:\/\/www.guhalg.com\/wordpress\/index.php?rest_route=\/wp\/v2\/pages"}],"about":[{"href":"https:\/\/www.guhalg.com\/wordpress\/index.php?rest_route=\/wp\/v2\/types\/page"}],"author":[{"embeddable":true,"href":"https:\/\/www.guhalg.com\/wordpress\/index.php?rest_route=\/wp\/v2\/users\/1"}],"replies":[{"embeddable":true,"href":"https:\/\/www.guhalg.com\/wordpress\/index.php?rest_route=%2Fwp%2Fv2%2Fcomments&post=4615"}],"version-history":[{"count":6,"href":"https:\/\/www.guhalg.com\/wordpress\/index.php?rest_route=\/wp\/v2\/pages\/4615\/revisions"}],"predecessor-version":[{"id":7843,"href":"https:\/\/www.guhalg.com\/wordpress\/index.php?rest_route=\/wp\/v2\/pages\/4615\/revisions\/7843"}],"up":[{"embeddable":true,"href":"https:\/\/www.guhalg.com\/wordpress\/index.php?rest_route=\/wp\/v2\/pages\/4189"}],"wp:attachment":[{"href":"https:\/\/www.guhalg.com\/wordpress\/index.php?rest_route=%2Fwp%2Fv2%2Fmedia&parent=4615"}],"curies":[{"name":"wp","href":"https:\/\/api.w.org\/{rel}","templated":true}]}}