{"id":5593,"date":"2022-01-02T16:44:02","date_gmt":"2022-01-02T15:44:02","guid":{"rendered":"https:\/\/www.guhalg.com\/wordpress\/?page_id=5593"},"modified":"2022-02-08T18:03:26","modified_gmt":"2022-02-08T17:03:26","slug":"abend-in-sanur","status":"publish","type":"page","link":"https:\/\/www.guhalg.com\/wordpress\/?page_id=5593","title":{"rendered":"Abend in Sanur"},"content":{"rendered":"\n<p>Jetzt waren wir in unserem Hotel, konnten aber unsere Zimmer f\u00fcr die Nacht noch nicht beziehen. Also haben wir erstmal die Anlage vom Hotel und den zugeh\u00f6rigen Strand inspiziert.<\/p>\n\n\n\n<div class=\"wp-block-columns is-layout-flex wp-container-core-columns-is-layout-9d6595d7 wp-block-columns-is-layout-flex\">\n<div class=\"wp-block-column is-layout-flow wp-block-column-is-layout-flow\">\n<div class=\"wp-block-image\"><figure class=\"aligncenter size-full\"><a href=\"https:\/\/www.guhalg.com\/wordpress\/wp-content\/uploads\/Reisen\/Indo08\/Reise\/01 - 00 .jpg\"><img loading=\"lazy\" decoding=\"async\" width=\"800\" height=\"600\" src=\"https:\/\/www.guhalg.com\/wordpress\/wp-content\/uploads\/Reisen\/Indo08\/Reise\/01 - 00 .jpg\" alt=\"Am Strand\" class=\"wp-image-5505\" srcset=\"https:\/\/www.guhalg.com\/wordpress\/wp-content\/uploads\/Reisen\/Indo08\/Reise\/01%20-%2000%20.jpg 800w, https:\/\/www.guhalg.com\/wordpress\/wp-content\/uploads\/Reisen\/Indo08\/Reise\/01%20-%2000%20-300x225.jpg 300w, https:\/\/www.guhalg.com\/wordpress\/wp-content\/uploads\/Reisen\/Indo08\/Reise\/01%20-%2000%20-768x576.jpg 768w\" sizes=\"auto, (max-width: 800px) 100vw, 800px\" \/><\/a><figcaption>Am Strand<\/figcaption><\/figure><\/div>\n<\/div>\n\n\n\n<div class=\"wp-block-column is-layout-flow wp-block-column-is-layout-flow\">\n<div class=\"wp-block-image\"><figure class=\"aligncenter size-full\"><a href=\"https:\/\/www.guhalg.com\/wordpress\/wp-content\/uploads\/Reisen\/Indo08\/Reise\/01 - 000 .jpg\"><img loading=\"lazy\" decoding=\"async\" width=\"800\" height=\"600\" src=\"https:\/\/www.guhalg.com\/wordpress\/wp-content\/uploads\/Reisen\/Indo08\/Reise\/01 - 000 .jpg\" alt=\"Blick auf's Meer\" class=\"wp-image-5506\" srcset=\"https:\/\/www.guhalg.com\/wordpress\/wp-content\/uploads\/Reisen\/Indo08\/Reise\/01%20-%20000%20.jpg 800w, https:\/\/www.guhalg.com\/wordpress\/wp-content\/uploads\/Reisen\/Indo08\/Reise\/01%20-%20000%20-300x225.jpg 300w, https:\/\/www.guhalg.com\/wordpress\/wp-content\/uploads\/Reisen\/Indo08\/Reise\/01%20-%20000%20-768x576.jpg 768w\" sizes=\"auto, (max-width: 800px) 100vw, 800px\" \/><\/a><figcaption>Blick aufs Meer<\/figcaption><\/figure><\/div>\n<\/div>\n<\/div>\n\n\n\n<p>W\u00e4hrend einige von uns schon wieder ausgelassen und gut gelaunt waren, entspannten sich andere von dem langen Schlafen im Flieger und sammelten Energie f\u00fcr den Abend.<\/p>\n\n\n\n<div class=\"wp-block-image\"><figure class=\"aligncenter size-full\"><a href=\"https:\/\/www.guhalg.com\/wordpress\/wp-content\/uploads\/Reisen\/Indo08\/Reise\/20072 - 09 35 59 - kerstin am strand.jpg\"><img loading=\"lazy\" decoding=\"async\" width=\"800\" height=\"600\" src=\"https:\/\/www.guhalg.com\/wordpress\/wp-content\/uploads\/Reisen\/Indo08\/Reise\/20072 - 09 35 59 - kerstin am strand.jpg\" alt=\"Lust am Leben\" class=\"wp-image-5537\" srcset=\"https:\/\/www.guhalg.com\/wordpress\/wp-content\/uploads\/Reisen\/Indo08\/Reise\/20072%20-%2009%2035%2059%20-%20kerstin%20am%20strand.jpg 800w, https:\/\/www.guhalg.com\/wordpress\/wp-content\/uploads\/Reisen\/Indo08\/Reise\/20072%20-%2009%2035%2059%20-%20kerstin%20am%20strand-300x225.jpg 300w, https:\/\/www.guhalg.com\/wordpress\/wp-content\/uploads\/Reisen\/Indo08\/Reise\/20072%20-%2009%2035%2059%20-%20kerstin%20am%20strand-768x576.jpg 768w\" sizes=\"auto, (max-width: 800px) 100vw, 800px\" \/><\/a><figcaption>Lust am Leben<\/figcaption><\/figure><\/div>\n\n\n\n<div class=\"wp-block-image\"><figure class=\"aligncenter size-full\"><a href=\"https:\/\/www.guhalg.com\/wordpress\/wp-content\/uploads\/Reisen\/Indo08\/Reise\/20072- 09 38 39 - daniel.jpg\"><img loading=\"lazy\" decoding=\"async\" width=\"800\" height=\"600\" src=\"https:\/\/www.guhalg.com\/wordpress\/wp-content\/uploads\/Reisen\/Indo08\/Reise\/20072- 09 38 39 - daniel.jpg\" alt=\"Entspannung\" class=\"wp-image-5538\" srcset=\"https:\/\/www.guhalg.com\/wordpress\/wp-content\/uploads\/Reisen\/Indo08\/Reise\/20072-%2009%2038%2039%20-%20daniel.jpg 800w, https:\/\/www.guhalg.com\/wordpress\/wp-content\/uploads\/Reisen\/Indo08\/Reise\/20072-%2009%2038%2039%20-%20daniel-300x225.jpg 300w, https:\/\/www.guhalg.com\/wordpress\/wp-content\/uploads\/Reisen\/Indo08\/Reise\/20072-%2009%2038%2039%20-%20daniel-768x576.jpg 768w\" sizes=\"auto, (max-width: 800px) 100vw, 800px\" \/><\/a><figcaption>Entspannung<\/figcaption><\/figure><\/div>\n\n\n\n<p>Nachdem wir dann alle eingecheckt waren, ging es los, die Hauptstra\u00dfe in Sanur erkunden. Auff\u00e4llig hier waren all die vielen kleinen Opfergaben, die man wirklich vor jedem Gesch\u00e4ft und jedem Haus sehen kann. Auch ein kleiner Tempel nebst G\u00f6ttern zum Schutz des Anwesens gibt es wirklich an jedem Grundst\u00fcck. Und diese G\u00f6tter sind nicht nur sehr farbenfroh und detailliert gearbeitet, sie sind auch gar nicht mal so klein.<\/p>\n\n\n\n<div class=\"wp-block-columns is-layout-flex wp-container-core-columns-is-layout-9d6595d7 wp-block-columns-is-layout-flex\">\n<div class=\"wp-block-column is-layout-flow wp-block-column-is-layout-flow\">\n<div class=\"wp-block-image\"><figure class=\"aligncenter size-full\"><a href=\"https:\/\/www.guhalg.com\/wordpress\/wp-content\/uploads\/Reisen\/Indo08\/Reise\/01 - 021.jpg\"><img loading=\"lazy\" decoding=\"async\" width=\"592\" height=\"800\" src=\"https:\/\/www.guhalg.com\/wordpress\/wp-content\/uploads\/Reisen\/Indo08\/Reise\/01 - 021.jpg\" alt=\"Opferschrein\" class=\"wp-image-5508\" srcset=\"https:\/\/www.guhalg.com\/wordpress\/wp-content\/uploads\/Reisen\/Indo08\/Reise\/01%20-%20021.jpg 592w, https:\/\/www.guhalg.com\/wordpress\/wp-content\/uploads\/Reisen\/Indo08\/Reise\/01%20-%20021-222x300.jpg 222w\" sizes=\"auto, (max-width: 592px) 100vw, 592px\" \/><\/a><figcaption>Opferschrein<\/figcaption><\/figure><\/div>\n<\/div>\n\n\n\n<div class=\"wp-block-column is-layout-flow wp-block-column-is-layout-flow\">\n<div class=\"wp-block-image\"><figure class=\"aligncenter size-full\"><a href=\"https:\/\/www.guhalg.com\/wordpress\/wp-content\/uploads\/Reisen\/Indo08\/Reise\/01 - 03.jpg\"><img loading=\"lazy\" decoding=\"async\" width=\"592\" height=\"800\" src=\"https:\/\/www.guhalg.com\/wordpress\/wp-content\/uploads\/Reisen\/Indo08\/Reise\/01 - 03.jpg\" alt=\"Opferschrein\" class=\"wp-image-5509\" srcset=\"https:\/\/www.guhalg.com\/wordpress\/wp-content\/uploads\/Reisen\/Indo08\/Reise\/01%20-%2003.jpg 592w, https:\/\/www.guhalg.com\/wordpress\/wp-content\/uploads\/Reisen\/Indo08\/Reise\/01%20-%2003-222x300.jpg 222w\" sizes=\"auto, (max-width: 592px) 100vw, 592px\" \/><\/a><figcaption>Opferschrein<\/figcaption><\/figure><\/div>\n<\/div>\n<\/div>\n\n\n\n<div class=\"wp-block-columns is-layout-flex wp-container-core-columns-is-layout-9d6595d7 wp-block-columns-is-layout-flex\">\n<div class=\"wp-block-column is-layout-flow wp-block-column-is-layout-flow\">\n<div class=\"wp-block-image\"><figure class=\"aligncenter size-full\"><a href=\"https:\/\/www.guhalg.com\/wordpress\/wp-content\/uploads\/Reisen\/Indo08\/Reise\/20073 - 09 39 16 - bogu mit statue.jpg\"><img loading=\"lazy\" decoding=\"async\" width=\"592\" height=\"800\" src=\"https:\/\/www.guhalg.com\/wordpress\/wp-content\/uploads\/Reisen\/Indo08\/Reise\/20073 - 09 39 16 - bogu mit statue.jpg\" alt=\"Opferschrein\" class=\"wp-image-5539\" srcset=\"https:\/\/www.guhalg.com\/wordpress\/wp-content\/uploads\/Reisen\/Indo08\/Reise\/20073%20-%2009%2039%2016%20-%20bogu%20mit%20statue.jpg 592w, https:\/\/www.guhalg.com\/wordpress\/wp-content\/uploads\/Reisen\/Indo08\/Reise\/20073%20-%2009%2039%2016%20-%20bogu%20mit%20statue-222x300.jpg 222w\" sizes=\"auto, (max-width: 592px) 100vw, 592px\" \/><\/a><figcaption>Opferschrein<\/figcaption><\/figure><\/div>\n<\/div>\n\n\n\n<div class=\"wp-block-column is-layout-flow wp-block-column-is-layout-flow\">\n<div class=\"wp-block-image\"><figure class=\"aligncenter size-full\"><a href=\"https:\/\/www.guhalg.com\/wordpress\/wp-content\/uploads\/Reisen\/Indo08\/Reise\/01 - 035.jpg\"><img loading=\"lazy\" decoding=\"async\" width=\"592\" height=\"800\" src=\"https:\/\/www.guhalg.com\/wordpress\/wp-content\/uploads\/Reisen\/Indo08\/Reise\/01 - 035.jpg\" alt=\"Opferschrein\" class=\"wp-image-5510\" srcset=\"https:\/\/www.guhalg.com\/wordpress\/wp-content\/uploads\/Reisen\/Indo08\/Reise\/01%20-%20035.jpg 592w, https:\/\/www.guhalg.com\/wordpress\/wp-content\/uploads\/Reisen\/Indo08\/Reise\/01%20-%20035-222x300.jpg 222w\" sizes=\"auto, (max-width: 592px) 100vw, 592px\" \/><\/a><figcaption>Opferschrein<\/figcaption><\/figure><\/div>\n<\/div>\n<\/div>\n\n\n\n<p>So sind wir an den Gesch\u00e4ften vorbei weitergezogen und haben die ganzen Eindr\u00fccke auf uns wirken lassen. Zwischendurch gab es dann nochmal einen Latte Macchiato und gegen Abend sind wir ganz in der N\u00e4he unseres Hotels in ein Restaurant eingekehrt und haben es und gut gehen lassen.<\/p>\n\n\n\n<div class=\"wp-block-columns is-layout-flex wp-container-core-columns-is-layout-9d6595d7 wp-block-columns-is-layout-flex\">\n<div class=\"wp-block-column is-layout-flow wp-block-column-is-layout-flow\">\n<div class=\"wp-block-image\"><figure class=\"aligncenter size-full\"><a href=\"https:\/\/www.guhalg.com\/wordpress\/wp-content\/uploads\/Reisen\/Indo08\/Reise\/01 - 02.jpg\"><img loading=\"lazy\" decoding=\"async\" width=\"592\" height=\"800\" src=\"https:\/\/www.guhalg.com\/wordpress\/wp-content\/uploads\/Reisen\/Indo08\/Reise\/01 - 02.jpg\" alt=\"Haus mit Gesch\u00e4ft\" class=\"wp-image-5507\" srcset=\"https:\/\/www.guhalg.com\/wordpress\/wp-content\/uploads\/Reisen\/Indo08\/Reise\/01%20-%2002.jpg 592w, https:\/\/www.guhalg.com\/wordpress\/wp-content\/uploads\/Reisen\/Indo08\/Reise\/01%20-%2002-222x300.jpg 222w\" sizes=\"auto, (max-width: 592px) 100vw, 592px\" \/><\/a><figcaption>Haus mit Gesch\u00e4ft<\/figcaption><\/figure><\/div>\n<\/div>\n\n\n\n<div class=\"wp-block-column is-layout-flow wp-block-column-is-layout-flow\">\n<div class=\"wp-block-image\"><figure class=\"aligncenter size-full\"><a href=\"https:\/\/www.guhalg.com\/wordpress\/wp-content\/uploads\/Reisen\/Indo08\/Reise\/01 - 07.jpg\"><img loading=\"lazy\" decoding=\"async\" width=\"600\" height=\"800\" src=\"https:\/\/www.guhalg.com\/wordpress\/wp-content\/uploads\/Reisen\/Indo08\/Reise\/01 - 07.jpg\" alt=\"Pausendrink\" class=\"wp-image-5511\" srcset=\"https:\/\/www.guhalg.com\/wordpress\/wp-content\/uploads\/Reisen\/Indo08\/Reise\/01%20-%2007.jpg 600w, https:\/\/www.guhalg.com\/wordpress\/wp-content\/uploads\/Reisen\/Indo08\/Reise\/01%20-%2007-225x300.jpg 225w\" sizes=\"auto, (max-width: 600px) 100vw, 600px\" \/><\/a><figcaption>Pausendrink<\/figcaption><\/figure><\/div>\n<\/div>\n<\/div>\n\n\n\n<div class=\"wp-block-columns is-layout-flex wp-container-core-columns-is-layout-9d6595d7 wp-block-columns-is-layout-flex\">\n<div class=\"wp-block-column is-layout-flow wp-block-column-is-layout-flow\">\n<div class=\"wp-block-image\"><figure class=\"aligncenter size-full\"><a href=\"https:\/\/www.guhalg.com\/wordpress\/wp-content\/uploads\/Reisen\/Indo08\/Reise\/20073- 09 46 41 - kerstin 1.jpg\"><img loading=\"lazy\" decoding=\"async\" width=\"592\" height=\"800\" src=\"https:\/\/www.guhalg.com\/wordpress\/wp-content\/uploads\/Reisen\/Indo08\/Reise\/20073- 09 46 41 - kerstin 1.jpg\" alt=\"Abendessen\" class=\"wp-image-5540\" srcset=\"https:\/\/www.guhalg.com\/wordpress\/wp-content\/uploads\/Reisen\/Indo08\/Reise\/20073-%2009%2046%2041%20-%20kerstin%201.jpg 592w, https:\/\/www.guhalg.com\/wordpress\/wp-content\/uploads\/Reisen\/Indo08\/Reise\/20073-%2009%2046%2041%20-%20kerstin%201-222x300.jpg 222w\" sizes=\"auto, (max-width: 592px) 100vw, 592px\" \/><\/a><figcaption>Abendessen<\/figcaption><\/figure><\/div>\n<\/div>\n\n\n\n<div class=\"wp-block-column is-layout-flow wp-block-column-is-layout-flow\">\n<div class=\"wp-block-image\"><figure class=\"aligncenter size-full\"><a href=\"https:\/\/www.guhalg.com\/wordpress\/wp-content\/uploads\/Reisen\/Indo08\/Reise\/20073- 09 46 57 - h 3.jpg\"><img loading=\"lazy\" decoding=\"async\" width=\"592\" height=\"800\" src=\"https:\/\/www.guhalg.com\/wordpress\/wp-content\/uploads\/Reisen\/Indo08\/Reise\/20073- 09 46 57 - h 3.jpg\" alt=\"Abendessen\" class=\"wp-image-5541\" srcset=\"https:\/\/www.guhalg.com\/wordpress\/wp-content\/uploads\/Reisen\/Indo08\/Reise\/20073-%2009%2046%2057%20-%20h%203.jpg 592w, https:\/\/www.guhalg.com\/wordpress\/wp-content\/uploads\/Reisen\/Indo08\/Reise\/20073-%2009%2046%2057%20-%20h%203-222x300.jpg 222w\" sizes=\"auto, (max-width: 592px) 100vw, 592px\" \/><\/a><figcaption>Abendessen<\/figcaption><\/figure><\/div>\n<\/div>\n<\/div>\n\n\n\n<div class=\"wp-block-image\"><figure class=\"aligncenter size-full\"><a href=\"https:\/\/www.guhalg.com\/wordpress\/wp-content\/uploads\/Reisen\/Indo08\/Reise\/01 - daniels essen.jpg\"><img loading=\"lazy\" decoding=\"async\" width=\"800\" height=\"600\" src=\"https:\/\/www.guhalg.com\/wordpress\/wp-content\/uploads\/Reisen\/Indo08\/Reise\/01 - daniels essen.jpg\" alt=\"Abendessen\" class=\"wp-image-5512\" srcset=\"https:\/\/www.guhalg.com\/wordpress\/wp-content\/uploads\/Reisen\/Indo08\/Reise\/01%20-%20daniels%20essen.jpg 800w, https:\/\/www.guhalg.com\/wordpress\/wp-content\/uploads\/Reisen\/Indo08\/Reise\/01%20-%20daniels%20essen-300x225.jpg 300w, https:\/\/www.guhalg.com\/wordpress\/wp-content\/uploads\/Reisen\/Indo08\/Reise\/01%20-%20daniels%20essen-768x576.jpg 768w\" sizes=\"auto, (max-width: 800px) 100vw, 800px\" \/><\/a><figcaption>Abendessen<\/figcaption><\/figure><\/div>\n\n\n\n<p>Mit diesem \u00fcppigen Essen haben wir den Tag ausklingen lassen.&nbsp;Ein paar von unseren Eindr\u00fccken k\u00f6nnt ihr hier als Bildergalerie sehen: <a href=\"https:\/\/www.guhalg.com\/wordpress\/?page_id=5628\" data-type=\"page\" data-id=\"5628\">Sanur<\/a>.<\/p>\n\n\n\n<p>Nach einer ruhigen Nacht und einem ausgiebigen Fr\u00fchst\u00fcck ging es am n\u00e4chsten Morgen weiter mit der Reise. Also erstmal schnell erneut die Koffer packen, dann mit dem Shuttle zum Flughafen, ein kurzer Flug nach Labuan Bajo auf der Insel Flores und nochmal mit dem Shuttle vom Flughafen zum Bootsanleger. So, da waren wir jetzt an unserem Safariboot. Die MS Tarata sollte jetzt also f\u00fcr eine Woche in den indonesischen Gew\u00e4ssern unser Zuhause sein.<\/p>\n\n\n\n<div class=\"wp-block-image\"><figure class=\"aligncenter size-full\"><a href=\"https:\/\/www.guhalg.com\/wordpress\/wp-content\/uploads\/Reisen\/Indo08\/Reise\/02 - a - 00 - 044 - b - 125PICT0085.jpg\"><img loading=\"lazy\" decoding=\"async\" width=\"800\" height=\"600\" src=\"https:\/\/www.guhalg.com\/wordpress\/wp-content\/uploads\/Reisen\/Indo08\/Reise\/02 - a - 00 - 044 - b - 125PICT0085.jpg\" alt=\"eine Insel\" class=\"wp-image-5513\" srcset=\"https:\/\/www.guhalg.com\/wordpress\/wp-content\/uploads\/Reisen\/Indo08\/Reise\/02%20-%20a%20-%2000%20-%20044%20-%20b%20-%20125PICT0085.jpg 800w, https:\/\/www.guhalg.com\/wordpress\/wp-content\/uploads\/Reisen\/Indo08\/Reise\/02%20-%20a%20-%2000%20-%20044%20-%20b%20-%20125PICT0085-300x225.jpg 300w, https:\/\/www.guhalg.com\/wordpress\/wp-content\/uploads\/Reisen\/Indo08\/Reise\/02%20-%20a%20-%2000%20-%20044%20-%20b%20-%20125PICT0085-768x576.jpg 768w\" sizes=\"auto, (max-width: 800px) 100vw, 800px\" \/><\/a><figcaption>eine Insel<\/figcaption><\/figure><\/div>\n\n\n\n<div class=\"wp-block-image\"><figure class=\"aligncenter size-full\"><a href=\"https:\/\/www.guhalg.com\/wordpress\/wp-content\/uploads\/Reisen\/Indo08\/Reise\/20081028 - 05 17 20 - gruppe vor ms tarata.jpg\"><img loading=\"lazy\" decoding=\"async\" width=\"800\" height=\"600\" src=\"https:\/\/www.guhalg.com\/wordpress\/wp-content\/uploads\/Reisen\/Indo08\/Reise\/20081028 - 05 17 20 - gruppe vor ms tarata.jpg\" alt=\"auf dem Sprung\" class=\"wp-image-5544\" srcset=\"https:\/\/www.guhalg.com\/wordpress\/wp-content\/uploads\/Reisen\/Indo08\/Reise\/20081028%20-%2005%2017%2020%20-%20gruppe%20vor%20ms%20tarata.jpg 800w, https:\/\/www.guhalg.com\/wordpress\/wp-content\/uploads\/Reisen\/Indo08\/Reise\/20081028%20-%2005%2017%2020%20-%20gruppe%20vor%20ms%20tarata-300x225.jpg 300w, https:\/\/www.guhalg.com\/wordpress\/wp-content\/uploads\/Reisen\/Indo08\/Reise\/20081028%20-%2005%2017%2020%20-%20gruppe%20vor%20ms%20tarata-768x576.jpg 768w\" sizes=\"auto, (max-width: 800px) 100vw, 800px\" \/><\/a><figcaption>auf dem Sprung am Pier<\/figcaption><\/figure><\/div>\n\n\n\n<div class=\"wp-block-columns is-layout-flex wp-container-core-columns-is-layout-9d6595d7 wp-block-columns-is-layout-flex\">\n<div class=\"wp-block-column is-layout-flow wp-block-column-is-layout-flow\">\n<div class=\"wp-block-buttons is-layout-flex wp-block-buttons-is-layout-flex\">\n<div class=\"wp-block-button\"><a class=\"wp-block-button__link\" href=\"https:\/\/www.guhalg.com\/wordpress\/?page_id=5564\">Anreise nach Bali<\/a><\/div>\n<\/div>\n<\/div>\n\n\n\n<div class=\"wp-block-column is-layout-flow wp-block-column-is-layout-flow\">\n<div class=\"wp-block-buttons is-horizontal is-content-justification-right is-layout-flex wp-container-core-buttons-is-layout-ae2fe186 wp-block-buttons-is-layout-flex\">\n<div class=\"wp-block-button\"><a class=\"wp-block-button__link\" href=\"https:\/\/www.guhalg.com\/wordpress\/?page_id=5635\">Umzug ins Resort<\/a><\/div>\n<\/div>\n<\/div>\n<\/div>\n","protected":false},"excerpt":{"rendered":"<p>Jetzt waren wir in unserem Hotel, konnten aber unsere Zimmer f\u00fcr die Nacht noch nicht beziehen. Also haben wir erstmal die Anlage vom Hotel und den zugeh\u00f6rigen Strand inspiziert. W\u00e4hrend einige von uns schon wieder ausgelassen und gut gelaunt waren,&hellip; <\/p>\n","protected":false},"author":1,"featured_media":0,"parent":5501,"menu_order":1,"comment_status":"closed","ping_status":"closed","template":"","meta":{"footnotes":""},"class_list":["post-5593","page","type-page","status-publish","hentry"],"_links":{"self":[{"href":"https:\/\/www.guhalg.com\/wordpress\/index.php?rest_route=\/wp\/v2\/pages\/5593","targetHints":{"allow":["GET"]}}],"collection":[{"href":"https:\/\/www.guhalg.com\/wordpress\/index.php?rest_route=\/wp\/v2\/pages"}],"about":[{"href":"https:\/\/www.guhalg.com\/wordpress\/index.php?rest_route=\/wp\/v2\/types\/page"}],"author":[{"embeddable":true,"href":"https:\/\/www.guhalg.com\/wordpress\/index.php?rest_route=\/wp\/v2\/users\/1"}],"replies":[{"embeddable":true,"href":"https:\/\/www.guhalg.com\/wordpress\/index.php?rest_route=%2Fwp%2Fv2%2Fcomments&post=5593"}],"version-history":[{"count":11,"href":"https:\/\/www.guhalg.com\/wordpress\/index.php?rest_route=\/wp\/v2\/pages\/5593\/revisions"}],"predecessor-version":[{"id":7750,"href":"https:\/\/www.guhalg.com\/wordpress\/index.php?rest_route=\/wp\/v2\/pages\/5593\/revisions\/7750"}],"up":[{"embeddable":true,"href":"https:\/\/www.guhalg.com\/wordpress\/index.php?rest_route=\/wp\/v2\/pages\/5501"}],"wp:attachment":[{"href":"https:\/\/www.guhalg.com\/wordpress\/index.php?rest_route=%2Fwp%2Fv2%2Fmedia&parent=5593"}],"curies":[{"name":"wp","href":"https:\/\/api.w.org\/{rel}","templated":true}]}}