{"id":5685,"date":"2022-01-02T21:26:14","date_gmt":"2022-01-02T20:26:14","guid":{"rendered":"https:\/\/www.guhalg.com\/wordpress\/?page_id=5685"},"modified":"2022-02-08T18:07:36","modified_gmt":"2022-02-08T17:07:36","slug":"die-safari","status":"publish","type":"page","link":"https:\/\/www.guhalg.com\/wordpress\/?page_id=5685","title":{"rendered":"Die Safari"},"content":{"rendered":"\n<p>Nach der zeitlich insgesamt doch recht langen Anreise waren wir nun endlich auf unserem Safariboot angekommen. Hier wollten wir also die n\u00e4chsten 6 Tage durch unber\u00fchrte Gew\u00e4sser schippern und in unbekannten Tiefen tauchen. Na ja, ganz so unbekannt nat\u00fcrlich nicht, denn diese Komodo Safari wird ja schon seit mehreren Jahren angeboten. Allerdings findet sie nicht jede Woche statt und auch die Routen k\u00f6nnen durchaus unterschiedlich ausfallen. Also auf dem Boot haben wir die folgende Tauchtour erlebt.<\/p>\n\n\n\n<div class=\"wp-block-image\"><figure class=\"aligncenter size-full\"><a href=\"https:\/\/www.guhalg.com\/wordpress\/wp-content\/uploads\/Reisen\/Indo08\/Safari\/1 schiff 1.jpg\"><img loading=\"lazy\" decoding=\"async\" width=\"800\" height=\"600\" src=\"https:\/\/www.guhalg.com\/wordpress\/wp-content\/uploads\/Reisen\/Indo08\/Safari\/1 schiff 1.jpg\" alt=\"Unser Boot\" class=\"wp-image-5693\" srcset=\"https:\/\/www.guhalg.com\/wordpress\/wp-content\/uploads\/Reisen\/Indo08\/Safari\/1%20schiff%201.jpg 800w, https:\/\/www.guhalg.com\/wordpress\/wp-content\/uploads\/Reisen\/Indo08\/Safari\/1%20schiff%201-300x225.jpg 300w, https:\/\/www.guhalg.com\/wordpress\/wp-content\/uploads\/Reisen\/Indo08\/Safari\/1%20schiff%201-768x576.jpg 768w\" sizes=\"auto, (max-width: 800px) 100vw, 800px\" \/><\/a><figcaption>Unser Boot<\/figcaption><\/figure><\/div>\n\n\n\n<div class=\"wp-block-image\"><figure class=\"aligncenter size-full\"><a href=\"https:\/\/www.guhalg.com\/wordpress\/wp-content\/uploads\/Reisen\/Indo08\/Safari\/Komodo Safari.jpg\"><img loading=\"lazy\" decoding=\"async\" width=\"800\" height=\"600\" src=\"https:\/\/www.guhalg.com\/wordpress\/wp-content\/uploads\/Reisen\/Indo08\/Safari\/Komodo Safari.jpg\" alt=\"Komodo Safari\" class=\"wp-image-5704\" srcset=\"https:\/\/www.guhalg.com\/wordpress\/wp-content\/uploads\/Reisen\/Indo08\/Safari\/Komodo%20Safari.jpg 800w, https:\/\/www.guhalg.com\/wordpress\/wp-content\/uploads\/Reisen\/Indo08\/Safari\/Komodo%20Safari-300x225.jpg 300w, https:\/\/www.guhalg.com\/wordpress\/wp-content\/uploads\/Reisen\/Indo08\/Safari\/Komodo%20Safari-768x576.jpg 768w\" sizes=\"auto, (max-width: 800px) 100vw, 800px\" \/><\/a><figcaption>Komodo Safari<\/figcaption><\/figure><\/div>\n\n\n\n<p>Das Leben an sich ist ja immer sehr entspannt bei so einer Safari, und auch diesmal war das Ausruhen bei den vielen Tauchg\u00e4ngen Programm.<\/p>\n\n\n\n<div class=\"wp-block-image\"><figure class=\"aligncenter size-full\"><a href=\"https:\/\/www.guhalg.com\/wordpress\/wp-content\/uploads\/Reisen\/Indo08\/Safari\/20081029 - 15 23 52 - PICT0244.jpg\"><img loading=\"lazy\" decoding=\"async\" width=\"800\" height=\"600\" src=\"https:\/\/www.guhalg.com\/wordpress\/wp-content\/uploads\/Reisen\/Indo08\/Safari\/20081029 - 15 23 52 - PICT0244.jpg\" alt=\"Entspannung\" class=\"wp-image-5703\" srcset=\"https:\/\/www.guhalg.com\/wordpress\/wp-content\/uploads\/Reisen\/Indo08\/Safari\/20081029%20-%2015%2023%2052%20-%20PICT0244.jpg 800w, https:\/\/www.guhalg.com\/wordpress\/wp-content\/uploads\/Reisen\/Indo08\/Safari\/20081029%20-%2015%2023%2052%20-%20PICT0244-300x225.jpg 300w, https:\/\/www.guhalg.com\/wordpress\/wp-content\/uploads\/Reisen\/Indo08\/Safari\/20081029%20-%2015%2023%2052%20-%20PICT0244-768x576.jpg 768w\" sizes=\"auto, (max-width: 800px) 100vw, 800px\" \/><\/a><figcaption>Entspannung<\/figcaption><\/figure><\/div>\n\n\n\n<p>Apropos Tauchg\u00e4nge. &#8230; wie ihr den Bildern entnehmen k\u00f6nnt, ist das maritime Leben in Indonesien so ungeheuer vielf\u00e4ltig, aufregend und spannend, wie wir es bisher selten erleben durften. Angefangen bei den Mantas mit ca. 4 m Spannweite bis hin zu Pygm\u00e4enseepferdchen mit ca. 4\u20135 mm L\u00e4nge &#8212; man (bzw. der Tauch Guide) findet wirklich jede erdenkliche Lebensform hier. Ach ja, Pygmy (Pygm\u00e4enseepferdchen), ihr seht es in der Mitte des Bildes.<\/p>\n\n\n\n<div class=\"wp-block-columns is-layout-flex wp-container-core-columns-is-layout-9d6595d7 wp-block-columns-is-layout-flex\">\n<div class=\"wp-block-column is-layout-flow wp-block-column-is-layout-flow\">\n<div class=\"wp-block-image\"><figure class=\"aligncenter size-full\"><a href=\"https:\/\/www.guhalg.com\/wordpress\/wp-content\/uploads\/Reisen\/Indo08\/Safari\/manta 33.jpg\"><img loading=\"lazy\" decoding=\"async\" width=\"600\" height=\"800\" src=\"https:\/\/www.guhalg.com\/wordpress\/wp-content\/uploads\/Reisen\/Indo08\/Safari\/manta 33.jpg\" alt=\"Manta\" class=\"wp-image-5705\" srcset=\"https:\/\/www.guhalg.com\/wordpress\/wp-content\/uploads\/Reisen\/Indo08\/Safari\/manta%2033.jpg 600w, https:\/\/www.guhalg.com\/wordpress\/wp-content\/uploads\/Reisen\/Indo08\/Safari\/manta%2033-225x300.jpg 225w\" sizes=\"auto, (max-width: 600px) 100vw, 600px\" \/><\/a><figcaption>Manta<\/figcaption><\/figure><\/div>\n<\/div>\n\n\n\n<div class=\"wp-block-column is-layout-flow wp-block-column-is-layout-flow\">\n<div class=\"wp-block-image\"><figure class=\"aligncenter size-full\"><a href=\"https:\/\/www.guhalg.com\/wordpress\/wp-content\/uploads\/Reisen\/Indo08\/Safari\/pygmy 3.jpg\"><img loading=\"lazy\" decoding=\"async\" width=\"596\" height=\"800\" src=\"https:\/\/www.guhalg.com\/wordpress\/wp-content\/uploads\/Reisen\/Indo08\/Safari\/pygmy 3.jpg\" alt=\"Pygmy\" class=\"wp-image-5706\" srcset=\"https:\/\/www.guhalg.com\/wordpress\/wp-content\/uploads\/Reisen\/Indo08\/Safari\/pygmy%203.jpg 596w, https:\/\/www.guhalg.com\/wordpress\/wp-content\/uploads\/Reisen\/Indo08\/Safari\/pygmy%203-224x300.jpg 224w\" sizes=\"auto, (max-width: 596px) 100vw, 596px\" \/><\/a><figcaption>Pygmy<\/figcaption><\/figure><\/div>\n<\/div>\n<\/div>\n\n\n\n<p>Wir haben w\u00e4hrend der Safari die Gew\u00e4sser rund um Komodo Island (die Insel mit den <a rel=\"noreferrer noopener\" href=\"http:\/\/de.wikipedia.org\/wiki\/Komodowaran\" target=\"_blank\">Komodo-Waranen<\/a>), Rinca und Sumbawa befahren. Dabei hatten wir je nach Meeresstr\u00f6mung Wassertemperaturen von 24\u00a0\u00b0C bis 29\u00a0\u00b0C bei durchg\u00e4ngig warmer Lufttemperatur. Zwischendurch gab es noch eine kurze Unterbrechung vom Tauchen zur Besichtigung der Komodo-Warane. Wir sind nach Rinca gefahren und wurden dort von einem Ranger durch die Wildnis gef\u00fchrt.<\/p>\n\n\n\n<div class=\"wp-block-image\"><figure class=\"aligncenter size-full\"><a href=\"https:\/\/www.guhalg.com\/wordpress\/wp-content\/uploads\/Reisen\/Indo08\/Safari\/20081029 - 09 01 57 - 02 001-waran 01.jpg\"><img loading=\"lazy\" decoding=\"async\" width=\"800\" height=\"600\" src=\"https:\/\/www.guhalg.com\/wordpress\/wp-content\/uploads\/Reisen\/Indo08\/Safari\/20081029 - 09 01 57 - 02 001-waran 01.jpg\" alt=\"Waran\" class=\"wp-image-5701\" srcset=\"https:\/\/www.guhalg.com\/wordpress\/wp-content\/uploads\/Reisen\/Indo08\/Safari\/20081029%20-%2009%2001%2057%20-%2002%20001-waran%2001.jpg 800w, https:\/\/www.guhalg.com\/wordpress\/wp-content\/uploads\/Reisen\/Indo08\/Safari\/20081029%20-%2009%2001%2057%20-%2002%20001-waran%2001-300x225.jpg 300w, https:\/\/www.guhalg.com\/wordpress\/wp-content\/uploads\/Reisen\/Indo08\/Safari\/20081029%20-%2009%2001%2057%20-%2002%20001-waran%2001-768x576.jpg 768w\" sizes=\"auto, (max-width: 800px) 100vw, 800px\" \/><\/a><figcaption>Waran<\/figcaption><\/figure><\/div>\n\n\n\n<div class=\"wp-block-image\"><figure class=\"aligncenter size-full\"><a href=\"https:\/\/www.guhalg.com\/wordpress\/wp-content\/uploads\/Reisen\/Indo08\/Safari\/20081029 - 09 01 59 02 004-waran 012.jpg\"><img loading=\"lazy\" decoding=\"async\" width=\"800\" height=\"600\" src=\"https:\/\/www.guhalg.com\/wordpress\/wp-content\/uploads\/Reisen\/Indo08\/Safari\/20081029 - 09 01 59 02 004-waran 012.jpg\" alt=\"Waran\" class=\"wp-image-5702\" srcset=\"https:\/\/www.guhalg.com\/wordpress\/wp-content\/uploads\/Reisen\/Indo08\/Safari\/20081029%20-%2009%2001%2059%2002%20004-waran%20012.jpg 800w, https:\/\/www.guhalg.com\/wordpress\/wp-content\/uploads\/Reisen\/Indo08\/Safari\/20081029%20-%2009%2001%2059%2002%20004-waran%20012-300x225.jpg 300w, https:\/\/www.guhalg.com\/wordpress\/wp-content\/uploads\/Reisen\/Indo08\/Safari\/20081029%20-%2009%2001%2059%2002%20004-waran%20012-768x576.jpg 768w\" sizes=\"auto, (max-width: 800px) 100vw, 800px\" \/><\/a><figcaption>Waran<\/figcaption><\/figure><\/div>\n\n\n\n<p>Nach dem Besuch bei den Waranen ging es gleich weiter mit Tauchen, Essen und Relaxen. Gerade das Relaxen war auch manchmal dringend angeraten. Einige der Tauchpl\u00e4tze wurden f\u00fcr die Taucher, die dazu Lust versp\u00fcrten, als extreme Str\u00f6mungstauchg\u00e4nge durchgef\u00fchrt. Die anderen sind ansonsten bequem im Str\u00f6mungsschatten getaucht. Aber ansonsten gab es Unterwasserwelt pur. Einen kleinen Einblick seht ihr auf den folgenden Bildern: <a href=\"https:\/\/www.guhalg.com\/wordpress\/?page_id=5863\" data-type=\"page\" data-id=\"5863\">Unterwasserwelt <\/a><\/p>\n\n\n\n<div class=\"wp-block-columns is-layout-flex wp-container-core-columns-is-layout-9d6595d7 wp-block-columns-is-layout-flex\">\n<div class=\"wp-block-column is-layout-flow wp-block-column-is-layout-flow\">\n<div class=\"wp-block-buttons is-layout-flex wp-block-buttons-is-layout-flex\">\n<div class=\"wp-block-button\"><a class=\"wp-block-button__link\" href=\"https:\/\/www.guhalg.com\/wordpress\/?page_id=5670\">Letzter Tag und Abschied<\/a><\/div>\n<\/div>\n<\/div>\n\n\n\n<div class=\"wp-block-column is-layout-flow wp-block-column-is-layout-flow\">\n<div class=\"wp-block-buttons is-horizontal is-content-justification-right is-layout-flex wp-container-core-buttons-is-layout-ae2fe186 wp-block-buttons-is-layout-flex\">\n<div class=\"wp-block-button\"><a class=\"wp-block-button__link\" href=\"https:\/\/www.guhalg.com\/wordpress\/?page_id=5872\">Komodo Warane<\/a><\/div>\n<\/div>\n<\/div>\n<\/div>\n","protected":false},"excerpt":{"rendered":"<p>Nach der zeitlich insgesamt doch recht langen Anreise waren wir nun endlich auf unserem Safariboot angekommen. Hier wollten wir also die n\u00e4chsten 6 Tage durch unber\u00fchrte Gew\u00e4sser schippern und in unbekannten Tiefen tauchen. Na ja, ganz so unbekannt nat\u00fcrlich nicht,&hellip; <\/p>\n","protected":false},"author":1,"featured_media":0,"parent":5501,"menu_order":5,"comment_status":"closed","ping_status":"closed","template":"","meta":{"footnotes":""},"class_list":["post-5685","page","type-page","status-publish","hentry"],"_links":{"self":[{"href":"https:\/\/www.guhalg.com\/wordpress\/index.php?rest_route=\/wp\/v2\/pages\/5685","targetHints":{"allow":["GET"]}}],"collection":[{"href":"https:\/\/www.guhalg.com\/wordpress\/index.php?rest_route=\/wp\/v2\/pages"}],"about":[{"href":"https:\/\/www.guhalg.com\/wordpress\/index.php?rest_route=\/wp\/v2\/types\/page"}],"author":[{"embeddable":true,"href":"https:\/\/www.guhalg.com\/wordpress\/index.php?rest_route=\/wp\/v2\/users\/1"}],"replies":[{"embeddable":true,"href":"https:\/\/www.guhalg.com\/wordpress\/index.php?rest_route=%2Fwp%2Fv2%2Fcomments&post=5685"}],"version-history":[{"count":10,"href":"https:\/\/www.guhalg.com\/wordpress\/index.php?rest_route=\/wp\/v2\/pages\/5685\/revisions"}],"predecessor-version":[{"id":7755,"href":"https:\/\/www.guhalg.com\/wordpress\/index.php?rest_route=\/wp\/v2\/pages\/5685\/revisions\/7755"}],"up":[{"embeddable":true,"href":"https:\/\/www.guhalg.com\/wordpress\/index.php?rest_route=\/wp\/v2\/pages\/5501"}],"wp:attachment":[{"href":"https:\/\/www.guhalg.com\/wordpress\/index.php?rest_route=%2Fwp%2Fv2%2Fmedia&parent=5685"}],"curies":[{"name":"wp","href":"https:\/\/api.w.org\/{rel}","templated":true}]}}