{"id":6015,"date":"2022-01-04T18:49:52","date_gmt":"2022-01-04T17:49:52","guid":{"rendered":"https:\/\/www.guhalg.com\/wordpress\/?page_id=6015"},"modified":"2022-02-08T18:14:23","modified_gmt":"2022-02-08T17:14:23","slug":"die-unterwasserwelt","status":"publish","type":"page","link":"https:\/\/www.guhalg.com\/wordpress\/?page_id=6015","title":{"rendered":"Die Unterwasserwelt"},"content":{"rendered":"\n<p>Die Tauchsafari rund um Komodo hat uns schon viele sch\u00f6ne Tauchg\u00e4nge beschert. Und auch die Unterwasserwelt, hier im Norden von Bali, kann f\u00fcr alle Taucher als au\u00dferordentlich bezeichnet werden. Im Groben lassen sich die Tauchgebiete in drei verschiedene Regionen einteilen: <\/p>\n\n\n\n<ul class=\"wp-block-list\"><li>Menjangan Island<\/li><li>Die Riffe an der K\u00fcste<\/li><li>Secret Bay, als Mud Diving (oder auch Muck Diving) bezeichnet<\/li><\/ul>\n\n\n\n<p>Menjangan Island ist sicherlich einer der besten Tauchpl\u00e4tze, die wir bisher betaucht haben. Immer mal die Change auf eine Schildkr\u00f6te und bei Eel Garden, wenn es denn str\u00f6mt, auch ab und zu mal Gro\u00dffisch. Ansonsten einfach genial bewachsene Riffe. Hier die Tauchplatzkarte von Menjangan:<\/p>\n\n\n\n<div class=\"wp-block-image\"><figure class=\"aligncenter size-full\"><a href=\"https:\/\/www.guhalg.com\/wordpress\/wp-content\/uploads\/Reisen\/Indo08\/Gawanapics\/03 - 07 basis 9.jpg\"><img loading=\"lazy\" decoding=\"async\" width=\"800\" height=\"600\" src=\"https:\/\/www.guhalg.com\/wordpress\/wp-content\/uploads\/Reisen\/Indo08\/Gawanapics\/03 - 07 basis 9.jpg\" alt=\"Menjangan\" class=\"wp-image-6003\" srcset=\"https:\/\/www.guhalg.com\/wordpress\/wp-content\/uploads\/Reisen\/Indo08\/Gawanapics\/03%20-%2007%20basis%209.jpg 800w, https:\/\/www.guhalg.com\/wordpress\/wp-content\/uploads\/Reisen\/Indo08\/Gawanapics\/03%20-%2007%20basis%209-300x225.jpg 300w, https:\/\/www.guhalg.com\/wordpress\/wp-content\/uploads\/Reisen\/Indo08\/Gawanapics\/03%20-%2007%20basis%209-768x576.jpg 768w\" sizes=\"auto, (max-width: 800px) 100vw, 800px\" \/><\/a><figcaption>Menjangan<\/figcaption><\/figure><\/div>\n\n\n\n<p>Aber auch die Tauchpl\u00e4tze direkt vor der Haust\u00fcr sind erlebnisreich. Einfach mal zwei Beispiele, einen Blauring Octopus und einen Mandarinfisch. Ansonsten gibt es auch Geisterpfeifenfische, Seenadeln, Pygmis,&#8230;<\/p>\n\n\n\n<div class=\"wp-block-columns is-layout-flex wp-container-core-columns-is-layout-9d6595d7 wp-block-columns-is-layout-flex\">\n<div class=\"wp-block-column is-layout-flow wp-block-column-is-layout-flow\">\n<div class=\"wp-block-image\"><figure class=\"aligncenter size-full\"><a href=\"https:\/\/www.guhalg.com\/wordpress\/wp-content\/uploads\/Reisen\/Indo08\/Gawana\/IMG_4184.jpg\"><img loading=\"lazy\" decoding=\"async\" width=\"800\" height=\"600\" src=\"https:\/\/www.guhalg.com\/wordpress\/wp-content\/uploads\/Reisen\/Indo08\/Gawana\/IMG_4184.jpg\" alt=\"Blauring Oktopuss\" class=\"wp-image-5969\" srcset=\"https:\/\/www.guhalg.com\/wordpress\/wp-content\/uploads\/Reisen\/Indo08\/Gawana\/IMG_4184.jpg 800w, https:\/\/www.guhalg.com\/wordpress\/wp-content\/uploads\/Reisen\/Indo08\/Gawana\/IMG_4184-300x225.jpg 300w, https:\/\/www.guhalg.com\/wordpress\/wp-content\/uploads\/Reisen\/Indo08\/Gawana\/IMG_4184-768x576.jpg 768w\" sizes=\"auto, (max-width: 800px) 100vw, 800px\" \/><\/a><figcaption>Blauring Oktopus<\/figcaption><\/figure><\/div>\n<\/div>\n\n\n\n<div class=\"wp-block-column is-layout-flow wp-block-column-is-layout-flow\">\n<div class=\"wp-block-image\"><figure class=\"aligncenter size-full\"><a href=\"https:\/\/www.guhalg.com\/wordpress\/wp-content\/uploads\/Reisen\/Indo08\/Gawana\/DG 1090.jpg\"><img loading=\"lazy\" decoding=\"async\" width=\"800\" height=\"600\" src=\"https:\/\/www.guhalg.com\/wordpress\/wp-content\/uploads\/Reisen\/Indo08\/Gawana\/DG 1090.jpg\" alt=\"Mandarin Fisch\" class=\"wp-image-5967\" srcset=\"https:\/\/www.guhalg.com\/wordpress\/wp-content\/uploads\/Reisen\/Indo08\/Gawana\/DG%201090.jpg 800w, https:\/\/www.guhalg.com\/wordpress\/wp-content\/uploads\/Reisen\/Indo08\/Gawana\/DG%201090-300x225.jpg 300w, https:\/\/www.guhalg.com\/wordpress\/wp-content\/uploads\/Reisen\/Indo08\/Gawana\/DG%201090-768x576.jpg 768w\" sizes=\"auto, (max-width: 800px) 100vw, 800px\" \/><\/a><figcaption>Mandarin Fisch<\/figcaption><\/figure><\/div>\n<\/div>\n<\/div>\n\n\n\n<p>Ein absolutes Highlight ist aber Secret Bay. Wenn man sich dazu entschlossen hat im 24\u00a0\u00b0C kalten Wasser zu tauchen, so ist man erstmal entt\u00e4uscht. Schwarzer Lava-Sand und nichts zu sehen. Erst langsam gew\u00f6hnt man sich an die Umgebung. Dann findet man aber eine skurrile Unterwasserwelt, wie sie auch in der Lembeh Street vorhanden ist. Einige der Bilder haben wir hier f\u00fcr euch zusammengestellt. Zum Einstimmen der Einstieg in Secret Bay, mitten zwischen plantschenden Kindern, Booten, Grills, \u2026<\/p>\n\n\n\n<div class=\"wp-block-image\"><figure class=\"aligncenter size-full\"><a href=\"https:\/\/www.guhalg.com\/wordpress\/wp-content\/uploads\/Reisen\/Indo08\/Gawana\/IMG_4290.jpg\"><img loading=\"lazy\" decoding=\"async\" width=\"800\" height=\"600\" src=\"https:\/\/www.guhalg.com\/wordpress\/wp-content\/uploads\/Reisen\/Indo08\/Gawana\/IMG_4290.jpg\" alt=\"Einstieg in Secret Bay\" class=\"wp-image-5970\" srcset=\"https:\/\/www.guhalg.com\/wordpress\/wp-content\/uploads\/Reisen\/Indo08\/Gawana\/IMG_4290.jpg 800w, https:\/\/www.guhalg.com\/wordpress\/wp-content\/uploads\/Reisen\/Indo08\/Gawana\/IMG_4290-300x225.jpg 300w, https:\/\/www.guhalg.com\/wordpress\/wp-content\/uploads\/Reisen\/Indo08\/Gawana\/IMG_4290-768x576.jpg 768w\" sizes=\"auto, (max-width: 800px) 100vw, 800px\" \/><\/a><figcaption>Einstieg in Secret Bay<\/figcaption><\/figure><\/div>\n\n\n\n<p>Unterwasser sind einige Metallstreben platziert. An diesen hier haben sich zwei Anglerfische niedergelassen.<\/p>\n\n\n\n<div class=\"wp-block-columns is-layout-flex wp-container-core-columns-is-layout-9d6595d7 wp-block-columns-is-layout-flex\">\n<div class=\"wp-block-column is-layout-flow wp-block-column-is-layout-flow\">\n<div class=\"wp-block-image\"><figure class=\"aligncenter size-full\"><a href=\"https:\/\/www.guhalg.com\/wordpress\/wp-content\/uploads\/Reisen\/Indo08\/Gawana\/IMG_4339.jpg\"><img loading=\"lazy\" decoding=\"async\" width=\"800\" height=\"600\" src=\"https:\/\/www.guhalg.com\/wordpress\/wp-content\/uploads\/Reisen\/Indo08\/Gawana\/IMG_4339.jpg\" alt=\"gelber Anglerfisch\" class=\"wp-image-5972\" srcset=\"https:\/\/www.guhalg.com\/wordpress\/wp-content\/uploads\/Reisen\/Indo08\/Gawana\/IMG_4339.jpg 800w, https:\/\/www.guhalg.com\/wordpress\/wp-content\/uploads\/Reisen\/Indo08\/Gawana\/IMG_4339-300x225.jpg 300w, https:\/\/www.guhalg.com\/wordpress\/wp-content\/uploads\/Reisen\/Indo08\/Gawana\/IMG_4339-768x576.jpg 768w\" sizes=\"auto, (max-width: 800px) 100vw, 800px\" \/><\/a><figcaption>Gelber Anglerfisch<\/figcaption><\/figure><\/div>\n<\/div>\n\n\n\n<div class=\"wp-block-column is-layout-flow wp-block-column-is-layout-flow\">\n<div class=\"wp-block-image\"><figure class=\"aligncenter size-full\"><a href=\"https:\/\/www.guhalg.com\/wordpress\/wp-content\/uploads\/Reisen\/Indo08\/Gawana\/IMG_4314.jpg\"><img loading=\"lazy\" decoding=\"async\" width=\"800\" height=\"600\" src=\"https:\/\/www.guhalg.com\/wordpress\/wp-content\/uploads\/Reisen\/Indo08\/Gawana\/IMG_4314.jpg\" alt=\"Roter Anglerfisch\" class=\"wp-image-5971\" srcset=\"https:\/\/www.guhalg.com\/wordpress\/wp-content\/uploads\/Reisen\/Indo08\/Gawana\/IMG_4314.jpg 800w, https:\/\/www.guhalg.com\/wordpress\/wp-content\/uploads\/Reisen\/Indo08\/Gawana\/IMG_4314-300x225.jpg 300w, https:\/\/www.guhalg.com\/wordpress\/wp-content\/uploads\/Reisen\/Indo08\/Gawana\/IMG_4314-768x576.jpg 768w\" sizes=\"auto, (max-width: 800px) 100vw, 800px\" \/><\/a><figcaption>Roter Anglerfisch<\/figcaption><\/figure><\/div>\n<\/div>\n<\/div>\n\n\n\n<p>Nur wenige Meter weiter gefolgt von einem Leierfisch (Fingered Dragonet) und einem Wei\u00dfgesicht Stirnflosser (Leaffish).<\/p>\n\n\n\n<div class=\"wp-block-columns is-layout-flex wp-container-core-columns-is-layout-9d6595d7 wp-block-columns-is-layout-flex\">\n<div class=\"wp-block-column is-layout-flow wp-block-column-is-layout-flow\">\n<div class=\"wp-block-image\"><figure class=\"aligncenter size-full\"><a href=\"https:\/\/www.guhalg.com\/wordpress\/wp-content\/uploads\/Reisen\/Indo08\/Gawana\/DG 1139.jpg\"><img loading=\"lazy\" decoding=\"async\" width=\"800\" height=\"600\" src=\"https:\/\/www.guhalg.com\/wordpress\/wp-content\/uploads\/Reisen\/Indo08\/Gawana\/DG 1139.jpg\" alt=\"Dragonet\" class=\"wp-image-5968\" srcset=\"https:\/\/www.guhalg.com\/wordpress\/wp-content\/uploads\/Reisen\/Indo08\/Gawana\/DG%201139.jpg 800w, https:\/\/www.guhalg.com\/wordpress\/wp-content\/uploads\/Reisen\/Indo08\/Gawana\/DG%201139-300x225.jpg 300w, https:\/\/www.guhalg.com\/wordpress\/wp-content\/uploads\/Reisen\/Indo08\/Gawana\/DG%201139-768x576.jpg 768w\" sizes=\"auto, (max-width: 800px) 100vw, 800px\" \/><\/a><figcaption>Dragonet<\/figcaption><\/figure><\/div>\n<\/div>\n\n\n\n<div class=\"wp-block-column is-layout-flow wp-block-column-is-layout-flow\">\n<div class=\"wp-block-image\"><figure class=\"aligncenter size-full\"><a href=\"https:\/\/www.guhalg.com\/wordpress\/wp-content\/uploads\/Reisen\/Indo08\/Gawana\/IMG_4406.jpg\"><img loading=\"lazy\" decoding=\"async\" width=\"800\" height=\"600\" src=\"https:\/\/www.guhalg.com\/wordpress\/wp-content\/uploads\/Reisen\/Indo08\/Gawana\/IMG_4406.jpg\" alt=\"Leaf Fish\" class=\"wp-image-5976\" srcset=\"https:\/\/www.guhalg.com\/wordpress\/wp-content\/uploads\/Reisen\/Indo08\/Gawana\/IMG_4406.jpg 800w, https:\/\/www.guhalg.com\/wordpress\/wp-content\/uploads\/Reisen\/Indo08\/Gawana\/IMG_4406-300x225.jpg 300w, https:\/\/www.guhalg.com\/wordpress\/wp-content\/uploads\/Reisen\/Indo08\/Gawana\/IMG_4406-768x576.jpg 768w\" sizes=\"auto, (max-width: 800px) 100vw, 800px\" \/><\/a><figcaption>Leaf Fish<\/figcaption><\/figure><\/div>\n<\/div>\n<\/div>\n\n\n\n<p>Und wieder wenige Meter Suche dann ein Geisterpfeifenfisch (Ghost Pipefish) oder ein Seepferdchen (Seahorse).<\/p>\n\n\n\n<div class=\"wp-block-columns is-layout-flex wp-container-core-columns-is-layout-9d6595d7 wp-block-columns-is-layout-flex\">\n<div class=\"wp-block-column is-layout-flow wp-block-column-is-layout-flow\">\n<div class=\"wp-block-image\"><figure class=\"aligncenter size-full\"><a href=\"https:\/\/www.guhalg.com\/wordpress\/wp-content\/uploads\/Reisen\/Indo08\/Gawana\/IMG_4350.jpg\"><img loading=\"lazy\" decoding=\"async\" width=\"800\" height=\"600\" src=\"https:\/\/www.guhalg.com\/wordpress\/wp-content\/uploads\/Reisen\/Indo08\/Gawana\/IMG_4350.jpg\" alt=\"Ghost Pipe Fish\" class=\"wp-image-5973\" srcset=\"https:\/\/www.guhalg.com\/wordpress\/wp-content\/uploads\/Reisen\/Indo08\/Gawana\/IMG_4350.jpg 800w, https:\/\/www.guhalg.com\/wordpress\/wp-content\/uploads\/Reisen\/Indo08\/Gawana\/IMG_4350-300x225.jpg 300w, https:\/\/www.guhalg.com\/wordpress\/wp-content\/uploads\/Reisen\/Indo08\/Gawana\/IMG_4350-768x576.jpg 768w\" sizes=\"auto, (max-width: 800px) 100vw, 800px\" \/><\/a><figcaption>Ghost Pipe Fish<\/figcaption><\/figure><\/div>\n<\/div>\n\n\n\n<div class=\"wp-block-column is-layout-flow wp-block-column-is-layout-flow\">\n<div class=\"wp-block-image\"><figure class=\"aligncenter size-full\"><a href=\"https:\/\/www.guhalg.com\/wordpress\/wp-content\/uploads\/Reisen\/Indo08\/Gawana\/IMG_4399.jpg\"><img loading=\"lazy\" decoding=\"async\" width=\"800\" height=\"600\" src=\"https:\/\/www.guhalg.com\/wordpress\/wp-content\/uploads\/Reisen\/Indo08\/Gawana\/IMG_4399.jpg\" alt=\"Seahorse\" class=\"wp-image-5975\" srcset=\"https:\/\/www.guhalg.com\/wordpress\/wp-content\/uploads\/Reisen\/Indo08\/Gawana\/IMG_4399.jpg 800w, https:\/\/www.guhalg.com\/wordpress\/wp-content\/uploads\/Reisen\/Indo08\/Gawana\/IMG_4399-300x225.jpg 300w, https:\/\/www.guhalg.com\/wordpress\/wp-content\/uploads\/Reisen\/Indo08\/Gawana\/IMG_4399-768x576.jpg 768w\" sizes=\"auto, (max-width: 800px) 100vw, 800px\" \/><\/a><figcaption>Seahorse<\/figcaption><\/figure><\/div>\n<\/div>\n<\/div>\n\n\n\n<p>Wie gesagt, wir tauchen hier in der Secret Bay (Gilimanuk Bay) wo auch Boote liegen. Mit all dem Unrat im Wasser, den die Zivilisation so hervorbringt, siehe das Bild vom Ghost Pipe Fish. Aber bei einer Tauchtiefe von 10-12\u00a0m gibt es viel Zeit all die Wunder zu entdecken. Lediglich die Temperatur von 23- 25\u00a0\u00b0C ist doch nach den 28\u00a0\u00b0C im restlichen Tauchgebiet zumindest gew\u00f6hnungsbed\u00fcrftig. Bring man aber gen\u00fcgend Geduld mit und gew\u00f6hnt sich an die Sichtweiten, wimmelt es nur so von Tieren. Das ungew\u00f6hnlichste Tier haben wir anschlie\u00dfend beim Nachttauchgang gesehen: einen Bobbit Worm (Riesenborsten Wurm). Dieses Tier diente als Vorbild f\u00fcr die W\u00fcstenw\u00fcrmer im Sci-Fi Film: Dune &#8211; Der W\u00fcstenplanet.<\/p>\n\n\n\n<div class=\"wp-block-image\"><figure class=\"aligncenter size-full\"><a href=\"https:\/\/www.guhalg.com\/wordpress\/wp-content\/uploads\/Reisen\/Indo08\/Gawana\/IMG_4381.jpg\"><img loading=\"lazy\" decoding=\"async\" width=\"800\" height=\"600\" src=\"https:\/\/www.guhalg.com\/wordpress\/wp-content\/uploads\/Reisen\/Indo08\/Gawana\/IMG_4381.jpg\" alt=\"Bobbit Worm\" class=\"wp-image-5974\" srcset=\"https:\/\/www.guhalg.com\/wordpress\/wp-content\/uploads\/Reisen\/Indo08\/Gawana\/IMG_4381.jpg 800w, https:\/\/www.guhalg.com\/wordpress\/wp-content\/uploads\/Reisen\/Indo08\/Gawana\/IMG_4381-300x225.jpg 300w, https:\/\/www.guhalg.com\/wordpress\/wp-content\/uploads\/Reisen\/Indo08\/Gawana\/IMG_4381-768x576.jpg 768w\" sizes=\"auto, (max-width: 800px) 100vw, 800px\" \/><\/a><figcaption>Bobbit Worm<\/figcaption><\/figure><\/div>\n\n\n\n<p>So, das war es von unserer ersten Reise nach Indonesien. Auf den folgenden Seiten sind nochmal die Bilderserien zu sehen.<\/p>\n\n\n\n<div class=\"wp-block-columns is-layout-flex wp-container-core-columns-is-layout-9d6595d7 wp-block-columns-is-layout-flex\">\n<div class=\"wp-block-column is-layout-flow wp-block-column-is-layout-flow\">\n<div class=\"wp-block-buttons is-layout-flex wp-block-buttons-is-layout-flex\">\n<div class=\"wp-block-button\"><a class=\"wp-block-button__link\" href=\"https:\/\/www.guhalg.com\/wordpress\/?page_id=5952\">Gawana Novus<\/a><\/div>\n<\/div>\n<\/div>\n\n\n\n<div class=\"wp-block-column is-layout-flow wp-block-column-is-layout-flow\">\n<div class=\"wp-block-buttons is-horizontal is-content-justification-right is-layout-flex wp-container-core-buttons-is-layout-ae2fe186 wp-block-buttons-is-layout-flex\">\n<div class=\"wp-block-button\"><a class=\"wp-block-button__link\" href=\"https:\/\/www.guhalg.com\/wordpress\/?page_id=5628\">Sanur<\/a><\/div>\n<\/div>\n<\/div>\n<\/div>\n","protected":false},"excerpt":{"rendered":"<p>Die Tauchsafari rund um Komodo hat uns schon viele sch\u00f6ne Tauchg\u00e4nge beschert. Und auch die Unterwasserwelt, hier im Norden von Bali, kann f\u00fcr alle Taucher als au\u00dferordentlich bezeichnet werden. Im Groben lassen sich die Tauchgebiete in drei verschiedene Regionen einteilen:&hellip; <\/p>\n","protected":false},"author":1,"featured_media":0,"parent":5501,"menu_order":8,"comment_status":"closed","ping_status":"closed","template":"","meta":{"footnotes":""},"class_list":["post-6015","page","type-page","status-publish","hentry"],"_links":{"self":[{"href":"https:\/\/www.guhalg.com\/wordpress\/index.php?rest_route=\/wp\/v2\/pages\/6015","targetHints":{"allow":["GET"]}}],"collection":[{"href":"https:\/\/www.guhalg.com\/wordpress\/index.php?rest_route=\/wp\/v2\/pages"}],"about":[{"href":"https:\/\/www.guhalg.com\/wordpress\/index.php?rest_route=\/wp\/v2\/types\/page"}],"author":[{"embeddable":true,"href":"https:\/\/www.guhalg.com\/wordpress\/index.php?rest_route=\/wp\/v2\/users\/1"}],"replies":[{"embeddable":true,"href":"https:\/\/www.guhalg.com\/wordpress\/index.php?rest_route=%2Fwp%2Fv2%2Fcomments&post=6015"}],"version-history":[{"count":5,"href":"https:\/\/www.guhalg.com\/wordpress\/index.php?rest_route=\/wp\/v2\/pages\/6015\/revisions"}],"predecessor-version":[{"id":7760,"href":"https:\/\/www.guhalg.com\/wordpress\/index.php?rest_route=\/wp\/v2\/pages\/6015\/revisions\/7760"}],"up":[{"embeddable":true,"href":"https:\/\/www.guhalg.com\/wordpress\/index.php?rest_route=\/wp\/v2\/pages\/5501"}],"wp:attachment":[{"href":"https:\/\/www.guhalg.com\/wordpress\/index.php?rest_route=%2Fwp%2Fv2%2Fmedia&parent=6015"}],"curies":[{"name":"wp","href":"https:\/\/api.w.org\/{rel}","templated":true}]}}