{"id":6651,"date":"2022-01-21T21:29:27","date_gmt":"2022-01-21T20:29:27","guid":{"rendered":"https:\/\/www.guhalg.com\/wordpress\/?page_id=6651"},"modified":"2022-02-08T18:54:03","modified_gmt":"2022-02-08T17:54:03","slug":"die-hagia-sofia","status":"publish","type":"page","link":"https:\/\/www.guhalg.com\/wordpress\/?page_id=6651","title":{"rendered":"Die Hagia Sofia"},"content":{"rendered":"\n<p>F\u00fcr den n\u00e4chsten Tag hatten wir wieder viele Ideen und Besichtigungsw\u00fcnsche. Wir wollten als Erstes die Hagia Sofia besichtigen, uns dann zum Mittagsessen mit Chrischis Messekollegen treffen und im Verlauf des Nachmittags mit einer Bosporus Tour den Tag beenden. Dass wir uns im Urlaub meist vom Wecker aus dem Schlaf rei\u00dfen lassen, ist ja nichts Neues und so wurde morgens fr\u00fch aufgestanden. Das hatte eindeutig den Vorteil, das wir beim Fr\u00fchst\u00fcck fast noch den ganzen Raum f\u00fcr uns alleine hatten. Erst langsam trudelten die weiteren G\u00e4ste des Hotels ein und als der Massenandrang begann, waren wir schon l\u00e4ngst wieder auf dem Zimmer zum Packen der Sachen f\u00fcr den Tag.<\/p>\n\n\n\n<p>Den Weg zur Hagia Sofia kannten wir vom Vortag, nur dass wir diesmal nicht noch \u00fcber einige Seitenstra\u00dfen gelaufen sind, sondern den direkten Weg genommen haben. Wir haben uns von der Parkseite her dem ehrw\u00fcrdigen Gotteshaus gen\u00e4hert.<\/p>\n\n\n\n<div class=\"wp-block-image\"><figure class=\"aligncenter size-full\"><a href=\"https:\/\/www.guhalg.com\/wordpress\/wp-content\/uploads\/Reisen\/Istanbul2009\/Bericht Hagia Sofia\/IMG_6956.jpg\"><img loading=\"lazy\" decoding=\"async\" width=\"800\" height=\"600\" src=\"https:\/\/www.guhalg.com\/wordpress\/wp-content\/uploads\/Reisen\/Istanbul2009\/Bericht Hagia Sofia\/IMG_6956.jpg\" alt=\"Durch den Park\" class=\"wp-image-6662\" srcset=\"https:\/\/www.guhalg.com\/wordpress\/wp-content\/uploads\/Reisen\/Istanbul2009\/Bericht%20Hagia%20Sofia\/IMG_6956.jpg 800w, https:\/\/www.guhalg.com\/wordpress\/wp-content\/uploads\/Reisen\/Istanbul2009\/Bericht%20Hagia%20Sofia\/IMG_6956-300x225.jpg 300w, https:\/\/www.guhalg.com\/wordpress\/wp-content\/uploads\/Reisen\/Istanbul2009\/Bericht%20Hagia%20Sofia\/IMG_6956-768x576.jpg 768w\" sizes=\"auto, (max-width: 800px) 100vw, 800px\" \/><\/a><figcaption>Durch den Park<\/figcaption><\/figure><\/div>\n\n\n\n<div class=\"wp-block-image\"><figure class=\"aligncenter size-full\"><a href=\"https:\/\/www.guhalg.com\/wordpress\/wp-content\/uploads\/Reisen\/Istanbul2009\/Bericht Hagia Sofia\/IMG_6955.jpg\"><img loading=\"lazy\" decoding=\"async\" width=\"800\" height=\"600\" src=\"https:\/\/www.guhalg.com\/wordpress\/wp-content\/uploads\/Reisen\/Istanbul2009\/Bericht Hagia Sofia\/IMG_6955.jpg\" alt=\"Die Hagia Sofia\" class=\"wp-image-6661\" srcset=\"https:\/\/www.guhalg.com\/wordpress\/wp-content\/uploads\/Reisen\/Istanbul2009\/Bericht%20Hagia%20Sofia\/IMG_6955.jpg 800w, https:\/\/www.guhalg.com\/wordpress\/wp-content\/uploads\/Reisen\/Istanbul2009\/Bericht%20Hagia%20Sofia\/IMG_6955-300x225.jpg 300w, https:\/\/www.guhalg.com\/wordpress\/wp-content\/uploads\/Reisen\/Istanbul2009\/Bericht%20Hagia%20Sofia\/IMG_6955-768x576.jpg 768w\" sizes=\"auto, (max-width: 800px) 100vw, 800px\" \/><\/a><figcaption>Die Hagia Sofia<\/figcaption><\/figure><\/div>\n\n\n\n<figure class=\"wp-block-gallery aligncenter has-nested-images columns-default is-cropped wp-block-gallery-1 is-layout-flex wp-block-gallery-is-layout-flex\">\n<figure class=\"wp-block-image size-large\"><img loading=\"lazy\" decoding=\"async\" width=\"800\" height=\"600\" data-id=\"6660\" src=\"https:\/\/www.guhalg.com\/wordpress\/wp-content\/uploads\/Reisen\/Istanbul2009\/Bericht Hagia Sofia\/IMG_6954.jpg\" alt=\"\" class=\"wp-image-6660\" srcset=\"https:\/\/www.guhalg.com\/wordpress\/wp-content\/uploads\/Reisen\/Istanbul2009\/Bericht%20Hagia%20Sofia\/IMG_6954.jpg 800w, https:\/\/www.guhalg.com\/wordpress\/wp-content\/uploads\/Reisen\/Istanbul2009\/Bericht%20Hagia%20Sofia\/IMG_6954-300x225.jpg 300w, https:\/\/www.guhalg.com\/wordpress\/wp-content\/uploads\/Reisen\/Istanbul2009\/Bericht%20Hagia%20Sofia\/IMG_6954-768x576.jpg 768w\" sizes=\"auto, (max-width: 800px) 100vw, 800px\" \/><\/figure>\n\n\n\n<figure class=\"wp-block-image size-large\"><img loading=\"lazy\" decoding=\"async\" width=\"800\" height=\"600\" data-id=\"6659\" src=\"https:\/\/www.guhalg.com\/wordpress\/wp-content\/uploads\/Reisen\/Istanbul2009\/Bericht Hagia Sofia\/IMG_6952.jpg\" alt=\"\" class=\"wp-image-6659\" srcset=\"https:\/\/www.guhalg.com\/wordpress\/wp-content\/uploads\/Reisen\/Istanbul2009\/Bericht%20Hagia%20Sofia\/IMG_6952.jpg 800w, https:\/\/www.guhalg.com\/wordpress\/wp-content\/uploads\/Reisen\/Istanbul2009\/Bericht%20Hagia%20Sofia\/IMG_6952-300x225.jpg 300w, https:\/\/www.guhalg.com\/wordpress\/wp-content\/uploads\/Reisen\/Istanbul2009\/Bericht%20Hagia%20Sofia\/IMG_6952-768x576.jpg 768w\" sizes=\"auto, (max-width: 800px) 100vw, 800px\" \/><\/figure>\n\n\n\n<figure class=\"wp-block-image size-large\"><img loading=\"lazy\" decoding=\"async\" width=\"800\" height=\"600\" data-id=\"6658\" src=\"https:\/\/www.guhalg.com\/wordpress\/wp-content\/uploads\/Reisen\/Istanbul2009\/Bericht Hagia Sofia\/IMG_6948.jpg\" alt=\"\" class=\"wp-image-6658\" srcset=\"https:\/\/www.guhalg.com\/wordpress\/wp-content\/uploads\/Reisen\/Istanbul2009\/Bericht%20Hagia%20Sofia\/IMG_6948.jpg 800w, https:\/\/www.guhalg.com\/wordpress\/wp-content\/uploads\/Reisen\/Istanbul2009\/Bericht%20Hagia%20Sofia\/IMG_6948-300x225.jpg 300w, https:\/\/www.guhalg.com\/wordpress\/wp-content\/uploads\/Reisen\/Istanbul2009\/Bericht%20Hagia%20Sofia\/IMG_6948-768x576.jpg 768w\" sizes=\"auto, (max-width: 800px) 100vw, 800px\" \/><\/figure>\n<\/figure>\n\n\n\n<p>Und so viele Menschen wollen sie besichtigen. Nein, wir mussten feststellen, dass die vielen Menschen nicht rein, sondern rausstr\u00f6mten. Also nochmal an den <a rel=\"noreferrer noopener\" href=\"http:\/\/de.wikipedia.org\/wiki\/Minarett\" target=\"_blank\">Minaretten<\/a> vorbei und um die Seite herum, zum Eingang.<\/p>\n\n\n\n<div class=\"wp-block-image\"><figure class=\"aligncenter size-full\"><a href=\"https:\/\/www.guhalg.com\/wordpress\/wp-content\/uploads\/Reisen\/Istanbul2009\/Bericht Hagia Sofia\/IMG_6958.jpg\"><img loading=\"lazy\" decoding=\"async\" width=\"600\" height=\"800\" src=\"https:\/\/www.guhalg.com\/wordpress\/wp-content\/uploads\/Reisen\/Istanbul2009\/Bericht Hagia Sofia\/IMG_6958.jpg\" alt=\"Minarette\" class=\"wp-image-6663\" srcset=\"https:\/\/www.guhalg.com\/wordpress\/wp-content\/uploads\/Reisen\/Istanbul2009\/Bericht%20Hagia%20Sofia\/IMG_6958.jpg 600w, https:\/\/www.guhalg.com\/wordpress\/wp-content\/uploads\/Reisen\/Istanbul2009\/Bericht%20Hagia%20Sofia\/IMG_6958-225x300.jpg 225w\" sizes=\"auto, (max-width: 600px) 100vw, 600px\" \/><\/a><figcaption>Minarette<\/figcaption><\/figure><\/div>\n\n\n\n<p>Und nach einem steilen Blick nach oben haben wir uns dann in das alte Gem\u00e4uer begeben.<\/p>\n\n\n\n<div class=\"wp-block-image\"><figure class=\"aligncenter size-full\"><a href=\"https:\/\/www.guhalg.com\/wordpress\/wp-content\/uploads\/Reisen\/Istanbul2009\/Bericht Hagia Sofia\/IMG_7083.jpg\"><img loading=\"lazy\" decoding=\"async\" width=\"800\" height=\"600\" src=\"https:\/\/www.guhalg.com\/wordpress\/wp-content\/uploads\/Reisen\/Istanbul2009\/Bericht Hagia Sofia\/IMG_7083.jpg\" alt=\"Blick nach oben\" class=\"wp-image-6664\" srcset=\"https:\/\/www.guhalg.com\/wordpress\/wp-content\/uploads\/Reisen\/Istanbul2009\/Bericht%20Hagia%20Sofia\/IMG_7083.jpg 800w, https:\/\/www.guhalg.com\/wordpress\/wp-content\/uploads\/Reisen\/Istanbul2009\/Bericht%20Hagia%20Sofia\/IMG_7083-300x225.jpg 300w, https:\/\/www.guhalg.com\/wordpress\/wp-content\/uploads\/Reisen\/Istanbul2009\/Bericht%20Hagia%20Sofia\/IMG_7083-768x576.jpg 768w\" sizes=\"auto, (max-width: 800px) 100vw, 800px\" \/><\/a><figcaption>Blick nach oben<\/figcaption><\/figure><\/div>\n\n\n\n<p>Den Eindruck, den man auf den beiden zug\u00e4nglichen Etagen gewinnt, ist schon beachtlich. Auch wenn man den Zahn der Zeit teilweise sehr deutlich sieht, so beeindruckt hier das friedliche Miteinander von Christentum und Islam. Wer sich ein paar von den Bildern anschauen m\u00f6chte, findet sie hier: <a href=\"https:\/\/www.guhalg.com\/wordpress\/?page_id=6702\" data-type=\"page\" data-id=\"6702\">Hagia Sofia<\/a> Hoffen wir, dass die vielen Bauarbeiten an dem jetzigen Museum es wieder in seinem alten Glanz erstrahlen lassen.<\/p>\n\n\n\n<p>Verlassen haben wir dann das Museum an unseren gedachten Eingang durch eine massive Kupfert\u00fcr.<\/p>\n\n\n\n<div class=\"wp-block-image\"><figure class=\"aligncenter size-full\"><a href=\"https:\/\/www.guhalg.com\/wordpress\/wp-content\/uploads\/Reisen\/Istanbul2009\/Bericht Hagia Sofia\/IMG_7159.jpg\"><img loading=\"lazy\" decoding=\"async\" width=\"450\" height=\"600\" src=\"https:\/\/www.guhalg.com\/wordpress\/wp-content\/uploads\/Reisen\/Istanbul2009\/Bericht Hagia Sofia\/IMG_7159.jpg\" alt=\"Das Kupfertor\" class=\"wp-image-6665\" srcset=\"https:\/\/www.guhalg.com\/wordpress\/wp-content\/uploads\/Reisen\/Istanbul2009\/Bericht%20Hagia%20Sofia\/IMG_7159.jpg 450w, https:\/\/www.guhalg.com\/wordpress\/wp-content\/uploads\/Reisen\/Istanbul2009\/Bericht%20Hagia%20Sofia\/IMG_7159-225x300.jpg 225w\" sizes=\"auto, (max-width: 450px) 100vw, 450px\" \/><\/a><figcaption>Das Kupfertor<\/figcaption><\/figure><\/div>\n\n\n\n<p>Es ging in den Innenhof, wo u.\u00a0a. dieser sch\u00f6ne Brunnen schon fertig restauriert war. Aber nach einem kurzen Blick auf die Uhr haben wir beschlossen, nur noch einen kleinen Gang um die R\u00fcckseite des Museums auf den Weg zur Stra\u00dfenbahn zu gehen. Wir hatten doch mehr Zeit in der Hagia Sofia verbracht, als wir so dachten.<\/p>\n\n\n\n<div class=\"wp-block-image\"><figure class=\"aligncenter size-full\"><a href=\"https:\/\/www.guhalg.com\/wordpress\/wp-content\/uploads\/Reisen\/Istanbul2009\/Bericht Hagia Sofia\/IMG_7161.jpg\"><img loading=\"lazy\" decoding=\"async\" width=\"800\" height=\"600\" src=\"https:\/\/www.guhalg.com\/wordpress\/wp-content\/uploads\/Reisen\/Istanbul2009\/Bericht Hagia Sofia\/IMG_7161.jpg\" alt=\"Restaurierter Brunnen\" class=\"wp-image-6666\" srcset=\"https:\/\/www.guhalg.com\/wordpress\/wp-content\/uploads\/Reisen\/Istanbul2009\/Bericht%20Hagia%20Sofia\/IMG_7161.jpg 800w, https:\/\/www.guhalg.com\/wordpress\/wp-content\/uploads\/Reisen\/Istanbul2009\/Bericht%20Hagia%20Sofia\/IMG_7161-300x225.jpg 300w, https:\/\/www.guhalg.com\/wordpress\/wp-content\/uploads\/Reisen\/Istanbul2009\/Bericht%20Hagia%20Sofia\/IMG_7161-768x576.jpg 768w\" sizes=\"auto, (max-width: 800px) 100vw, 800px\" \/><\/a><figcaption>Restaurierter Brunnen<\/figcaption><\/figure><\/div>\n\n\n\n<div class=\"wp-block-columns is-layout-flex wp-container-core-columns-is-layout-9d6595d7 wp-block-columns-is-layout-flex\">\n<div class=\"wp-block-column is-layout-flow wp-block-column-is-layout-flow\">\n<div class=\"wp-block-buttons is-layout-flex wp-block-buttons-is-layout-flex\">\n<div class=\"wp-block-button\"><a class=\"wp-block-button__link\" href=\"https:\/\/www.guhalg.com\/wordpress\/?page_id=6598\">Die blaue Moschee<\/a><\/div>\n<\/div>\n<\/div>\n\n\n\n<div class=\"wp-block-column is-layout-flow wp-block-column-is-layout-flow\">\n<div class=\"wp-block-buttons is-horizontal is-content-justification-right is-layout-flex wp-container-core-buttons-is-layout-ae2fe186 wp-block-buttons-is-layout-flex\">\n<div class=\"wp-block-button\"><a class=\"wp-block-button__link\" href=\"https:\/\/www.guhalg.com\/wordpress\/?page_id=6710\">Sightseeing<\/a><\/div>\n<\/div>\n<\/div>\n<\/div>\n","protected":false},"excerpt":{"rendered":"<p>F\u00fcr den n\u00e4chsten Tag hatten wir wieder viele Ideen und Besichtigungsw\u00fcnsche. Wir wollten als Erstes die Hagia Sofia besichtigen, uns dann zum Mittagsessen mit Chrischis Messekollegen treffen und im Verlauf des Nachmittags mit einer Bosporus Tour den Tag beenden. Dass&hellip; <\/p>\n","protected":false},"author":1,"featured_media":0,"parent":6371,"menu_order":4,"comment_status":"closed","ping_status":"closed","template":"","meta":{"footnotes":""},"class_list":["post-6651","page","type-page","status-publish","hentry"],"_links":{"self":[{"href":"https:\/\/www.guhalg.com\/wordpress\/index.php?rest_route=\/wp\/v2\/pages\/6651","targetHints":{"allow":["GET"]}}],"collection":[{"href":"https:\/\/www.guhalg.com\/wordpress\/index.php?rest_route=\/wp\/v2\/pages"}],"about":[{"href":"https:\/\/www.guhalg.com\/wordpress\/index.php?rest_route=\/wp\/v2\/types\/page"}],"author":[{"embeddable":true,"href":"https:\/\/www.guhalg.com\/wordpress\/index.php?rest_route=\/wp\/v2\/users\/1"}],"replies":[{"embeddable":true,"href":"https:\/\/www.guhalg.com\/wordpress\/index.php?rest_route=%2Fwp%2Fv2%2Fcomments&post=6651"}],"version-history":[{"count":8,"href":"https:\/\/www.guhalg.com\/wordpress\/index.php?rest_route=\/wp\/v2\/pages\/6651\/revisions"}],"predecessor-version":[{"id":7783,"href":"https:\/\/www.guhalg.com\/wordpress\/index.php?rest_route=\/wp\/v2\/pages\/6651\/revisions\/7783"}],"up":[{"embeddable":true,"href":"https:\/\/www.guhalg.com\/wordpress\/index.php?rest_route=\/wp\/v2\/pages\/6371"}],"wp:attachment":[{"href":"https:\/\/www.guhalg.com\/wordpress\/index.php?rest_route=%2Fwp%2Fv2%2Fmedia&parent=6651"}],"curies":[{"name":"wp","href":"https:\/\/api.w.org\/{rel}","templated":true}]}}