{"id":6751,"date":"2022-01-23T21:26:22","date_gmt":"2022-01-23T20:26:22","guid":{"rendered":"https:\/\/www.guhalg.com\/wordpress\/?page_id=6751"},"modified":"2022-02-08T19:03:03","modified_gmt":"2022-02-08T18:03:03","slug":"die-grosse-tour","status":"publish","type":"page","link":"https:\/\/www.guhalg.com\/wordpress\/?page_id=6751","title":{"rendered":"Die gro\u00dfe Tour"},"content":{"rendered":"\n<p>Nach der wundersch\u00f6nen Hochzeitsfeier waren wir wieder zur\u00fcck in Istanbul und haben uns gleich f\u00fcr den n\u00e4chsten Tag die gro\u00dfe Bosporus Tour vorgenommen. Auch diese Tour sind wir nicht im Touristenboot\u00a0 gefahren, sondern wieder mit einer einheimischen F\u00e4hre. Allerdings waren hier jetzt wesentlich mehr Touristen unterwegs, als auf der Abendtour.<\/p>\n\n\n\n<p>Nach einigen Zwischenstationen sind wir an der letzten Station, <a rel=\"noreferrer noopener\" href=\"http:\/\/de.wikipedia.org\/wiki\/Anadolu_Kava%C4%9F%C4%B1\" target=\"_blank\">Anadolu Kava\u011f<\/a><a rel=\"noreferrer noopener\" href=\"http:\/\/de.wikipedia.org\/wiki\/Galataturm\" target=\"_blank\">i<\/a>, kurz vor dem Schwarzen Meer, ausgestiegen und haben uns mit all den anderen Touristen auf den Weg zur alten Burgruine <a rel=\"noreferrer noopener\" href=\"http:\/\/de.wikipedia.org\/wiki\/Burgruine_Yoros\" target=\"_blank\">Yoros<\/a> oben auf dem H\u00fcgel aufgemacht. Also erstmal ein Wasser kaufen, allerdings nicht bei den fliegenden H\u00e4ndlern bzw. kleinen Kindern, da diese f\u00fcr das Wasser mehr als das Dreifache verlangen, sondern gleich am Hafen in einem der kleinen Shops. So ausger\u00fcstet kann dann der Aufstieg beginnen.<\/p>\n\n\n\n<div class=\"wp-block-image\"><figure class=\"aligncenter size-full\"><a href=\"https:\/\/www.guhalg.com\/wordpress\/wp-content\/uploads\/Reisen\/Istanbul2009\/Stadt\/IMG_7847.jpg\"><img loading=\"lazy\" decoding=\"async\" width=\"800\" height=\"600\" src=\"https:\/\/www.guhalg.com\/wordpress\/wp-content\/uploads\/Reisen\/Istanbul2009\/Stadt\/IMG_7847.jpg\" alt=\"Zur Burgruine\" class=\"wp-image-6537\" srcset=\"https:\/\/www.guhalg.com\/wordpress\/wp-content\/uploads\/Reisen\/Istanbul2009\/Stadt\/IMG_7847.jpg 800w, https:\/\/www.guhalg.com\/wordpress\/wp-content\/uploads\/Reisen\/Istanbul2009\/Stadt\/IMG_7847-300x225.jpg 300w, https:\/\/www.guhalg.com\/wordpress\/wp-content\/uploads\/Reisen\/Istanbul2009\/Stadt\/IMG_7847-768x576.jpg 768w\" sizes=\"auto, (max-width: 800px) 100vw, 800px\" \/><\/a><figcaption>Zur Burgruine<\/figcaption><\/figure><\/div>\n\n\n\n<p>Allerdings bleibt der Touristenstrom gleich nochmal stehen, um ein Haus, vollkommen mit Puppen geschm\u00fcckt, zu bewundern.<\/p>\n\n\n\n<div class=\"wp-block-columns is-layout-flex wp-container-core-columns-is-layout-9d6595d7 wp-block-columns-is-layout-flex\">\n<div class=\"wp-block-column is-layout-flow wp-block-column-is-layout-flow\">\n<div class=\"wp-block-image\"><figure class=\"aligncenter size-full\"><a href=\"https:\/\/www.guhalg.com\/wordpress\/wp-content\/uploads\/Reisen\/Istanbul2009\/Stadt\/IMG_7783.jpg\"><img loading=\"lazy\" decoding=\"async\" width=\"800\" height=\"600\" src=\"https:\/\/www.guhalg.com\/wordpress\/wp-content\/uploads\/Reisen\/Istanbul2009\/Stadt\/IMG_7783.jpg\" alt=\"Puppen am Fenster\" class=\"wp-image-6536\" srcset=\"https:\/\/www.guhalg.com\/wordpress\/wp-content\/uploads\/Reisen\/Istanbul2009\/Stadt\/IMG_7783.jpg 800w, https:\/\/www.guhalg.com\/wordpress\/wp-content\/uploads\/Reisen\/Istanbul2009\/Stadt\/IMG_7783-300x225.jpg 300w, https:\/\/www.guhalg.com\/wordpress\/wp-content\/uploads\/Reisen\/Istanbul2009\/Stadt\/IMG_7783-768x576.jpg 768w\" sizes=\"auto, (max-width: 800px) 100vw, 800px\" \/><\/a><figcaption>Puppen am Fenster<\/figcaption><\/figure><\/div>\n<\/div>\n\n\n\n<div class=\"wp-block-column is-layout-flow wp-block-column-is-layout-flow\">\n<div class=\"wp-block-image\"><figure class=\"aligncenter size-full\"><a href=\"https:\/\/www.guhalg.com\/wordpress\/wp-content\/uploads\/Reisen\/Istanbul2009\/Stadt\/IMG_7849.jpg\"><img loading=\"lazy\" decoding=\"async\" width=\"800\" height=\"600\" src=\"https:\/\/www.guhalg.com\/wordpress\/wp-content\/uploads\/Reisen\/Istanbul2009\/Stadt\/IMG_7849.jpg\" alt=\"Puppen im Garten\" class=\"wp-image-6538\" srcset=\"https:\/\/www.guhalg.com\/wordpress\/wp-content\/uploads\/Reisen\/Istanbul2009\/Stadt\/IMG_7849.jpg 800w, https:\/\/www.guhalg.com\/wordpress\/wp-content\/uploads\/Reisen\/Istanbul2009\/Stadt\/IMG_7849-300x225.jpg 300w, https:\/\/www.guhalg.com\/wordpress\/wp-content\/uploads\/Reisen\/Istanbul2009\/Stadt\/IMG_7849-768x576.jpg 768w\" sizes=\"auto, (max-width: 800px) 100vw, 800px\" \/><\/a><figcaption>Puppen im Garten<\/figcaption><\/figure><\/div>\n\n\n\n<p><\/p>\n<\/div>\n<\/div>\n\n\n\n<p>Aber dann geht es in der Hitze des Tages weiter an den anstrengenden Aufstieg. Vorbei an einigen Restaurants mit Blick ins Tal und auf den Bosporus erreicht man nach ca. 40 Min. das Plateau und stellt fest: Der Ausblick von dort oben ist die Anstrengung auf alle F\u00e4lle wert: Er ist einfach fantastisch!<\/p>\n\n\n\n<div class=\"wp-block-image\"><figure class=\"aligncenter size-large\"><a href=\"https:\/\/www.guhalg.com\/wordpress\/wp-content\/uploads\/Reisen\/Istanbul2009\/Bosporus\/Bosporus1-scaled.jpg\"><img loading=\"lazy\" decoding=\"async\" width=\"1024\" height=\"326\" src=\"https:\/\/www.guhalg.com\/wordpress\/wp-content\/uploads\/Reisen\/Istanbul2009\/Bosporus\/Bosporus1-1024x326.jpg\" alt=\"Der Bosporus\" class=\"wp-image-6761\" srcset=\"https:\/\/www.guhalg.com\/wordpress\/wp-content\/uploads\/Reisen\/Istanbul2009\/Bosporus\/Bosporus1-1024x326.jpg 1024w, https:\/\/www.guhalg.com\/wordpress\/wp-content\/uploads\/Reisen\/Istanbul2009\/Bosporus\/Bosporus1-300x95.jpg 300w, https:\/\/www.guhalg.com\/wordpress\/wp-content\/uploads\/Reisen\/Istanbul2009\/Bosporus\/Bosporus1-768x244.jpg 768w, https:\/\/www.guhalg.com\/wordpress\/wp-content\/uploads\/Reisen\/Istanbul2009\/Bosporus\/Bosporus1-1536x489.jpg 1536w, https:\/\/www.guhalg.com\/wordpress\/wp-content\/uploads\/Reisen\/Istanbul2009\/Bosporus\/Bosporus1-2048x652.jpg 2048w\" sizes=\"auto, (max-width: 1024px) 100vw, 1024px\" \/><\/a><figcaption>Der Bosporus<\/figcaption><\/figure><\/div>\n\n\n\n<div class=\"wp-block-image\"><figure class=\"aligncenter size-large\"><a href=\"https:\/\/www.guhalg.com\/wordpress\/wp-content\/uploads\/Reisen\/Istanbul2009\/Bosporus\/Bosporus2-scaled.jpg\"><img loading=\"lazy\" decoding=\"async\" width=\"1024\" height=\"338\" src=\"https:\/\/www.guhalg.com\/wordpress\/wp-content\/uploads\/Reisen\/Istanbul2009\/Bosporus\/Bosporus2-1024x338.jpg\" alt=\"Der Bosporus\" class=\"wp-image-6762\" srcset=\"https:\/\/www.guhalg.com\/wordpress\/wp-content\/uploads\/Reisen\/Istanbul2009\/Bosporus\/Bosporus2-1024x338.jpg 1024w, https:\/\/www.guhalg.com\/wordpress\/wp-content\/uploads\/Reisen\/Istanbul2009\/Bosporus\/Bosporus2-300x99.jpg 300w, https:\/\/www.guhalg.com\/wordpress\/wp-content\/uploads\/Reisen\/Istanbul2009\/Bosporus\/Bosporus2-768x253.jpg 768w, https:\/\/www.guhalg.com\/wordpress\/wp-content\/uploads\/Reisen\/Istanbul2009\/Bosporus\/Bosporus2-1536x507.jpg 1536w, https:\/\/www.guhalg.com\/wordpress\/wp-content\/uploads\/Reisen\/Istanbul2009\/Bosporus\/Bosporus2-2048x675.jpg 2048w\" sizes=\"auto, (max-width: 1024px) 100vw, 1024px\" \/><\/a><figcaption>Der Bosporus<\/figcaption><\/figure><\/div>\n\n\n\n<div class=\"wp-block-image\"><figure class=\"aligncenter size-large\"><a href=\"https:\/\/www.guhalg.com\/wordpress\/wp-content\/uploads\/Reisen\/Istanbul2009\/Bosporus\/Bosporus3-scaled.jpg\"><img loading=\"lazy\" decoding=\"async\" width=\"1024\" height=\"346\" src=\"https:\/\/www.guhalg.com\/wordpress\/wp-content\/uploads\/Reisen\/Istanbul2009\/Bosporus\/Bosporus3-1024x346.jpg\" alt=\"Der Bosporus\" class=\"wp-image-6763\" srcset=\"https:\/\/www.guhalg.com\/wordpress\/wp-content\/uploads\/Reisen\/Istanbul2009\/Bosporus\/Bosporus3-1024x346.jpg 1024w, https:\/\/www.guhalg.com\/wordpress\/wp-content\/uploads\/Reisen\/Istanbul2009\/Bosporus\/Bosporus3-300x101.jpg 300w, https:\/\/www.guhalg.com\/wordpress\/wp-content\/uploads\/Reisen\/Istanbul2009\/Bosporus\/Bosporus3-768x260.jpg 768w, https:\/\/www.guhalg.com\/wordpress\/wp-content\/uploads\/Reisen\/Istanbul2009\/Bosporus\/Bosporus3-1536x519.jpg 1536w, https:\/\/www.guhalg.com\/wordpress\/wp-content\/uploads\/Reisen\/Istanbul2009\/Bosporus\/Bosporus3-2048x693.jpg 2048w\" sizes=\"auto, (max-width: 1024px) 100vw, 1024px\" \/><\/a><figcaption>Der Bosporus<\/figcaption><\/figure><\/div>\n\n\n\n<div class=\"wp-block-image\"><figure class=\"aligncenter size-large\"><a href=\"https:\/\/www.guhalg.com\/wordpress\/wp-content\/uploads\/Reisen\/Istanbul2009\/Bosporus\/Bosporus4-scaled.jpg\"><img loading=\"lazy\" decoding=\"async\" width=\"1024\" height=\"362\" src=\"https:\/\/www.guhalg.com\/wordpress\/wp-content\/uploads\/Reisen\/Istanbul2009\/Bosporus\/Bosporus4-1024x362.jpg\" alt=\"Der Bosporus\" class=\"wp-image-6764\" srcset=\"https:\/\/www.guhalg.com\/wordpress\/wp-content\/uploads\/Reisen\/Istanbul2009\/Bosporus\/Bosporus4-1024x362.jpg 1024w, https:\/\/www.guhalg.com\/wordpress\/wp-content\/uploads\/Reisen\/Istanbul2009\/Bosporus\/Bosporus4-300x106.jpg 300w, https:\/\/www.guhalg.com\/wordpress\/wp-content\/uploads\/Reisen\/Istanbul2009\/Bosporus\/Bosporus4-768x271.jpg 768w, https:\/\/www.guhalg.com\/wordpress\/wp-content\/uploads\/Reisen\/Istanbul2009\/Bosporus\/Bosporus4-1536x543.jpg 1536w, https:\/\/www.guhalg.com\/wordpress\/wp-content\/uploads\/Reisen\/Istanbul2009\/Bosporus\/Bosporus4-2048x724.jpg 2048w\" sizes=\"auto, (max-width: 1024px) 100vw, 1024px\" \/><\/a><figcaption>Der Bosporus<\/figcaption><\/figure><\/div>\n\n\n\n<p>Und auch wenn im Reisef\u00fchrer oder den Beschreibungen die Rede von einer zerfallenen Burg ist, finde ich den Anblick immer noch sehr imposant.<\/p>\n\n\n\n<div class=\"wp-block-image\"><figure class=\"aligncenter size-large\"><a href=\"https:\/\/www.guhalg.com\/wordpress\/wp-content\/uploads\/Reisen\/Istanbul2009\/Bosporus\/Bosporus_Wehranlage-scaled.jpg\"><img loading=\"lazy\" decoding=\"async\" width=\"1024\" height=\"444\" src=\"https:\/\/www.guhalg.com\/wordpress\/wp-content\/uploads\/Reisen\/Istanbul2009\/Bosporus\/Bosporus_Wehranlage-1024x444.jpg\" alt=\"Bosporus Wehranlage\" class=\"wp-image-6765\" srcset=\"https:\/\/www.guhalg.com\/wordpress\/wp-content\/uploads\/Reisen\/Istanbul2009\/Bosporus\/Bosporus_Wehranlage-1024x444.jpg 1024w, https:\/\/www.guhalg.com\/wordpress\/wp-content\/uploads\/Reisen\/Istanbul2009\/Bosporus\/Bosporus_Wehranlage-300x130.jpg 300w, https:\/\/www.guhalg.com\/wordpress\/wp-content\/uploads\/Reisen\/Istanbul2009\/Bosporus\/Bosporus_Wehranlage-768x333.jpg 768w, https:\/\/www.guhalg.com\/wordpress\/wp-content\/uploads\/Reisen\/Istanbul2009\/Bosporus\/Bosporus_Wehranlage-1536x666.jpg 1536w, https:\/\/www.guhalg.com\/wordpress\/wp-content\/uploads\/Reisen\/Istanbul2009\/Bosporus\/Bosporus_Wehranlage-2048x888.jpg 2048w\" sizes=\"auto, (max-width: 1024px) 100vw, 1024px\" \/><\/a><figcaption>Bosporus Wehranlage<\/figcaption><\/figure><\/div>\n\n\n\n<p>Beim Abstieg gab es in einem Restaurant noch eine Kleinigkeit zu essen. Danach ging es von einem erlebnisreichen Ausflug zur\u00fcck nach Istanbul. Einige weitere Bilder von der Bosporus-Tour findet ihr hier: <a href=\"https:\/\/www.guhalg.com\/wordpress\/?page_id=6830\" data-type=\"page\" data-id=\"6830\">Bosporus-Tour<\/a>.<\/p>\n\n\n\n<div class=\"wp-block-columns is-layout-flex wp-container-core-columns-is-layout-9d6595d7 wp-block-columns-is-layout-flex\">\n<div class=\"wp-block-column is-layout-flow wp-block-column-is-layout-flow\">\n<div class=\"wp-block-buttons is-layout-flex wp-block-buttons-is-layout-flex\">\n<div class=\"wp-block-button\"><a class=\"wp-block-button__link\" href=\"https:\/\/www.guhalg.com\/wordpress\/?page_id=6740\">Der Bosporus<\/a><\/div>\n<\/div>\n<\/div>\n\n\n\n<div class=\"wp-block-column is-layout-flow wp-block-column-is-layout-flow\">\n<div class=\"wp-block-buttons is-horizontal is-content-justification-right is-layout-flex wp-container-core-buttons-is-layout-ae2fe186 wp-block-buttons-is-layout-flex\">\n<div class=\"wp-block-button\"><a class=\"wp-block-button__link\" href=\"https:\/\/www.guhalg.com\/wordpress\/?page_id=6836\">Der Topkapi Palast<\/a><\/div>\n<\/div>\n<\/div>\n<\/div>\n","protected":false},"excerpt":{"rendered":"<p>Nach der wundersch\u00f6nen Hochzeitsfeier waren wir wieder zur\u00fcck in Istanbul und haben uns gleich f\u00fcr den n\u00e4chsten Tag die gro\u00dfe Bosporus Tour vorgenommen. Auch diese Tour sind wir nicht im Touristenboot\u00a0 gefahren, sondern wieder mit einer einheimischen F\u00e4hre. Allerdings waren&hellip; <\/p>\n","protected":false},"author":1,"featured_media":0,"parent":6371,"menu_order":7,"comment_status":"closed","ping_status":"closed","template":"","meta":{"footnotes":""},"class_list":["post-6751","page","type-page","status-publish","hentry"],"_links":{"self":[{"href":"https:\/\/www.guhalg.com\/wordpress\/index.php?rest_route=\/wp\/v2\/pages\/6751","targetHints":{"allow":["GET"]}}],"collection":[{"href":"https:\/\/www.guhalg.com\/wordpress\/index.php?rest_route=\/wp\/v2\/pages"}],"about":[{"href":"https:\/\/www.guhalg.com\/wordpress\/index.php?rest_route=\/wp\/v2\/types\/page"}],"author":[{"embeddable":true,"href":"https:\/\/www.guhalg.com\/wordpress\/index.php?rest_route=\/wp\/v2\/users\/1"}],"replies":[{"embeddable":true,"href":"https:\/\/www.guhalg.com\/wordpress\/index.php?rest_route=%2Fwp%2Fv2%2Fcomments&post=6751"}],"version-history":[{"count":9,"href":"https:\/\/www.guhalg.com\/wordpress\/index.php?rest_route=\/wp\/v2\/pages\/6751\/revisions"}],"predecessor-version":[{"id":7789,"href":"https:\/\/www.guhalg.com\/wordpress\/index.php?rest_route=\/wp\/v2\/pages\/6751\/revisions\/7789"}],"up":[{"embeddable":true,"href":"https:\/\/www.guhalg.com\/wordpress\/index.php?rest_route=\/wp\/v2\/pages\/6371"}],"wp:attachment":[{"href":"https:\/\/www.guhalg.com\/wordpress\/index.php?rest_route=%2Fwp%2Fv2%2Fmedia&parent=6751"}],"curies":[{"name":"wp","href":"https:\/\/api.w.org\/{rel}","templated":true}]}}