{"id":7046,"date":"2022-01-24T18:52:35","date_gmt":"2022-01-24T17:52:35","guid":{"rendered":"https:\/\/www.guhalg.com\/wordpress\/?page_id=7046"},"modified":"2022-02-08T19:06:58","modified_gmt":"2022-02-08T18:06:58","slug":"die-basare","status":"publish","type":"page","link":"https:\/\/www.guhalg.com\/wordpress\/?page_id=7046","title":{"rendered":"Die Basare"},"content":{"rendered":"\n<p>Ein absolutes Highlight in Istanbul sind die Basare. Egal ob man einfach nur das Geruchs- und Farberlebnis im Gew\u00fcrzbasar genie\u00dfen m\u00f6chte oder sich gespannt fragt, was der n\u00e4chste Stand wohl anbietet. Vielleicht erfreut man sich auch einfach nur an der gesch\u00e4ftigen Vielfalt. Ein Basar ist und bleibt einfach ein unvergleichliches Erlebnis.<\/p>\n\n\n\n<p>Mit der Tram sind wir die wenigen Stationen zum Grand Bazaar gefahren, der als einer der gr\u00f6\u00dften Basare weltweit gilt. Auf den ersten Blick konnte man dieses aber nicht unbedingt erkennen. Allerdings, wenn man so durch die einzelnen G\u00e4nge schlendert und immer neue Abzweigungen und Kreuzungen auftauchen, beginnt man doch, das Ganze etwas systematischer anzugehen und die einzelnen G\u00e4nge gezielt zu besichtigen.<\/p>\n\n\n\n<div class=\"wp-block-image\"><figure class=\"aligncenter size-full\"><a href=\"https:\/\/www.guhalg.com\/wordpress\/wp-content\/uploads\/Reisen\/Istanbul2009\/Bericht Basare\/IMG_7698.jpg\"><img loading=\"lazy\" decoding=\"async\" width=\"800\" height=\"600\" src=\"https:\/\/www.guhalg.com\/wordpress\/wp-content\/uploads\/Reisen\/Istanbul2009\/Bericht Basare\/IMG_7698.jpg\" alt=\"Old Bazaar\" class=\"wp-image-7055\" srcset=\"https:\/\/www.guhalg.com\/wordpress\/wp-content\/uploads\/Reisen\/Istanbul2009\/Bericht%20Basare\/IMG_7698.jpg 800w, https:\/\/www.guhalg.com\/wordpress\/wp-content\/uploads\/Reisen\/Istanbul2009\/Bericht%20Basare\/IMG_7698-300x225.jpg 300w, https:\/\/www.guhalg.com\/wordpress\/wp-content\/uploads\/Reisen\/Istanbul2009\/Bericht%20Basare\/IMG_7698-768x576.jpg 768w\" sizes=\"auto, (max-width: 800px) 100vw, 800px\" \/><\/a><figcaption>Old Bazaar<\/figcaption><\/figure><\/div>\n\n\n\n<p>Man findet dann letztendlich doch eine Ordnung in dem Labyrinth und stellt fest, dass der Basar im Laufe der Jahrhunderte immer weiter gewachsen ist. Von ganz alten Teilen mit abbr\u00f6ckelnder Farbe bis zu relativ neuen Abschnitten (oder nur renoviert?), die richtig schick aussehen, alles gruppiert sich um ein zentrales altes Geb\u00e4ude.<\/p>\n\n\n\n<div class=\"wp-block-columns is-layout-flex wp-container-core-columns-is-layout-9d6595d7 wp-block-columns-is-layout-flex\">\n<div class=\"wp-block-column is-layout-flow wp-block-column-is-layout-flow\">\n<div class=\"wp-block-image\"><figure class=\"aligncenter size-full\"><a href=\"https:\/\/www.guhalg.com\/wordpress\/wp-content\/uploads\/Reisen\/Istanbul2009\/Bericht Basare\/IMG_7700.jpg\"><img loading=\"lazy\" decoding=\"async\" width=\"450\" height=\"600\" src=\"https:\/\/www.guhalg.com\/wordpress\/wp-content\/uploads\/Reisen\/Istanbul2009\/Bericht Basare\/IMG_7700.jpg\" alt=\"Von Alt\" class=\"wp-image-7056\" srcset=\"https:\/\/www.guhalg.com\/wordpress\/wp-content\/uploads\/Reisen\/Istanbul2009\/Bericht%20Basare\/IMG_7700.jpg 450w, https:\/\/www.guhalg.com\/wordpress\/wp-content\/uploads\/Reisen\/Istanbul2009\/Bericht%20Basare\/IMG_7700-225x300.jpg 225w\" sizes=\"auto, (max-width: 450px) 100vw, 450px\" \/><\/a><figcaption>Von Alt<\/figcaption><\/figure><\/div>\n<\/div>\n\n\n\n<div class=\"wp-block-column is-layout-flow wp-block-column-is-layout-flow\">\n<div class=\"wp-block-image\"><figure class=\"aligncenter size-full\"><a href=\"https:\/\/www.guhalg.com\/wordpress\/wp-content\/uploads\/Reisen\/Istanbul2009\/Bericht Basare\/IMG_7714.jpg\"><img loading=\"lazy\" decoding=\"async\" width=\"450\" height=\"600\" src=\"https:\/\/www.guhalg.com\/wordpress\/wp-content\/uploads\/Reisen\/Istanbul2009\/Bericht Basare\/IMG_7714.jpg\" alt=\"Bis Neu\" class=\"wp-image-7059\" srcset=\"https:\/\/www.guhalg.com\/wordpress\/wp-content\/uploads\/Reisen\/Istanbul2009\/Bericht%20Basare\/IMG_7714.jpg 450w, https:\/\/www.guhalg.com\/wordpress\/wp-content\/uploads\/Reisen\/Istanbul2009\/Bericht%20Basare\/IMG_7714-225x300.jpg 225w\" sizes=\"auto, (max-width: 450px) 100vw, 450px\" \/><\/a><figcaption>Bis Neu<\/figcaption><\/figure><\/div>\n<\/div>\n<\/div>\n\n\n\n<p>Au\u00dfen um diesen Kern herum haben sich immer wieder H\u00e4ndler angesiedelt und der urspr\u00fcngliche Basarbereich wurde somit erweitert. Sp\u00e4ter wurde dieser Au\u00dfenbereich auch \u00fcberdacht und ist so letztendlich in den Basar integriert worden bzw. der Basar ist gewachsen. Auch jetzt kann man keinen Unterschied zwischen dem Au\u00dfen- und Innenbereich des Basars feststellen. Der innere Bereich ist halt \u00fcberdacht und im Au\u00dfenbereich l\u00e4uft man durch die offenen Stra\u00dfen, aber von den Gesch\u00e4ften her ist es gleich.<\/p>\n\n\n\n<div class=\"wp-block-columns is-layout-flex wp-container-core-columns-is-layout-9d6595d7 wp-block-columns-is-layout-flex\">\n<div class=\"wp-block-column is-layout-flow wp-block-column-is-layout-flow\">\n<div class=\"wp-block-image\"><figure class=\"aligncenter size-full\"><a href=\"https:\/\/www.guhalg.com\/wordpress\/wp-content\/uploads\/Reisen\/Istanbul2009\/Bericht Basare\/IMG_7694.jpg\"><img loading=\"lazy\" decoding=\"async\" width=\"800\" height=\"600\" src=\"https:\/\/www.guhalg.com\/wordpress\/wp-content\/uploads\/Reisen\/Istanbul2009\/Bericht Basare\/IMG_7694.jpg\" alt=\"\u00dcberdacht\" class=\"wp-image-7054\" srcset=\"https:\/\/www.guhalg.com\/wordpress\/wp-content\/uploads\/Reisen\/Istanbul2009\/Bericht%20Basare\/IMG_7694.jpg 800w, https:\/\/www.guhalg.com\/wordpress\/wp-content\/uploads\/Reisen\/Istanbul2009\/Bericht%20Basare\/IMG_7694-300x225.jpg 300w, https:\/\/www.guhalg.com\/wordpress\/wp-content\/uploads\/Reisen\/Istanbul2009\/Bericht%20Basare\/IMG_7694-768x576.jpg 768w\" sizes=\"auto, (max-width: 800px) 100vw, 800px\" \/><\/a><figcaption>\u00dcberdacht<\/figcaption><\/figure><\/div>\n<\/div>\n\n\n\n<div class=\"wp-block-column is-layout-flow wp-block-column-is-layout-flow\">\n<div class=\"wp-block-image\"><figure class=\"aligncenter size-full\"><a href=\"https:\/\/www.guhalg.com\/wordpress\/wp-content\/uploads\/Reisen\/Istanbul2009\/Bericht Basare\/IMG_7044.jpg\"><img loading=\"lazy\" decoding=\"async\" width=\"800\" height=\"600\" src=\"https:\/\/www.guhalg.com\/wordpress\/wp-content\/uploads\/Reisen\/Istanbul2009\/Bericht Basare\/IMG_7044.jpg\" alt=\"Offen\" class=\"wp-image-7053\" srcset=\"https:\/\/www.guhalg.com\/wordpress\/wp-content\/uploads\/Reisen\/Istanbul2009\/Bericht%20Basare\/IMG_7044.jpg 800w, https:\/\/www.guhalg.com\/wordpress\/wp-content\/uploads\/Reisen\/Istanbul2009\/Bericht%20Basare\/IMG_7044-300x225.jpg 300w, https:\/\/www.guhalg.com\/wordpress\/wp-content\/uploads\/Reisen\/Istanbul2009\/Bericht%20Basare\/IMG_7044-768x576.jpg 768w\" sizes=\"auto, (max-width: 800px) 100vw, 800px\" \/><\/a><figcaption>Offen<\/figcaption><\/figure><\/div>\n<\/div>\n<\/div>\n\n\n\n<p>Nat\u00fcrlich haben wir auch eine kleine Auszeit genommen. Allerdings nicht mit einem Essen (kein D\u00f6ner vom Holzkohle Grill), sondern nur einem kleinen Kaffee.<\/p>\n\n\n\n<div class=\"wp-block-image\"><figure class=\"aligncenter size-full\"><a href=\"https:\/\/www.guhalg.com\/wordpress\/wp-content\/uploads\/Reisen\/Istanbul2009\/Bericht Basare\/IMG_7703.jpg\"><img loading=\"lazy\" decoding=\"async\" width=\"800\" height=\"600\" src=\"https:\/\/www.guhalg.com\/wordpress\/wp-content\/uploads\/Reisen\/Istanbul2009\/Bericht Basare\/IMG_7703.jpg\" alt=\"D\u00f6ner an Holzkohle\" class=\"wp-image-7057\" srcset=\"https:\/\/www.guhalg.com\/wordpress\/wp-content\/uploads\/Reisen\/Istanbul2009\/Bericht%20Basare\/IMG_7703.jpg 800w, https:\/\/www.guhalg.com\/wordpress\/wp-content\/uploads\/Reisen\/Istanbul2009\/Bericht%20Basare\/IMG_7703-300x225.jpg 300w, https:\/\/www.guhalg.com\/wordpress\/wp-content\/uploads\/Reisen\/Istanbul2009\/Bericht%20Basare\/IMG_7703-768x576.jpg 768w\" sizes=\"auto, (max-width: 800px) 100vw, 800px\" \/><\/a><figcaption>D\u00f6ner an Holzkohle<\/figcaption><\/figure><\/div>\n\n\n\n<p>Dann sind wir weiter gezogen, mal durch das eine Tor in den Au\u00dfenbereich, dann durch das n\u00e4chste Tor wieder rein.<\/p>\n\n\n\n<div class=\"wp-block-columns is-layout-flex wp-container-core-columns-is-layout-9d6595d7 wp-block-columns-is-layout-flex\">\n<div class=\"wp-block-column is-layout-flow wp-block-column-is-layout-flow\">\n<div class=\"wp-block-image\"><figure class=\"aligncenter size-full\"><a href=\"https:\/\/www.guhalg.com\/wordpress\/wp-content\/uploads\/Reisen\/Istanbul2009\/Bericht Basare\/IMG_7705.jpg\"><img loading=\"lazy\" decoding=\"async\" width=\"800\" height=\"600\" src=\"https:\/\/www.guhalg.com\/wordpress\/wp-content\/uploads\/Reisen\/Istanbul2009\/Bericht Basare\/IMG_7705.jpg\" alt=\"Raus aus dem Basar\" class=\"wp-image-7058\" srcset=\"https:\/\/www.guhalg.com\/wordpress\/wp-content\/uploads\/Reisen\/Istanbul2009\/Bericht%20Basare\/IMG_7705.jpg 800w, https:\/\/www.guhalg.com\/wordpress\/wp-content\/uploads\/Reisen\/Istanbul2009\/Bericht%20Basare\/IMG_7705-300x225.jpg 300w, https:\/\/www.guhalg.com\/wordpress\/wp-content\/uploads\/Reisen\/Istanbul2009\/Bericht%20Basare\/IMG_7705-768x576.jpg 768w\" sizes=\"auto, (max-width: 800px) 100vw, 800px\" \/><\/a><figcaption>Raus aus dem Basar<\/figcaption><\/figure><\/div>\n<\/div>\n\n\n\n<div class=\"wp-block-column is-layout-flow wp-block-column-is-layout-flow\">\n<div class=\"wp-block-image\"><figure class=\"aligncenter size-full\"><a href=\"https:\/\/www.guhalg.com\/wordpress\/wp-content\/uploads\/Reisen\/Istanbul2009\/Bericht Basare\/IMG_7970.jpg\"><img loading=\"lazy\" decoding=\"async\" width=\"800\" height=\"600\" src=\"https:\/\/www.guhalg.com\/wordpress\/wp-content\/uploads\/Reisen\/Istanbul2009\/Bericht Basare\/IMG_7970.jpg\" alt=\"Rein in den Basar\" class=\"wp-image-7060\" srcset=\"https:\/\/www.guhalg.com\/wordpress\/wp-content\/uploads\/Reisen\/Istanbul2009\/Bericht%20Basare\/IMG_7970.jpg 800w, https:\/\/www.guhalg.com\/wordpress\/wp-content\/uploads\/Reisen\/Istanbul2009\/Bericht%20Basare\/IMG_7970-300x225.jpg 300w, https:\/\/www.guhalg.com\/wordpress\/wp-content\/uploads\/Reisen\/Istanbul2009\/Bericht%20Basare\/IMG_7970-768x576.jpg 768w\" sizes=\"auto, (max-width: 800px) 100vw, 800px\" \/><\/a><figcaption>Rein in den Basar<\/figcaption><\/figure><\/div>\n<\/div>\n<\/div>\n\n\n\n<div class=\"wp-block-image\"><figure class=\"aligncenter size-full\"><a href=\"https:\/\/www.guhalg.com\/wordpress\/wp-content\/uploads\/Reisen\/Istanbul2009\/Bericht Basare\/IMG_7036.jpg\"><img loading=\"lazy\" decoding=\"async\" width=\"800\" height=\"600\" src=\"https:\/\/www.guhalg.com\/wordpress\/wp-content\/uploads\/Reisen\/Istanbul2009\/Bericht Basare\/IMG_7036.jpg\" alt=\"Gew\u00fcrzbasar\" class=\"wp-image-7052\" srcset=\"https:\/\/www.guhalg.com\/wordpress\/wp-content\/uploads\/Reisen\/Istanbul2009\/Bericht%20Basare\/IMG_7036.jpg 800w, https:\/\/www.guhalg.com\/wordpress\/wp-content\/uploads\/Reisen\/Istanbul2009\/Bericht%20Basare\/IMG_7036-300x225.jpg 300w, https:\/\/www.guhalg.com\/wordpress\/wp-content\/uploads\/Reisen\/Istanbul2009\/Bericht%20Basare\/IMG_7036-768x576.jpg 768w\" sizes=\"auto, (max-width: 800px) 100vw, 800px\" \/><\/a><figcaption>Gew\u00fcrzbasar<\/figcaption><\/figure><\/div>\n\n\n\n<p>Am Schluss endete unsere Entdeckungstour \u00fcber mehrere Stra\u00dfenz\u00fcge am Gew\u00fcrzbasar. Noch mehr Eindr\u00fccke von den Basaren findet ihr auf den Bildern: <a href=\"https:\/\/www.guhalg.com\/wordpress\/?page_id=7106\" data-type=\"page\" data-id=\"7106\">Basare <\/a><\/p>\n\n\n\n<div class=\"wp-block-columns is-layout-flex wp-container-core-columns-is-layout-9d6595d7 wp-block-columns-is-layout-flex\">\n<div class=\"wp-block-column is-layout-flow wp-block-column-is-layout-flow\">\n<div class=\"wp-block-buttons is-layout-flex wp-block-buttons-is-layout-flex\">\n<div class=\"wp-block-button\"><a class=\"wp-block-button__link\" href=\"https:\/\/www.guhalg.com\/wordpress\/?page_id=6836\">Topkapi Palast<\/a><\/div>\n<\/div>\n<\/div>\n\n\n\n<div class=\"wp-block-column is-layout-flow wp-block-column-is-layout-flow\">\n<div class=\"wp-block-buttons is-horizontal is-content-justification-right is-layout-flex wp-container-core-buttons-is-layout-ae2fe186 wp-block-buttons-is-layout-flex\">\n<div class=\"wp-block-button\"><a class=\"wp-block-button__link\" href=\"https:\/\/www.guhalg.com\/wordpress\/?page_id=7112\">Der letzte Tag<\/a><\/div>\n<\/div>\n<\/div>\n<\/div>\n","protected":false},"excerpt":{"rendered":"<p>Ein absolutes Highlight in Istanbul sind die Basare. Egal ob man einfach nur das Geruchs- und Farberlebnis im Gew\u00fcrzbasar genie\u00dfen m\u00f6chte oder sich gespannt fragt, was der n\u00e4chste Stand wohl anbietet. Vielleicht erfreut man sich auch einfach nur an der&hellip; <\/p>\n","protected":false},"author":1,"featured_media":0,"parent":6371,"menu_order":9,"comment_status":"closed","ping_status":"closed","template":"","meta":{"footnotes":""},"class_list":["post-7046","page","type-page","status-publish","hentry"],"_links":{"self":[{"href":"https:\/\/www.guhalg.com\/wordpress\/index.php?rest_route=\/wp\/v2\/pages\/7046","targetHints":{"allow":["GET"]}}],"collection":[{"href":"https:\/\/www.guhalg.com\/wordpress\/index.php?rest_route=\/wp\/v2\/pages"}],"about":[{"href":"https:\/\/www.guhalg.com\/wordpress\/index.php?rest_route=\/wp\/v2\/types\/page"}],"author":[{"embeddable":true,"href":"https:\/\/www.guhalg.com\/wordpress\/index.php?rest_route=\/wp\/v2\/users\/1"}],"replies":[{"embeddable":true,"href":"https:\/\/www.guhalg.com\/wordpress\/index.php?rest_route=%2Fwp%2Fv2%2Fcomments&post=7046"}],"version-history":[{"count":7,"href":"https:\/\/www.guhalg.com\/wordpress\/index.php?rest_route=\/wp\/v2\/pages\/7046\/revisions"}],"predecessor-version":[{"id":7793,"href":"https:\/\/www.guhalg.com\/wordpress\/index.php?rest_route=\/wp\/v2\/pages\/7046\/revisions\/7793"}],"up":[{"embeddable":true,"href":"https:\/\/www.guhalg.com\/wordpress\/index.php?rest_route=\/wp\/v2\/pages\/6371"}],"wp:attachment":[{"href":"https:\/\/www.guhalg.com\/wordpress\/index.php?rest_route=%2Fwp%2Fv2%2Fmedia&parent=7046"}],"curies":[{"name":"wp","href":"https:\/\/api.w.org\/{rel}","templated":true}]}}