{"id":7697,"date":"2022-02-06T22:09:29","date_gmt":"2022-02-06T21:09:29","guid":{"rendered":"https:\/\/www.guhalg.com\/wordpress\/?page_id=7697"},"modified":"2022-02-09T21:38:54","modified_gmt":"2022-02-09T20:38:54","slug":"tobago-2010","status":"publish","type":"page","link":"https:\/\/www.guhalg.com\/wordpress\/?page_id=7697","title":{"rendered":"Tobago 2010"},"content":{"rendered":"\n<p>Hallo Freunde und Surfer,<\/p>\n\n\n\n<p>Nachdem wir in 2009 nun doch recht viel in Indonesien, also Richtung Asien, unterwegs waren, hat es uns in 2010 dann mal wieder in die andere Richtung unserer Erde gezogen. Nach den vielen guten Berichten zum Tauchen auf Tobago haben wir uns dann bei Susanne kurz nach den M\u00f6glichkeiten f\u00fcrs Tauchen dort erkundigt und sind eigentlich ziemlich schnell dann beim <a rel=\"noreferrer noopener\" href=\"http:\/\/www.speysideinn.com\" target=\"_blank\">Speyside Inn<\/a> gelandet. Also noch kurz die Urlaubszeit ausgesucht, die Urlaubsantr\u00e4ge eingereicht und gebucht. Falls ihr euch jetzt fragt, Tobago? Wo liegt das eigentlich? Auf der Karte k\u00f6nnt ihr euch einen kleinen \u00dcberblick verschaffen. Es liegt an den s\u00fcdlichsten Ausl\u00e4ufern der Karibik.<\/p>\n\n\n\n<figure class=\"wp-block-image size-large\"><a href=\"https:\/\/www.guhalg.com\/wordpress\/wp-content\/uploads\/Reisen\/Tobago2010\/Reise\/tobago_2010-scaled.jpg\"><img loading=\"lazy\" decoding=\"async\" width=\"1024\" height=\"568\" src=\"https:\/\/www.guhalg.com\/wordpress\/wp-content\/uploads\/Reisen\/Tobago2010\/Reise\/tobago_2010-1024x568.jpg\" alt=\"Tobago 2010\" class=\"wp-image-7960\" srcset=\"https:\/\/www.guhalg.com\/wordpress\/wp-content\/uploads\/Reisen\/Tobago2010\/Reise\/tobago_2010-1024x568.jpg 1024w, https:\/\/www.guhalg.com\/wordpress\/wp-content\/uploads\/Reisen\/Tobago2010\/Reise\/tobago_2010-300x166.jpg 300w, https:\/\/www.guhalg.com\/wordpress\/wp-content\/uploads\/Reisen\/Tobago2010\/Reise\/tobago_2010-768x426.jpg 768w, https:\/\/www.guhalg.com\/wordpress\/wp-content\/uploads\/Reisen\/Tobago2010\/Reise\/tobago_2010-1536x852.jpg 1536w, https:\/\/www.guhalg.com\/wordpress\/wp-content\/uploads\/Reisen\/Tobago2010\/Reise\/tobago_2010-2048x1136.jpg 2048w\" sizes=\"auto, (max-width: 1024px) 100vw, 1024px\" \/><\/a><figcaption>Tobago 2010<\/figcaption><\/figure>\n\n\n\n<p>Hier auch nochmal der Link zu <a rel=\"noreferrer noopener\" href=\"http:\/\/de.wikipedia.org\/wiki\/Tobago\" target=\"_blank\">Tobago<\/a> und zur <a rel=\"noreferrer noopener\" href=\"http:\/\/de.wikipedia.org\/wiki\/Karibik\" target=\"_blank\">Karibik<\/a>.<\/p>\n\n\n\n<div class=\"wp-block-buttons is-content-justification-right is-layout-flex wp-container-core-buttons-is-layout-765c4724 wp-block-buttons-is-layout-flex\">\n<div class=\"wp-block-button\"><a class=\"wp-block-button__link\" href=\"https:\/\/www.guhalg.com\/wordpress\/?page_id=7964\">Das Hotel Speyside Inn<\/a><\/div>\n<\/div>\n","protected":false},"excerpt":{"rendered":"<p>Hallo Freunde und Surfer, Nachdem wir in 2009 nun doch recht viel in Indonesien, also Richtung Asien, unterwegs waren, hat es uns in 2010 dann mal wieder in die andere Richtung unserer Erde gezogen. Nach den vielen guten Berichten zum&hellip; <\/p>\n","protected":false},"author":1,"featured_media":0,"parent":0,"menu_order":23,"comment_status":"closed","ping_status":"closed","template":"","meta":{"footnotes":""},"class_list":["post-7697","page","type-page","status-publish","hentry"],"_links":{"self":[{"href":"https:\/\/www.guhalg.com\/wordpress\/index.php?rest_route=\/wp\/v2\/pages\/7697","targetHints":{"allow":["GET"]}}],"collection":[{"href":"https:\/\/www.guhalg.com\/wordpress\/index.php?rest_route=\/wp\/v2\/pages"}],"about":[{"href":"https:\/\/www.guhalg.com\/wordpress\/index.php?rest_route=\/wp\/v2\/types\/page"}],"author":[{"embeddable":true,"href":"https:\/\/www.guhalg.com\/wordpress\/index.php?rest_route=\/wp\/v2\/users\/1"}],"replies":[{"embeddable":true,"href":"https:\/\/www.guhalg.com\/wordpress\/index.php?rest_route=%2Fwp%2Fv2%2Fcomments&post=7697"}],"version-history":[{"count":7,"href":"https:\/\/www.guhalg.com\/wordpress\/index.php?rest_route=\/wp\/v2\/pages\/7697\/revisions"}],"predecessor-version":[{"id":7973,"href":"https:\/\/www.guhalg.com\/wordpress\/index.php?rest_route=\/wp\/v2\/pages\/7697\/revisions\/7973"}],"wp:attachment":[{"href":"https:\/\/www.guhalg.com\/wordpress\/index.php?rest_route=%2Fwp%2Fv2%2Fmedia&parent=7697"}],"curies":[{"name":"wp","href":"https:\/\/api.w.org\/{rel}","templated":true}]}}