{"id":8510,"date":"2022-02-16T19:40:31","date_gmt":"2022-02-16T18:40:31","guid":{"rendered":"https:\/\/www.guhalg.com\/wordpress\/?page_id=8510"},"modified":"2022-02-16T20:25:50","modified_gmt":"2022-02-16T19:25:50","slug":"einfach-schoen","status":"publish","type":"page","link":"https:\/\/www.guhalg.com\/wordpress\/?page_id=8510","title":{"rendered":"Einfach sch\u00f6n"},"content":{"rendered":"\n<p>Als Einstimmung auf die letzte Tauchbilderseite von Pulisan sind hier ein paar Bilder zusammengef\u00fchrt, die sch\u00f6n oder selten sind oder auch einfach nur eine interessante Perspektive haben. Den Anfang machen hier eine <a rel=\"noreferrer noopener\" href=\"http:\/\/de.wikipedia.org\/wiki\/Geistermur%C3%A4ne\" target=\"_blank\">Geistermur\u00e4ne<\/a> und ein kleiner <a rel=\"noreferrer noopener\" href=\"http:\/\/de.wikipedia.org\/wiki\/Kugelfisch\" target=\"_blank\">Kugelfisch<\/a>.<\/p>\n\n\n\n<div class=\"wp-block-image\"><figure class=\"aligncenter size-full\"><a href=\"https:\/\/www.guhalg.com\/wordpress\/wp-content\/uploads\/Reisen\/Indonesien2010\/PulisanUnterwasser\/P1020778.jpg\"><img loading=\"lazy\" decoding=\"async\" width=\"1024\" height=\"576\" src=\"https:\/\/www.guhalg.com\/wordpress\/wp-content\/uploads\/Reisen\/Indonesien2010\/PulisanUnterwasser\/P1020778.jpg\" alt=\"Geistermur\u00e4ne\" class=\"wp-image-8392\" srcset=\"https:\/\/www.guhalg.com\/wordpress\/wp-content\/uploads\/Reisen\/Indonesien2010\/PulisanUnterwasser\/P1020778.jpg 1024w, https:\/\/www.guhalg.com\/wordpress\/wp-content\/uploads\/Reisen\/Indonesien2010\/PulisanUnterwasser\/P1020778-300x169.jpg 300w, https:\/\/www.guhalg.com\/wordpress\/wp-content\/uploads\/Reisen\/Indonesien2010\/PulisanUnterwasser\/P1020778-768x432.jpg 768w\" sizes=\"auto, (max-width: 1024px) 100vw, 1024px\" \/><\/a><figcaption>Geistermur\u00e4ne<\/figcaption><\/figure><\/div>\n\n\n\n<div class=\"wp-block-image\"><figure class=\"aligncenter size-full\"><a href=\"https:\/\/www.guhalg.com\/wordpress\/wp-content\/uploads\/Reisen\/Indonesien2010\/PulisanUnterwasser\/P1020911.jpg\"><img loading=\"lazy\" decoding=\"async\" width=\"1024\" height=\"576\" src=\"https:\/\/www.guhalg.com\/wordpress\/wp-content\/uploads\/Reisen\/Indonesien2010\/PulisanUnterwasser\/P1020911.jpg\" alt=\"Kugelfisch\" class=\"wp-image-8396\" srcset=\"https:\/\/www.guhalg.com\/wordpress\/wp-content\/uploads\/Reisen\/Indonesien2010\/PulisanUnterwasser\/P1020911.jpg 1024w, https:\/\/www.guhalg.com\/wordpress\/wp-content\/uploads\/Reisen\/Indonesien2010\/PulisanUnterwasser\/P1020911-300x169.jpg 300w, https:\/\/www.guhalg.com\/wordpress\/wp-content\/uploads\/Reisen\/Indonesien2010\/PulisanUnterwasser\/P1020911-768x432.jpg 768w\" sizes=\"auto, (max-width: 1024px) 100vw, 1024px\" \/><\/a><figcaption>Kugelfisch<\/figcaption><\/figure><\/div>\n\n\n\n<p>Die beiden sind gleich gefolgt von einer spanischen T\u00e4nzerin, einem <a rel=\"noreferrer noopener\" href=\"http:\/\/de.wikipedia.org\/wiki\/Flughahn\" target=\"_blank\">Flughahn<\/a> und einer neugierigen Mur\u00e4ne. Den Abschluss bilden jetzt noch einige sehr sch\u00f6ne Motive. Angefangen mit einer <a rel=\"noreferrer noopener\" href=\"http:\/\/de.wikipedia.org\/wiki\/Prachtsepie\" target=\"_blank\">Prachtsepia<\/a> (Flamboyant Cuttlefish) und dann einem Blitz, ach nee, nat\u00fcrlich einer Koralle. Gefolgt von einem sch\u00f6nen Schwarm Blaustreifen-Schnapper, so nennt man sie im allgemeinen, sie hei\u00dfen aber in Wirklichkeit Bengalen-Schnapper. Und weiter geht es weiter mit einer <a rel=\"noreferrer noopener\" href=\"http:\/\/de.wikipedia.org\/wiki\/Dornenkronenseestern\" target=\"_blank\">Dornenkrone<\/a>, einigen bunten Weichkorallen bis hin zu einer Nahaufnahme einer Anemone, genaugenommen von ihrem Maul.<\/p>\n\n\n\n<figure class=\"wp-block-gallery has-nested-images columns-default is-cropped wp-block-gallery-1 is-layout-flex wp-block-gallery-is-layout-flex\">\n<figure class=\"wp-block-image size-large\"><img loading=\"lazy\" decoding=\"async\" width=\"1024\" height=\"576\" data-id=\"8400\" src=\"https:\/\/www.guhalg.com\/wordpress\/wp-content\/uploads\/Reisen\/Indonesien2010\/PulisanUnterwasser\/P1030002.jpg\" alt=\"\" class=\"wp-image-8400\" srcset=\"https:\/\/www.guhalg.com\/wordpress\/wp-content\/uploads\/Reisen\/Indonesien2010\/PulisanUnterwasser\/P1030002.jpg 1024w, https:\/\/www.guhalg.com\/wordpress\/wp-content\/uploads\/Reisen\/Indonesien2010\/PulisanUnterwasser\/P1030002-300x169.jpg 300w, https:\/\/www.guhalg.com\/wordpress\/wp-content\/uploads\/Reisen\/Indonesien2010\/PulisanUnterwasser\/P1030002-768x432.jpg 768w\" sizes=\"auto, (max-width: 1024px) 100vw, 1024px\" \/><\/figure>\n\n\n\n<figure class=\"wp-block-image size-large\"><img loading=\"lazy\" decoding=\"async\" width=\"1024\" height=\"576\" data-id=\"8401\" src=\"https:\/\/www.guhalg.com\/wordpress\/wp-content\/uploads\/Reisen\/Indonesien2010\/PulisanUnterwasser\/P1030016.jpg\" alt=\"\" class=\"wp-image-8401\" srcset=\"https:\/\/www.guhalg.com\/wordpress\/wp-content\/uploads\/Reisen\/Indonesien2010\/PulisanUnterwasser\/P1030016.jpg 1024w, https:\/\/www.guhalg.com\/wordpress\/wp-content\/uploads\/Reisen\/Indonesien2010\/PulisanUnterwasser\/P1030016-300x169.jpg 300w, https:\/\/www.guhalg.com\/wordpress\/wp-content\/uploads\/Reisen\/Indonesien2010\/PulisanUnterwasser\/P1030016-768x432.jpg 768w\" sizes=\"auto, (max-width: 1024px) 100vw, 1024px\" \/><\/figure>\n\n\n\n<figure class=\"wp-block-image size-large\"><img loading=\"lazy\" decoding=\"async\" width=\"1024\" height=\"576\" data-id=\"8410\" src=\"https:\/\/www.guhalg.com\/wordpress\/wp-content\/uploads\/Reisen\/Indonesien2010\/PulisanUnterwasser\/P1030230.jpg\" alt=\"\" class=\"wp-image-8410\" srcset=\"https:\/\/www.guhalg.com\/wordpress\/wp-content\/uploads\/Reisen\/Indonesien2010\/PulisanUnterwasser\/P1030230.jpg 1024w, https:\/\/www.guhalg.com\/wordpress\/wp-content\/uploads\/Reisen\/Indonesien2010\/PulisanUnterwasser\/P1030230-300x169.jpg 300w, https:\/\/www.guhalg.com\/wordpress\/wp-content\/uploads\/Reisen\/Indonesien2010\/PulisanUnterwasser\/P1030230-768x432.jpg 768w\" sizes=\"auto, (max-width: 1024px) 100vw, 1024px\" \/><\/figure>\n\n\n\n<figure class=\"wp-block-image size-large\"><img loading=\"lazy\" decoding=\"async\" width=\"1024\" height=\"576\" data-id=\"8395\" src=\"https:\/\/www.guhalg.com\/wordpress\/wp-content\/uploads\/Reisen\/Indonesien2010\/PulisanUnterwasser\/P1020896.jpg\" alt=\"\" class=\"wp-image-8395\" srcset=\"https:\/\/www.guhalg.com\/wordpress\/wp-content\/uploads\/Reisen\/Indonesien2010\/PulisanUnterwasser\/P1020896.jpg 1024w, https:\/\/www.guhalg.com\/wordpress\/wp-content\/uploads\/Reisen\/Indonesien2010\/PulisanUnterwasser\/P1020896-300x169.jpg 300w, https:\/\/www.guhalg.com\/wordpress\/wp-content\/uploads\/Reisen\/Indonesien2010\/PulisanUnterwasser\/P1020896-768x432.jpg 768w\" sizes=\"auto, (max-width: 1024px) 100vw, 1024px\" \/><\/figure>\n\n\n\n<figure class=\"wp-block-image size-large\"><img loading=\"lazy\" decoding=\"async\" width=\"1024\" height=\"576\" data-id=\"8415\" src=\"https:\/\/www.guhalg.com\/wordpress\/wp-content\/uploads\/Reisen\/Indonesien2010\/PulisanUnterwasser\/P1030429.jpg\" alt=\"\" class=\"wp-image-8415\" srcset=\"https:\/\/www.guhalg.com\/wordpress\/wp-content\/uploads\/Reisen\/Indonesien2010\/PulisanUnterwasser\/P1030429.jpg 1024w, https:\/\/www.guhalg.com\/wordpress\/wp-content\/uploads\/Reisen\/Indonesien2010\/PulisanUnterwasser\/P1030429-300x169.jpg 300w, https:\/\/www.guhalg.com\/wordpress\/wp-content\/uploads\/Reisen\/Indonesien2010\/PulisanUnterwasser\/P1030429-768x432.jpg 768w\" sizes=\"auto, (max-width: 1024px) 100vw, 1024px\" \/><\/figure>\n\n\n\n<figure class=\"wp-block-image size-large\"><img loading=\"lazy\" decoding=\"async\" width=\"1024\" height=\"576\" data-id=\"8416\" src=\"https:\/\/www.guhalg.com\/wordpress\/wp-content\/uploads\/Reisen\/Indonesien2010\/PulisanUnterwasser\/P1030439.jpg\" alt=\"\" class=\"wp-image-8416\" srcset=\"https:\/\/www.guhalg.com\/wordpress\/wp-content\/uploads\/Reisen\/Indonesien2010\/PulisanUnterwasser\/P1030439.jpg 1024w, https:\/\/www.guhalg.com\/wordpress\/wp-content\/uploads\/Reisen\/Indonesien2010\/PulisanUnterwasser\/P1030439-300x169.jpg 300w, https:\/\/www.guhalg.com\/wordpress\/wp-content\/uploads\/Reisen\/Indonesien2010\/PulisanUnterwasser\/P1030439-768x432.jpg 768w\" sizes=\"auto, (max-width: 1024px) 100vw, 1024px\" \/><\/figure>\n\n\n\n<figure class=\"wp-block-image size-large\"><img loading=\"lazy\" decoding=\"async\" width=\"1024\" height=\"576\" data-id=\"8427\" src=\"https:\/\/www.guhalg.com\/wordpress\/wp-content\/uploads\/Reisen\/Indonesien2010\/PulisanUnterwasser\/P1030637.jpg\" alt=\"\" class=\"wp-image-8427\" srcset=\"https:\/\/www.guhalg.com\/wordpress\/wp-content\/uploads\/Reisen\/Indonesien2010\/PulisanUnterwasser\/P1030637.jpg 1024w, https:\/\/www.guhalg.com\/wordpress\/wp-content\/uploads\/Reisen\/Indonesien2010\/PulisanUnterwasser\/P1030637-300x169.jpg 300w, https:\/\/www.guhalg.com\/wordpress\/wp-content\/uploads\/Reisen\/Indonesien2010\/PulisanUnterwasser\/P1030637-768x432.jpg 768w\" sizes=\"auto, (max-width: 1024px) 100vw, 1024px\" \/><\/figure>\n\n\n\n<figure class=\"wp-block-image size-large\"><img loading=\"lazy\" decoding=\"async\" width=\"1024\" height=\"576\" data-id=\"8428\" src=\"https:\/\/www.guhalg.com\/wordpress\/wp-content\/uploads\/Reisen\/Indonesien2010\/PulisanUnterwasser\/P1030668.jpg\" alt=\"\" class=\"wp-image-8428\" srcset=\"https:\/\/www.guhalg.com\/wordpress\/wp-content\/uploads\/Reisen\/Indonesien2010\/PulisanUnterwasser\/P1030668.jpg 1024w, https:\/\/www.guhalg.com\/wordpress\/wp-content\/uploads\/Reisen\/Indonesien2010\/PulisanUnterwasser\/P1030668-300x169.jpg 300w, https:\/\/www.guhalg.com\/wordpress\/wp-content\/uploads\/Reisen\/Indonesien2010\/PulisanUnterwasser\/P1030668-768x432.jpg 768w\" sizes=\"auto, (max-width: 1024px) 100vw, 1024px\" \/><\/figure>\n\n\n\n<figure class=\"wp-block-image size-large\"><img loading=\"lazy\" decoding=\"async\" width=\"1024\" height=\"576\" data-id=\"8430\" src=\"https:\/\/www.guhalg.com\/wordpress\/wp-content\/uploads\/Reisen\/Indonesien2010\/PulisanUnterwasser\/P1030684.jpg\" alt=\"\" class=\"wp-image-8430\" srcset=\"https:\/\/www.guhalg.com\/wordpress\/wp-content\/uploads\/Reisen\/Indonesien2010\/PulisanUnterwasser\/P1030684.jpg 1024w, https:\/\/www.guhalg.com\/wordpress\/wp-content\/uploads\/Reisen\/Indonesien2010\/PulisanUnterwasser\/P1030684-300x169.jpg 300w, https:\/\/www.guhalg.com\/wordpress\/wp-content\/uploads\/Reisen\/Indonesien2010\/PulisanUnterwasser\/P1030684-768x432.jpg 768w\" sizes=\"auto, (max-width: 1024px) 100vw, 1024px\" \/><\/figure>\n<\/figure>\n\n\n\n<p>So endet nun die Unterwasser Bilderreise hier in Pulisan. Also fast. Auf der n\u00e4chsten Seite haben wir noch einige Highlights f\u00fcr euch, die einen tiefen Eindruck bei uns hinterlassen haben.<\/p>\n\n\n\n<div class=\"wp-block-columns is-layout-flex wp-container-core-columns-is-layout-9d6595d7 wp-block-columns-is-layout-flex\">\n<div class=\"wp-block-column is-layout-flow wp-block-column-is-layout-flow\">\n<div class=\"wp-block-buttons is-layout-flex wp-block-buttons-is-layout-flex\">\n<div class=\"wp-block-button\"><a class=\"wp-block-button__link\" href=\"https:\/\/www.guhalg.com\/wordpress\/?page_id=8477\">Kurioses<\/a><\/div>\n<\/div>\n<\/div>\n\n\n\n<div class=\"wp-block-column is-layout-flow wp-block-column-is-layout-flow\">\n<div class=\"wp-block-buttons is-content-justification-right is-layout-flex wp-container-core-buttons-is-layout-765c4724 wp-block-buttons-is-layout-flex\">\n<div class=\"wp-block-button\"><a class=\"wp-block-button__link\" href=\"https:\/\/www.guhalg.com\/wordpress\/?page_id=8520\">Highlights<\/a><\/div>\n<\/div>\n<\/div>\n<\/div>\n\n\n\n<p><\/p>\n","protected":false},"excerpt":{"rendered":"<p>Als Einstimmung auf die letzte Tauchbilderseite von Pulisan sind hier ein paar Bilder zusammengef\u00fchrt, die sch\u00f6n oder selten sind oder auch einfach nur eine interessante Perspektive haben. Den Anfang machen hier eine Geistermur\u00e4ne und ein kleiner Kugelfisch. Die beiden sind&hellip; <\/p>\n","protected":false},"author":1,"featured_media":0,"parent":8325,"menu_order":6,"comment_status":"closed","ping_status":"closed","template":"","meta":{"footnotes":""},"class_list":["post-8510","page","type-page","status-publish","hentry"],"_links":{"self":[{"href":"https:\/\/www.guhalg.com\/wordpress\/index.php?rest_route=\/wp\/v2\/pages\/8510","targetHints":{"allow":["GET"]}}],"collection":[{"href":"https:\/\/www.guhalg.com\/wordpress\/index.php?rest_route=\/wp\/v2\/pages"}],"about":[{"href":"https:\/\/www.guhalg.com\/wordpress\/index.php?rest_route=\/wp\/v2\/types\/page"}],"author":[{"embeddable":true,"href":"https:\/\/www.guhalg.com\/wordpress\/index.php?rest_route=\/wp\/v2\/users\/1"}],"replies":[{"embeddable":true,"href":"https:\/\/www.guhalg.com\/wordpress\/index.php?rest_route=%2Fwp%2Fv2%2Fcomments&post=8510"}],"version-history":[{"count":6,"href":"https:\/\/www.guhalg.com\/wordpress\/index.php?rest_route=\/wp\/v2\/pages\/8510\/revisions"}],"predecessor-version":[{"id":8523,"href":"https:\/\/www.guhalg.com\/wordpress\/index.php?rest_route=\/wp\/v2\/pages\/8510\/revisions\/8523"}],"up":[{"embeddable":true,"href":"https:\/\/www.guhalg.com\/wordpress\/index.php?rest_route=\/wp\/v2\/pages\/8325"}],"wp:attachment":[{"href":"https:\/\/www.guhalg.com\/wordpress\/index.php?rest_route=%2Fwp%2Fv2%2Fmedia&parent=8510"}],"curies":[{"name":"wp","href":"https:\/\/api.w.org\/{rel}","templated":true}]}}