{"id":8528,"date":"2022-02-17T20:07:40","date_gmt":"2022-02-17T19:07:40","guid":{"rendered":"https:\/\/www.guhalg.com\/wordpress\/?page_id=8528"},"modified":"2022-02-17T21:01:30","modified_gmt":"2022-02-17T20:01:30","slug":"die-minahasa-tour","status":"publish","type":"page","link":"https:\/\/www.guhalg.com\/wordpress\/?page_id=8528","title":{"rendered":"Die Minahasa Tour"},"content":{"rendered":"\n<p>Einen ganzen Tag mit Auto, Fahrer und Guide durch das <a rel=\"noreferrer noopener\" href=\"http:\/\/de.wikipedia.org\/wiki\/Minahasa\" target=\"_blank\">Minahasa Hochland<\/a>. Der Besuch eines einheimischen Marktes, eine Vulkanbesteigung, die Fahrt ins Hinterland durch einige D\u00f6rfer, mit handwerklichen Spezialit\u00e4ten, das war der geplante letzte Tag in Pulisan. Klingt nach sehr viel Aktion und es war dann auch ein langer, erlebnisreicher Tag. Doch der Reihe nach. Fangen wir mit dem Morgen an, der war unspektakul\u00e4r:.<\/p>\n\n\n\n<ul class=\"wp-block-list\"><li>Aufstehen<\/li><li>Fr\u00fchst\u00fccken<\/li><li>durch den Dschungel zum Auto<\/li><li>ab nach Manado<\/li><li>den Guide einladen<\/li><li>und los<\/li><\/ul>\n\n\n\n<p>Auf dem Weg zu unserem ersten Ziel, dem Markt der Einheimischen in Minahasa, gab es auch schon den ersten Zwischenstopp in einem kleinen Dorf. Auf der linken Seite war die Stra\u00dfe im ersten Abschnitt voll mit L\u00e4den, die K\u00f6rbe, F\u00e4cher, Taschen, Schalen usw. anbieten. Alles aus Wassergras, Bambus und Ton hergestellt.<\/p>\n\n\n\n<figure class=\"wp-block-gallery has-nested-images columns-4 is-cropped wp-block-gallery-1 is-layout-flex wp-block-gallery-is-layout-flex\">\n<figure class=\"wp-block-image size-large\"><img loading=\"lazy\" decoding=\"async\" width=\"1024\" height=\"576\" data-id=\"8536\" src=\"https:\/\/www.guhalg.com\/wordpress\/wp-content\/uploads\/Reisen\/Indonesien2010\/Minahasa\/P1040644.jpg\" alt=\"\" class=\"wp-image-8536\" srcset=\"https:\/\/www.guhalg.com\/wordpress\/wp-content\/uploads\/Reisen\/Indonesien2010\/Minahasa\/P1040644.jpg 1024w, https:\/\/www.guhalg.com\/wordpress\/wp-content\/uploads\/Reisen\/Indonesien2010\/Minahasa\/P1040644-300x169.jpg 300w, https:\/\/www.guhalg.com\/wordpress\/wp-content\/uploads\/Reisen\/Indonesien2010\/Minahasa\/P1040644-768x432.jpg 768w\" sizes=\"auto, (max-width: 1024px) 100vw, 1024px\" \/><\/figure>\n\n\n\n<figure class=\"wp-block-image size-large\"><img loading=\"lazy\" decoding=\"async\" width=\"1024\" height=\"576\" data-id=\"8537\" src=\"https:\/\/www.guhalg.com\/wordpress\/wp-content\/uploads\/Reisen\/Indonesien2010\/Minahasa\/P1040645.jpg\" alt=\"\" class=\"wp-image-8537\" srcset=\"https:\/\/www.guhalg.com\/wordpress\/wp-content\/uploads\/Reisen\/Indonesien2010\/Minahasa\/P1040645.jpg 1024w, https:\/\/www.guhalg.com\/wordpress\/wp-content\/uploads\/Reisen\/Indonesien2010\/Minahasa\/P1040645-300x169.jpg 300w, https:\/\/www.guhalg.com\/wordpress\/wp-content\/uploads\/Reisen\/Indonesien2010\/Minahasa\/P1040645-768x432.jpg 768w\" sizes=\"auto, (max-width: 1024px) 100vw, 1024px\" \/><\/figure>\n\n\n\n<figure class=\"wp-block-image size-large\"><img loading=\"lazy\" decoding=\"async\" width=\"1024\" height=\"576\" data-id=\"8538\" src=\"https:\/\/www.guhalg.com\/wordpress\/wp-content\/uploads\/Reisen\/Indonesien2010\/Minahasa\/P1040646.jpg\" alt=\"\" class=\"wp-image-8538\" srcset=\"https:\/\/www.guhalg.com\/wordpress\/wp-content\/uploads\/Reisen\/Indonesien2010\/Minahasa\/P1040646.jpg 1024w, https:\/\/www.guhalg.com\/wordpress\/wp-content\/uploads\/Reisen\/Indonesien2010\/Minahasa\/P1040646-300x169.jpg 300w, https:\/\/www.guhalg.com\/wordpress\/wp-content\/uploads\/Reisen\/Indonesien2010\/Minahasa\/P1040646-768x432.jpg 768w\" sizes=\"auto, (max-width: 1024px) 100vw, 1024px\" \/><\/figure>\n\n\n\n<figure class=\"wp-block-image size-large\"><img loading=\"lazy\" decoding=\"async\" width=\"1024\" height=\"576\" data-id=\"8539\" src=\"https:\/\/www.guhalg.com\/wordpress\/wp-content\/uploads\/Reisen\/Indonesien2010\/Minahasa\/P1040648.jpg\" alt=\"\" class=\"wp-image-8539\" srcset=\"https:\/\/www.guhalg.com\/wordpress\/wp-content\/uploads\/Reisen\/Indonesien2010\/Minahasa\/P1040648.jpg 1024w, https:\/\/www.guhalg.com\/wordpress\/wp-content\/uploads\/Reisen\/Indonesien2010\/Minahasa\/P1040648-300x169.jpg 300w, https:\/\/www.guhalg.com\/wordpress\/wp-content\/uploads\/Reisen\/Indonesien2010\/Minahasa\/P1040648-768x432.jpg 768w\" sizes=\"auto, (max-width: 1024px) 100vw, 1024px\" \/><\/figure>\n<\/figure>\n\n\n\n<p>Doch danach galt der Blick der rechten Seite der Stra\u00dfe, ein Vulkan, der in den Wolken h\u00e4ngt, oder Dampf ausst\u00f6\u00dft? Mal die n\u00e4chsten Bilder sehen. Ich w\u00fcrde sagen, die Tendenz geht doch eher in Richtung Dampf.<\/p>\n\n\n\n<div class=\"wp-block-columns is-layout-flex wp-container-core-columns-is-layout-9d6595d7 wp-block-columns-is-layout-flex\">\n<div class=\"wp-block-column is-layout-flow wp-block-column-is-layout-flow\">\n<div class=\"wp-block-image\"><figure class=\"aligncenter size-full\"><a href=\"https:\/\/www.guhalg.com\/wordpress\/wp-content\/uploads\/Reisen\/Indonesien2010\/Minahasa\/P1040650.jpg\"><img loading=\"lazy\" decoding=\"async\" width=\"1024\" height=\"576\" src=\"https:\/\/www.guhalg.com\/wordpress\/wp-content\/uploads\/Reisen\/Indonesien2010\/Minahasa\/P1040650.jpg\" alt=\"Rauch oder Dampf\" class=\"wp-image-8540\" srcset=\"https:\/\/www.guhalg.com\/wordpress\/wp-content\/uploads\/Reisen\/Indonesien2010\/Minahasa\/P1040650.jpg 1024w, https:\/\/www.guhalg.com\/wordpress\/wp-content\/uploads\/Reisen\/Indonesien2010\/Minahasa\/P1040650-300x169.jpg 300w, https:\/\/www.guhalg.com\/wordpress\/wp-content\/uploads\/Reisen\/Indonesien2010\/Minahasa\/P1040650-768x432.jpg 768w\" sizes=\"auto, (max-width: 1024px) 100vw, 1024px\" \/><\/a><figcaption>Rauch oder Dampf<\/figcaption><\/figure><\/div>\n<\/div>\n\n\n\n<div class=\"wp-block-column is-layout-flow wp-block-column-is-layout-flow\">\n<div class=\"wp-block-image\"><figure class=\"aligncenter size-full\"><a href=\"https:\/\/www.guhalg.com\/wordpress\/wp-content\/uploads\/Reisen\/Indonesien2010\/Minahasa\/P1040652.jpg\"><img loading=\"lazy\" decoding=\"async\" width=\"1024\" height=\"576\" src=\"https:\/\/www.guhalg.com\/wordpress\/wp-content\/uploads\/Reisen\/Indonesien2010\/Minahasa\/P1040652.jpg\" alt=\"Doch eher Dampf\" class=\"wp-image-8541\" srcset=\"https:\/\/www.guhalg.com\/wordpress\/wp-content\/uploads\/Reisen\/Indonesien2010\/Minahasa\/P1040652.jpg 1024w, https:\/\/www.guhalg.com\/wordpress\/wp-content\/uploads\/Reisen\/Indonesien2010\/Minahasa\/P1040652-300x169.jpg 300w, https:\/\/www.guhalg.com\/wordpress\/wp-content\/uploads\/Reisen\/Indonesien2010\/Minahasa\/P1040652-768x432.jpg 768w\" sizes=\"auto, (max-width: 1024px) 100vw, 1024px\" \/><\/a><figcaption>Doch eher Dampf<\/figcaption><\/figure><\/div>\n<\/div>\n<\/div>\n\n\n\n<div class=\"wp-block-image\"><figure class=\"aligncenter size-large\"><a href=\"https:\/\/www.guhalg.com\/wordpress\/wp-content\/uploads\/Reisen\/Indonesien2010\/Minahasa\/P1040653_P.jpg\"><img loading=\"lazy\" decoding=\"async\" width=\"1024\" height=\"378\" src=\"https:\/\/www.guhalg.com\/wordpress\/wp-content\/uploads\/Reisen\/Indonesien2010\/Minahasa\/P1040653_P-1024x378.jpg\" alt=\"Vulkan\" class=\"wp-image-8542\" srcset=\"https:\/\/www.guhalg.com\/wordpress\/wp-content\/uploads\/Reisen\/Indonesien2010\/Minahasa\/P1040653_P-1024x378.jpg 1024w, https:\/\/www.guhalg.com\/wordpress\/wp-content\/uploads\/Reisen\/Indonesien2010\/Minahasa\/P1040653_P-300x111.jpg 300w, https:\/\/www.guhalg.com\/wordpress\/wp-content\/uploads\/Reisen\/Indonesien2010\/Minahasa\/P1040653_P-768x284.jpg 768w, https:\/\/www.guhalg.com\/wordpress\/wp-content\/uploads\/Reisen\/Indonesien2010\/Minahasa\/P1040653_P.jpg 1280w\" sizes=\"auto, (max-width: 1024px) 100vw, 1024px\" \/><\/a><figcaption>Vulkan<\/figcaption><\/figure><\/div>\n\n\n\n<p>Doch wir brauchten uns deswegen keine Gedanken zu machen. Dieses war nicht unser Vulkan, den wir sp\u00e4ter besteigen wollten. Also ging es die Stra\u00dfe weiter runter, der Wagen folgte uns in einigen Metern Abstand, zu den n\u00e4chsten L\u00e4den, Blumen, Blumen, Blumen. Soviel, dass wir hier nur einen Link zur extra Bilderseite <a href=\"https:\/\/www.guhalg.com\/wordpress\/?page_id=8616\" data-type=\"page\" data-id=\"8616\">Blumengesch\u00e4fte <\/a>einf\u00fcgen. Aber waren wir nicht auf dem Weg zum ersten Ziel: dem einheimischen Markt? Oh ja, es war auch schon so weit. Wir hielten in einem Dorf und unser Guide sprach vom Market, den wir nun besuchen w\u00fcrden. Der Fahrer passt aufs Gep\u00e4ck auf und wir k\u00f6nnten ja den Rest des Weges auch zu Fu\u00df zur\u00fccklegen, da wir n\u00e4her am Markt sonst keinen Parkplatz finden w\u00fcrden. Also los, auf ins Marktgew\u00fchl.<\/p>\n\n\n\n<div class=\"wp-block-columns is-layout-flex wp-container-core-columns-is-layout-9d6595d7 wp-block-columns-is-layout-flex\">\n<div class=\"wp-block-column is-layout-flow wp-block-column-is-layout-flow\">\n<div class=\"wp-block-buttons is-layout-flex wp-block-buttons-is-layout-flex\">\n<div class=\"wp-block-button\"><a class=\"wp-block-button__link\" href=\"https:\/\/www.guhalg.com\/wordpress\/?page_id=8520\">Highlights<\/a><\/div>\n<\/div>\n<\/div>\n\n\n\n<div class=\"wp-block-column is-layout-flow wp-block-column-is-layout-flow\">\n<div class=\"wp-block-buttons is-content-justification-right is-layout-flex wp-container-core-buttons-is-layout-765c4724 wp-block-buttons-is-layout-flex\">\n<div class=\"wp-block-button\"><a class=\"wp-block-button__link\" href=\"https:\/\/www.guhalg.com\/wordpress\/?page_id=8620\">Der einheimische Markt<\/a><\/div>\n<\/div>\n<\/div>\n<\/div>\n","protected":false},"excerpt":{"rendered":"<p>Einen ganzen Tag mit Auto, Fahrer und Guide durch das Minahasa Hochland. Der Besuch eines einheimischen Marktes, eine Vulkanbesteigung, die Fahrt ins Hinterland durch einige D\u00f6rfer, mit handwerklichen Spezialit\u00e4ten, das war der geplante letzte Tag in Pulisan. Klingt nach sehr&hellip; <\/p>\n","protected":false},"author":1,"featured_media":0,"parent":8325,"menu_order":8,"comment_status":"closed","ping_status":"closed","template":"","meta":{"footnotes":""},"class_list":["post-8528","page","type-page","status-publish","hentry"],"_links":{"self":[{"href":"https:\/\/www.guhalg.com\/wordpress\/index.php?rest_route=\/wp\/v2\/pages\/8528","targetHints":{"allow":["GET"]}}],"collection":[{"href":"https:\/\/www.guhalg.com\/wordpress\/index.php?rest_route=\/wp\/v2\/pages"}],"about":[{"href":"https:\/\/www.guhalg.com\/wordpress\/index.php?rest_route=\/wp\/v2\/types\/page"}],"author":[{"embeddable":true,"href":"https:\/\/www.guhalg.com\/wordpress\/index.php?rest_route=\/wp\/v2\/users\/1"}],"replies":[{"embeddable":true,"href":"https:\/\/www.guhalg.com\/wordpress\/index.php?rest_route=%2Fwp%2Fv2%2Fcomments&post=8528"}],"version-history":[{"count":8,"href":"https:\/\/www.guhalg.com\/wordpress\/index.php?rest_route=\/wp\/v2\/pages\/8528\/revisions"}],"predecessor-version":[{"id":8624,"href":"https:\/\/www.guhalg.com\/wordpress\/index.php?rest_route=\/wp\/v2\/pages\/8528\/revisions\/8624"}],"up":[{"embeddable":true,"href":"https:\/\/www.guhalg.com\/wordpress\/index.php?rest_route=\/wp\/v2\/pages\/8325"}],"wp:attachment":[{"href":"https:\/\/www.guhalg.com\/wordpress\/index.php?rest_route=%2Fwp%2Fv2%2Fmedia&parent=8528"}],"curies":[{"name":"wp","href":"https:\/\/api.w.org\/{rel}","templated":true}]}}