{"id":9024,"date":"2022-02-20T21:52:11","date_gmt":"2022-02-20T20:52:11","guid":{"rendered":"https:\/\/www.guhalg.com\/wordpress\/?page_id=9024"},"modified":"2022-02-21T22:29:16","modified_gmt":"2022-02-21T21:29:16","slug":"tauchen-in-raja-ampat","status":"publish","type":"page","link":"https:\/\/www.guhalg.com\/wordpress\/?page_id=9024","title":{"rendered":"Tauchen in Raja Ampat"},"content":{"rendered":"\n<p>Nach dem kleinen Ausflug in die Inselwelt und das Dorfleben rund um Raja Ampat kommen wir nun zum Tauchen. Wir hatten ja den Vorteil, dass wir aufgrund der zwei Wochen in Pulisan schon eingetaucht waren. Allerdings waren wir auch ganz sch\u00f6n verw\u00f6hnt von der dortigen Unterwasserwelt. Was w\u00fcrde uns wohl Raja Ampat bieten? Die erste \u00dcberraschung war dann unser Tauch Guide. Mit ihm waren wir auch schon auf der Safari rund um <a href=\"https:\/\/www.guhalg.com\/wordpress\/?page_id=5685\" data-type=\"URL\" data-id=\"https:\/\/www.guhalg.com\/wordpress\/?page_id=5685\">Komodo <\/a>unterwegs gewesen, damals allerdings mit einem anderen Schiff. Eine der ersten Fragen nach der Begr\u00fc\u00dfung war dann: Was wollt ihr sehen? Mantas und Haie? Seepferdchen und anderes Kleingetier? Eindeutige Antwort von uns: ALLES. Ok, hie\u00df es, dann m\u00fcssen wir aber \u00f6fter nachts mit dem Boot fahren. Nun ja, das war jetzt f\u00fcr uns alle nicht so schlimm, es bedeutete eigentlich nur, dass wir die Bullaugen nachts geschlossen halten mussten, da aber alle Kabinen mit Klimaanlage versehenen waren, kein Problem. Nach einem kurzen Eingew\u00f6hnungstauchgang in der N\u00e4he von Sorong ging es auch am n\u00e4chsten Tag schon in die Vollen.<\/p>\n\n\n\n<p>Eines der angek\u00fcndigten Highlights sind die <a rel=\"noreferrer noopener\" href=\"http:\/\/de.wikipedia.org\/wiki\/Wobbegong\" target=\"_blank\">Wobbegongs<\/a>, auch Teppichhaie genannt. Diese sind sehr flach, leben in Bodenn\u00e4he und ern\u00e4hren sich von dort lebenden Kleingetier bis hin zu kleinen Fischen.<\/p>\n\n\n\n<div class=\"wp-block-image\"><figure class=\"aligncenter size-full\"><a href=\"https:\/\/www.guhalg.com\/wordpress\/wp-content\/uploads\/Reisen\/Indonesien2010\/Safari\/P1050177.jpg\"><img decoding=\"async\" src=\"https:\/\/www.guhalg.com\/wordpress\/wp-content\/uploads\/Reisen\/Indonesien2010\/Safari\/P1050177.jpg\" alt=\"Wobbegong\" class=\"wp-image-8925\"\/><\/a><figcaption>Wobbegong<\/figcaption><\/figure><\/div>\n\n\n\n<p>Bei dem Blick von der Seite kann man sehr sch\u00f6n sehen, wie flach der K\u00f6rper dieser Haie ist. Auch scheinen sie ein ruhiges Gem\u00fct zu haben. Von uns Tauchern haben Sie sich gar nicht beeindrucken lassen. Man konnte f\u00fcr das Fotoshooting ganz nah an sie heran tauchen, nat\u00fcrlich ohne hektische Bewegungen, und dann in aller Ruhe Nahaufnahmen schie\u00dfen.<\/p>\n\n\n\n<p>Ein zweites Highlight war sicherlich die Begegnung mit einem Manta. Dieses Tier war an einer Putzerstation zur Reinigung. Aber er war so neugierig auf diese komischen blubbernden Wesen unter Wasser, dass er in kleinen Kreisen schwamm und dabei \u2013 nat\u00fcrlich zuf\u00e4llig \u2013 auch immer wieder ganz nahe an uns Tauchern vorbeikam um uns beobachtete.<\/p>\n\n\n\n<div class=\"wp-block-columns is-layout-flex wp-container-core-columns-is-layout-9d6595d7 wp-block-columns-is-layout-flex\">\n<div class=\"wp-block-column is-layout-flow wp-block-column-is-layout-flow\">\n<div class=\"wp-block-image\"><figure class=\"aligncenter size-full\"><a href=\"https:\/\/www.guhalg.com\/wordpress\/wp-content\/uploads\/Reisen\/Indonesien2010\/Safari\/P1050336.jpg\"><img loading=\"lazy\" decoding=\"async\" width=\"1024\" height=\"576\" src=\"https:\/\/www.guhalg.com\/wordpress\/wp-content\/uploads\/Reisen\/Indonesien2010\/Safari\/P1050336.jpg\" alt=\"Manta\" class=\"wp-image-8928\" srcset=\"https:\/\/www.guhalg.com\/wordpress\/wp-content\/uploads\/Reisen\/Indonesien2010\/Safari\/P1050336.jpg 1024w, https:\/\/www.guhalg.com\/wordpress\/wp-content\/uploads\/Reisen\/Indonesien2010\/Safari\/P1050336-300x169.jpg 300w, https:\/\/www.guhalg.com\/wordpress\/wp-content\/uploads\/Reisen\/Indonesien2010\/Safari\/P1050336-768x432.jpg 768w, https:\/\/www.guhalg.com\/wordpress\/wp-content\/uploads\/Reisen\/Indonesien2010\/Safari\/P1050336-480x270.jpg 480w\" sizes=\"auto, (max-width: 1024px) 100vw, 1024px\" \/><\/a><figcaption>Manta<\/figcaption><\/figure><\/div>\n<\/div>\n\n\n\n<div class=\"wp-block-column is-layout-flow wp-block-column-is-layout-flow\">\n<div class=\"wp-block-image\"><figure class=\"aligncenter size-full\"><a href=\"https:\/\/www.guhalg.com\/wordpress\/wp-content\/uploads\/Reisen\/Indonesien2010\/Safari\/P1050340.jpg\"><img loading=\"lazy\" decoding=\"async\" width=\"1024\" height=\"576\" src=\"https:\/\/www.guhalg.com\/wordpress\/wp-content\/uploads\/Reisen\/Indonesien2010\/Safari\/P1050340.jpg\" alt=\"Manta\" class=\"wp-image-8929\" srcset=\"https:\/\/www.guhalg.com\/wordpress\/wp-content\/uploads\/Reisen\/Indonesien2010\/Safari\/P1050340.jpg 1024w, https:\/\/www.guhalg.com\/wordpress\/wp-content\/uploads\/Reisen\/Indonesien2010\/Safari\/P1050340-300x169.jpg 300w, https:\/\/www.guhalg.com\/wordpress\/wp-content\/uploads\/Reisen\/Indonesien2010\/Safari\/P1050340-768x432.jpg 768w, https:\/\/www.guhalg.com\/wordpress\/wp-content\/uploads\/Reisen\/Indonesien2010\/Safari\/P1050340-480x270.jpg 480w\" sizes=\"auto, (max-width: 1024px) 100vw, 1024px\" \/><\/a><figcaption>Manta<\/figcaption><\/figure><\/div>\n<\/div>\n\n\n\n<div class=\"wp-block-column is-layout-flow wp-block-column-is-layout-flow\">\n<div class=\"wp-block-image\"><figure class=\"aligncenter size-full\"><a href=\"https:\/\/www.guhalg.com\/wordpress\/wp-content\/uploads\/Reisen\/Indonesien2010\/Safari\/P1050341.jpg\"><img loading=\"lazy\" decoding=\"async\" width=\"1024\" height=\"576\" src=\"https:\/\/www.guhalg.com\/wordpress\/wp-content\/uploads\/Reisen\/Indonesien2010\/Safari\/P1050341.jpg\" alt=\"Manta\" class=\"wp-image-8930\" srcset=\"https:\/\/www.guhalg.com\/wordpress\/wp-content\/uploads\/Reisen\/Indonesien2010\/Safari\/P1050341.jpg 1024w, https:\/\/www.guhalg.com\/wordpress\/wp-content\/uploads\/Reisen\/Indonesien2010\/Safari\/P1050341-300x169.jpg 300w, https:\/\/www.guhalg.com\/wordpress\/wp-content\/uploads\/Reisen\/Indonesien2010\/Safari\/P1050341-768x432.jpg 768w, https:\/\/www.guhalg.com\/wordpress\/wp-content\/uploads\/Reisen\/Indonesien2010\/Safari\/P1050341-480x270.jpg 480w\" sizes=\"auto, (max-width: 1024px) 100vw, 1024px\" \/><\/a><figcaption>Manta<\/figcaption><\/figure><\/div>\n<\/div>\n<\/div>\n\n\n\n<p>Nun ja, damit war sicherlich der Teil mit Gro\u00dffischen schon erf\u00fcllt. Dieser Manta war wirklich gro\u00df (3,5 m -4 m) Spannweite. Insbesondere wenn er direkt \u00fcber einem vorbeizieht, wird es kurzfristig richtig dunkel und das trotz des hellen Sandgrunds.<\/p>\n\n\n\n<p>W\u00e4hrend auf der einen Seite der Manta um uns herum schwamm, gab es beim Blick nach rechts dann viel kleinere Tiere zu bewundern: ein P\u00e4rchen Zwergfl\u00fcgelro\u00dffische.<\/p>\n\n\n\n<div class=\"wp-block-image\"><figure class=\"aligncenter size-full\"><a href=\"https:\/\/www.guhalg.com\/wordpress\/wp-content\/uploads\/Reisen\/Indonesien2010\/Safari\/P1050310.jpg\"><img loading=\"lazy\" decoding=\"async\" width=\"1024\" height=\"576\" src=\"https:\/\/www.guhalg.com\/wordpress\/wp-content\/uploads\/Reisen\/Indonesien2010\/Safari\/P1050310.jpg\" alt=\"Zwergfl\u00fcgelro\u00dffische\" class=\"wp-image-8926\" srcset=\"https:\/\/www.guhalg.com\/wordpress\/wp-content\/uploads\/Reisen\/Indonesien2010\/Safari\/P1050310.jpg 1024w, https:\/\/www.guhalg.com\/wordpress\/wp-content\/uploads\/Reisen\/Indonesien2010\/Safari\/P1050310-300x169.jpg 300w, https:\/\/www.guhalg.com\/wordpress\/wp-content\/uploads\/Reisen\/Indonesien2010\/Safari\/P1050310-768x432.jpg 768w, https:\/\/www.guhalg.com\/wordpress\/wp-content\/uploads\/Reisen\/Indonesien2010\/Safari\/P1050310-480x270.jpg 480w\" sizes=\"auto, (max-width: 1024px) 100vw, 1024px\" \/><\/a><figcaption>Zwergfl\u00fcgelro\u00dffische<\/figcaption><\/figure><\/div>\n\n\n\n<div class=\"wp-block-image\"><figure class=\"aligncenter size-full\"><a href=\"https:\/\/www.guhalg.com\/wordpress\/wp-content\/uploads\/Reisen\/Indonesien2010\/Safari\/P1050331.jpg\"><img loading=\"lazy\" decoding=\"async\" width=\"1024\" height=\"576\" src=\"https:\/\/www.guhalg.com\/wordpress\/wp-content\/uploads\/Reisen\/Indonesien2010\/Safari\/P1050331.jpg\" alt=\"Zwergfl\u00fcgelro\u00dffisch\" class=\"wp-image-8927\" srcset=\"https:\/\/www.guhalg.com\/wordpress\/wp-content\/uploads\/Reisen\/Indonesien2010\/Safari\/P1050331.jpg 1024w, https:\/\/www.guhalg.com\/wordpress\/wp-content\/uploads\/Reisen\/Indonesien2010\/Safari\/P1050331-300x169.jpg 300w, https:\/\/www.guhalg.com\/wordpress\/wp-content\/uploads\/Reisen\/Indonesien2010\/Safari\/P1050331-768x432.jpg 768w, https:\/\/www.guhalg.com\/wordpress\/wp-content\/uploads\/Reisen\/Indonesien2010\/Safari\/P1050331-480x270.jpg 480w\" sizes=\"auto, (max-width: 1024px) 100vw, 1024px\" \/><\/a><figcaption>Zwergfl\u00fcgelro\u00dffisch<\/figcaption><\/figure><\/div>\n\n\n\n<p>Bevor wir jetzt zum Anschluss nochmal auf etwas gr\u00f6\u00dfere Tiere zur\u00fcckschwenken, genau genommen zu zwei Haien, wird es nochmal viel kleiner, und danach nochmal etwas besonderer. Da w\u00e4ren als Erstes die kleinen Seepferdchen. In der gleichen Gr\u00f6\u00dfenordnung gibt es dann auch noch kleine Putzergarnelen auf den Federsternen. Wobei, Nachts muss man besonders viel Gl\u00fcck haben mal eine zu finden und dann auch noch aufs Foto zu bannen.<\/p>\n\n\n\n<figure class=\"wp-block-gallery has-nested-images columns-default is-cropped wp-block-gallery-1 is-layout-flex wp-block-gallery-is-layout-flex\">\n<figure class=\"wp-block-image size-large\"><img loading=\"lazy\" decoding=\"async\" width=\"1024\" height=\"576\" data-id=\"8933\" src=\"https:\/\/www.guhalg.com\/wordpress\/wp-content\/uploads\/Reisen\/Indonesien2010\/Safari\/P1050564.jpg\" alt=\"\" class=\"wp-image-8933\" srcset=\"https:\/\/www.guhalg.com\/wordpress\/wp-content\/uploads\/Reisen\/Indonesien2010\/Safari\/P1050564.jpg 1024w, https:\/\/www.guhalg.com\/wordpress\/wp-content\/uploads\/Reisen\/Indonesien2010\/Safari\/P1050564-300x169.jpg 300w, https:\/\/www.guhalg.com\/wordpress\/wp-content\/uploads\/Reisen\/Indonesien2010\/Safari\/P1050564-768x432.jpg 768w, https:\/\/www.guhalg.com\/wordpress\/wp-content\/uploads\/Reisen\/Indonesien2010\/Safari\/P1050564-480x270.jpg 480w\" sizes=\"auto, (max-width: 1024px) 100vw, 1024px\" \/><\/figure>\n\n\n\n<figure class=\"wp-block-image size-large\"><img loading=\"lazy\" decoding=\"async\" width=\"1024\" height=\"576\" data-id=\"8947\" src=\"https:\/\/www.guhalg.com\/wordpress\/wp-content\/uploads\/Reisen\/Indonesien2010\/Safari\/P1050968.jpg\" alt=\"\" class=\"wp-image-8947\" srcset=\"https:\/\/www.guhalg.com\/wordpress\/wp-content\/uploads\/Reisen\/Indonesien2010\/Safari\/P1050968.jpg 1024w, https:\/\/www.guhalg.com\/wordpress\/wp-content\/uploads\/Reisen\/Indonesien2010\/Safari\/P1050968-300x169.jpg 300w, https:\/\/www.guhalg.com\/wordpress\/wp-content\/uploads\/Reisen\/Indonesien2010\/Safari\/P1050968-768x432.jpg 768w, https:\/\/www.guhalg.com\/wordpress\/wp-content\/uploads\/Reisen\/Indonesien2010\/Safari\/P1050968-480x270.jpg 480w\" sizes=\"auto, (max-width: 1024px) 100vw, 1024px\" \/><\/figure>\n\n\n\n<figure class=\"wp-block-image size-large\"><img loading=\"lazy\" decoding=\"async\" width=\"1024\" height=\"576\" data-id=\"8944\" src=\"https:\/\/www.guhalg.com\/wordpress\/wp-content\/uploads\/Reisen\/Indonesien2010\/Safari\/P1050857.jpg\" alt=\"\" class=\"wp-image-8944\" srcset=\"https:\/\/www.guhalg.com\/wordpress\/wp-content\/uploads\/Reisen\/Indonesien2010\/Safari\/P1050857.jpg 1024w, https:\/\/www.guhalg.com\/wordpress\/wp-content\/uploads\/Reisen\/Indonesien2010\/Safari\/P1050857-300x169.jpg 300w, https:\/\/www.guhalg.com\/wordpress\/wp-content\/uploads\/Reisen\/Indonesien2010\/Safari\/P1050857-768x432.jpg 768w, https:\/\/www.guhalg.com\/wordpress\/wp-content\/uploads\/Reisen\/Indonesien2010\/Safari\/P1050857-480x270.jpg 480w\" sizes=\"auto, (max-width: 1024px) 100vw, 1024px\" \/><\/figure>\n<\/figure>\n\n\n\n<div class=\"wp-block-image\"><figure class=\"aligncenter size-full\"><a href=\"https:\/\/www.guhalg.com\/wordpress\/wp-content\/uploads\/Reisen\/Indonesien2010\/Safari\/P1050506.jpg\"><img loading=\"lazy\" decoding=\"async\" width=\"1024\" height=\"576\" src=\"https:\/\/www.guhalg.com\/wordpress\/wp-content\/uploads\/Reisen\/Indonesien2010\/Safari\/P1050506.jpg\" alt=\"Federstern\" class=\"wp-image-8932\" srcset=\"https:\/\/www.guhalg.com\/wordpress\/wp-content\/uploads\/Reisen\/Indonesien2010\/Safari\/P1050506.jpg 1024w, https:\/\/www.guhalg.com\/wordpress\/wp-content\/uploads\/Reisen\/Indonesien2010\/Safari\/P1050506-300x169.jpg 300w, https:\/\/www.guhalg.com\/wordpress\/wp-content\/uploads\/Reisen\/Indonesien2010\/Safari\/P1050506-768x432.jpg 768w, https:\/\/www.guhalg.com\/wordpress\/wp-content\/uploads\/Reisen\/Indonesien2010\/Safari\/P1050506-480x270.jpg 480w\" sizes=\"auto, (max-width: 1024px) 100vw, 1024px\" \/><\/a><figcaption>Federstern<\/figcaption><\/figure><\/div>\n\n\n\n<p>Apropos nachts, dem geht ja immer ein Sonnenuntergang voraus, nat\u00fcrlich spektakul\u00e4r.<\/p>\n\n\n\n<div class=\"wp-block-image\"><figure class=\"aligncenter size-full\"><a href=\"https:\/\/www.guhalg.com\/wordpress\/wp-content\/uploads\/Reisen\/Indonesien2010\/Safari\/P1050447.jpg\"><img loading=\"lazy\" decoding=\"async\" width=\"1024\" height=\"576\" src=\"https:\/\/www.guhalg.com\/wordpress\/wp-content\/uploads\/Reisen\/Indonesien2010\/Safari\/P1050447.jpg\" alt=\"Sonnenuntergang\" class=\"wp-image-8931\" srcset=\"https:\/\/www.guhalg.com\/wordpress\/wp-content\/uploads\/Reisen\/Indonesien2010\/Safari\/P1050447.jpg 1024w, https:\/\/www.guhalg.com\/wordpress\/wp-content\/uploads\/Reisen\/Indonesien2010\/Safari\/P1050447-300x169.jpg 300w, https:\/\/www.guhalg.com\/wordpress\/wp-content\/uploads\/Reisen\/Indonesien2010\/Safari\/P1050447-768x432.jpg 768w, https:\/\/www.guhalg.com\/wordpress\/wp-content\/uploads\/Reisen\/Indonesien2010\/Safari\/P1050447-480x270.jpg 480w\" sizes=\"auto, (max-width: 1024px) 100vw, 1024px\" \/><\/a><figcaption>Sonnenuntergang<\/figcaption><\/figure><\/div>\n\n\n\n<div class=\"wp-block-image\"><figure class=\"aligncenter size-full\"><a href=\"https:\/\/www.guhalg.com\/wordpress\/wp-content\/uploads\/Reisen\/Indonesien2010\/Safari\/P1050094.jpg\"><img loading=\"lazy\" decoding=\"async\" width=\"1024\" height=\"576\" src=\"https:\/\/www.guhalg.com\/wordpress\/wp-content\/uploads\/Reisen\/Indonesien2010\/Safari\/P1050094.jpg\" alt=\"Sonnenuntergang\" class=\"wp-image-8923\" srcset=\"https:\/\/www.guhalg.com\/wordpress\/wp-content\/uploads\/Reisen\/Indonesien2010\/Safari\/P1050094.jpg 1024w, https:\/\/www.guhalg.com\/wordpress\/wp-content\/uploads\/Reisen\/Indonesien2010\/Safari\/P1050094-300x169.jpg 300w, https:\/\/www.guhalg.com\/wordpress\/wp-content\/uploads\/Reisen\/Indonesien2010\/Safari\/P1050094-768x432.jpg 768w, https:\/\/www.guhalg.com\/wordpress\/wp-content\/uploads\/Reisen\/Indonesien2010\/Safari\/P1050094-480x270.jpg 480w\" sizes=\"auto, (max-width: 1024px) 100vw, 1024px\" \/><\/a><figcaption>Sonnenuntergang<\/figcaption><\/figure><\/div>\n\n\n\n<p>Aber eigentlich wollten wir ja zum Abschluss zu den Haien zur\u00fcck. Da w\u00e4re als erstes der Epaulettenhai aus der Familie der Bambushaie gefolgt von einem kleinen Wei\u00dfspitzenriffhai.<\/p>\n\n\n\n<div class=\"wp-block-image\"><figure class=\"aligncenter size-full\"><a href=\"https:\/\/www.guhalg.com\/wordpress\/wp-content\/uploads\/Reisen\/Indonesien2010\/Safari\/P1050912.jpg\"><img loading=\"lazy\" decoding=\"async\" width=\"1024\" height=\"576\" src=\"https:\/\/www.guhalg.com\/wordpress\/wp-content\/uploads\/Reisen\/Indonesien2010\/Safari\/P1050912.jpg\" alt=\"Epaulettenhai\" class=\"wp-image-8945\" srcset=\"https:\/\/www.guhalg.com\/wordpress\/wp-content\/uploads\/Reisen\/Indonesien2010\/Safari\/P1050912.jpg 1024w, https:\/\/www.guhalg.com\/wordpress\/wp-content\/uploads\/Reisen\/Indonesien2010\/Safari\/P1050912-300x169.jpg 300w, https:\/\/www.guhalg.com\/wordpress\/wp-content\/uploads\/Reisen\/Indonesien2010\/Safari\/P1050912-768x432.jpg 768w, https:\/\/www.guhalg.com\/wordpress\/wp-content\/uploads\/Reisen\/Indonesien2010\/Safari\/P1050912-480x270.jpg 480w\" sizes=\"auto, (max-width: 1024px) 100vw, 1024px\" \/><\/a><figcaption>Epaulettenhai<\/figcaption><\/figure><\/div>\n\n\n\n<div class=\"wp-block-image\"><figure class=\"aligncenter size-full\"><a href=\"https:\/\/www.guhalg.com\/wordpress\/wp-content\/uploads\/Reisen\/Indonesien2010\/Safari\/P1050575.jpg\"><img loading=\"lazy\" decoding=\"async\" width=\"1024\" height=\"576\" src=\"https:\/\/www.guhalg.com\/wordpress\/wp-content\/uploads\/Reisen\/Indonesien2010\/Safari\/P1050575.jpg\" alt=\"Wei\u00dfspitzenriffhai\" class=\"wp-image-8934\" srcset=\"https:\/\/www.guhalg.com\/wordpress\/wp-content\/uploads\/Reisen\/Indonesien2010\/Safari\/P1050575.jpg 1024w, https:\/\/www.guhalg.com\/wordpress\/wp-content\/uploads\/Reisen\/Indonesien2010\/Safari\/P1050575-300x169.jpg 300w, https:\/\/www.guhalg.com\/wordpress\/wp-content\/uploads\/Reisen\/Indonesien2010\/Safari\/P1050575-768x432.jpg 768w, https:\/\/www.guhalg.com\/wordpress\/wp-content\/uploads\/Reisen\/Indonesien2010\/Safari\/P1050575-480x270.jpg 480w\" sizes=\"auto, (max-width: 1024px) 100vw, 1024px\" \/><\/a><figcaption>Wei\u00dfspitzenriffhai<\/figcaption><\/figure><\/div>\n\n\n\n<p>Was wir hier noch gar nicht betrachtet hatten, sind solche Kleinigkeiten wie Anglerfische, B\u00e4renkrebse und viele seltene Fische. Diese sind nat\u00fcrlich auch in Raja Ampat beheimatet und immer wieder zu sehen und zu bestaunen. Durch die Safari und die immer anders gearteten Tauchpl\u00e4tze war dieser Abschluss vom Urlaub \u2013 f\u00fcr uns war ja danach der Heimweg angesagt \u2013 sehr sch\u00f6n und abwechslungsreich. Auch wenn an einigen Tauchpl\u00e4tzen die Str\u00f6mung oder die Sicht unter Wasser uns die Tauchgangsplanung durchkreuzte, die Safari war ein unvergleichliches Erlebnis.<\/p>\n\n\n\n<p>Nach der R\u00fcckkehr nach Sorong ging es f\u00fcr die Anderen weiter ins Tauchresort, w\u00e4hrend wir unseren interessanten R\u00fcckweg nach Hause angingen.<\/p>\n\n\n\n<ul class=\"wp-block-list\"><li>Flug von Sorong nach Manado<\/li><li>Flug von Manado mit Zwischenstation an einem weiteren indonesischen Flughafen nach Jakarta<\/li><li>Flug von Jakarta nach Singapur<\/li><li>und dann der letzte Flug von Singapur nach Frankfurt<\/li><\/ul>\n\n\n\n<p>Danach ging es nur noch weiter mit dem Taxi zu unseren Freunden in Egelsbach. Nach einem auffrischenden Kaffee ging es die letzten 360 Km weiter mit dem Auto nach Hause, wo wir dann sofort mit dem Tr\u00e4umen von der <a href=\"https:\/\/www.guhalg.com\/wordpress\/?page_id=9105\" data-type=\"page\" data-id=\"9105\">Unterwasserwelt Raja Ampats<\/a> in die Vergangenheitsbew\u00e4ltigung eingestiegen sind.<\/p>\n\n\n\n<div class=\"wp-block-columns is-layout-flex wp-container-core-columns-is-layout-9d6595d7 wp-block-columns-is-layout-flex\">\n<div class=\"wp-block-column is-layout-flow wp-block-column-is-layout-flow\">\n<div class=\"wp-block-buttons is-layout-flex wp-block-buttons-is-layout-flex\">\n<div class=\"wp-block-button\"><a class=\"wp-block-button__link\" href=\"https:\/\/www.guhalg.com\/wordpress\/?page_id=8973\">Dorfleben<\/a><\/div>\n<\/div>\n<\/div>\n\n\n\n<div class=\"wp-block-column is-layout-flow wp-block-column-is-layout-flow\">\n<div class=\"wp-block-buttons is-content-justification-right is-layout-flex wp-container-core-buttons-is-layout-765c4724 wp-block-buttons-is-layout-flex\">\n<div class=\"wp-block-button\"><a class=\"wp-block-button__link\" href=\"https:\/\/www.guhalg.com\/wordpress\/?page_id=8616\">Blumengesch\u00e4fte<\/a><\/div>\n<\/div>\n<\/div>\n<\/div>\n","protected":false},"excerpt":{"rendered":"<p>Nach dem kleinen Ausflug in die Inselwelt und das Dorfleben rund um Raja Ampat kommen wir nun zum Tauchen. Wir hatten ja den Vorteil, dass wir aufgrund der zwei Wochen in Pulisan schon eingetaucht waren. Allerdings waren wir auch ganz&hellip; <\/p>\n","protected":false},"author":1,"featured_media":0,"parent":8325,"menu_order":18,"comment_status":"closed","ping_status":"closed","template":"","meta":{"footnotes":""},"class_list":["post-9024","page","type-page","status-publish","hentry"],"_links":{"self":[{"href":"https:\/\/www.guhalg.com\/wordpress\/index.php?rest_route=\/wp\/v2\/pages\/9024","targetHints":{"allow":["GET"]}}],"collection":[{"href":"https:\/\/www.guhalg.com\/wordpress\/index.php?rest_route=\/wp\/v2\/pages"}],"about":[{"href":"https:\/\/www.guhalg.com\/wordpress\/index.php?rest_route=\/wp\/v2\/types\/page"}],"author":[{"embeddable":true,"href":"https:\/\/www.guhalg.com\/wordpress\/index.php?rest_route=\/wp\/v2\/users\/1"}],"replies":[{"embeddable":true,"href":"https:\/\/www.guhalg.com\/wordpress\/index.php?rest_route=%2Fwp%2Fv2%2Fcomments&post=9024"}],"version-history":[{"count":8,"href":"https:\/\/www.guhalg.com\/wordpress\/index.php?rest_route=\/wp\/v2\/pages\/9024\/revisions"}],"predecessor-version":[{"id":9109,"href":"https:\/\/www.guhalg.com\/wordpress\/index.php?rest_route=\/wp\/v2\/pages\/9024\/revisions\/9109"}],"up":[{"embeddable":true,"href":"https:\/\/www.guhalg.com\/wordpress\/index.php?rest_route=\/wp\/v2\/pages\/8325"}],"wp:attachment":[{"href":"https:\/\/www.guhalg.com\/wordpress\/index.php?rest_route=%2Fwp%2Fv2%2Fmedia&parent=9024"}],"curies":[{"name":"wp","href":"https:\/\/api.w.org\/{rel}","templated":true}]}}